000
CXUS53 KLBF 010712
CLMBBW
CLIMATE REPORT
NATIONAL WEATHER SERVICE NORTH PLATTE NE
212 AM CDT SAT APR 01 2023
...................................
...THE BROKEN BOW CLIMATE SUMMARY FOR THE MONTH OF MARCH 2023...
CLIMATE NORMAL PERIOD 1991 TO 2020
CLIMATE RECORD PERIOD 1894 TO 2023
WEATHER OBSERVED NORMAL DEPART LAST YEAR`S
VALUE DATE(S) VALUE FROM VALUE DATE(S)
NORMAL
................................................................
TEMPERATURE (F)
RECORD
HIGH 92 03/30/1943
LOW -31 03/03/1960
HIGHEST 70 03/15 76 -6 75 03/02
03/01
03/20
LOWEST 10 03/19 3 7 -2 03/12
AVG. MAXIMUM 44.8 52.5 -7.7 52.3
AVG. MINIMUM 22.6 26.5 -3.9 22.1
MEAN 33.7 39.5 -5.8 37.2
DAYS MAX >= 90 0 0.0 0.0 0
DAYS MAX <= 32 5 2.9 2.1 5
DAYS MIN <= 32 30 24.6 5.4 24
DAYS MIN <= 0 0 0.5 -0.5 2
PRECIPITATION (INCHES)
RECORD
MAXIMUM 5.82 1987
MINIMUM 0.00 1898
TOTALS 0.22 1.16 -0.94 0.21
DAILY AVG. 0.01 0.04 -0.03 0.01
DAYS >= .01 4 6.5 -2.5 5
DAYS >= .10 0 2.6 -2.6 1
DAYS >= .50 0 0.6 -0.6 0
DAYS >= 1.00 0 0.1 -0.1 0
GREATEST
24 HR. TOTAL 0.08 03/09 TO 03/09 0.13 03/05 TO 03/05
SNOWFALL (INCHES)
TOTALS MM
SINCE 7/1 MM
SNOWDEPTH AVG. MM
DAYS >= TRACE MM
DAYS >= 1.0 MM
GREATEST
SNOW DEPTH MM
DEGREE DAYS
HEATING TOTAL 962 791 171 854
SINCE 7/1 5971 5532 439 MM
COOLING TOTAL 0 1 -1 0
SINCE 1/1 0 1 -1 MM
................................................................
WIND (MPH)
AVERAGE WIND SPEED 11.5
HIGHEST WIND SPEED/DIRECTION 43/340 DATE 03/16
HIGHEST GUST SPEED/DIRECTION 56/330 DATE 03/16
56/310 03/31
AVERAGE RH (PERCENT) 67
WEATHER CONDITIONS. NUMBER OF DAYS WITH
THUNDERSTORM 1 MIXED PRECIP 0
HEAVY RAIN 0 RAIN 0
LIGHT RAIN 3 FREEZING RAIN 0
LT FREEZING RAIN 3 HAIL 0
HEAVY SNOW 2 SNOW 3
LIGHT SNOW 7 SLEET 0
FOG 9 FOG W/VIS <= 1/4 MILE 3
HAZE 6
- INDICATES NEGATIVE NUMBERS.
R INDICATES RECORD WAS SET OR TIED.
MM INDICATES DATA IS MISSING.
T INDICATES TRACE AMOUNT.
$$