000
CXUS55 KBOU 011000
CF6BDU
PRELIMINARY LOCAL CLIMATOLOGICAL DATA (WS FORM: F-6)
STATION: BOULDER AIRPORT
MONTH: NOVEMBER
YEAR: 2022
LATITUDE: 40 2 N
LONGITUDE: 105 14 W
TEMPERATURE IN F: :PCPN: SNOW: WIND :SUNSHINE: SKY :PK WND
================================================================================
1 2 3 4 5 6A 6B 7 8 9 10 11 12 13 14 15 16 17 18
12Z AVG MX 2MIN
DY MAX MIN AVG DEP HDD CDD WTR SNW DPTH SPD SPD DIR MIN PSBL S-S WX SPD DR
================================================================================
1 70 41 56 M 9 0 0.00 M M 2.4 6 180 M M 0 M M
2 70 46 58 M 7 0 0.00 M M 5.3 13 280 M M 0 M M
3 46 28 37 M 28 0 0.32 M M 4.1 9 300 M M 7 M M
4 45 27 36 M 29 0 0.02 M M 2.9 13 270 M M 4 1 22 330
5 55 30 43 M 22 0 0.00 M M 11.2 22 260 M M 1 43 280
6 52 34 43 M 22 0 0.00 M M 6.0 14 250 M M 7 22 260
7 52 30 41 M 24 0 0.00 M M 1.7 6 360 M M 0 M M
8 64 34 49 M 16 0 0.00 M M 2.6 7 170 M M 0 M M
9 43 28 36 M 29 0 0.00 M M 2.5 10 70 M M 3 1 M M
10 50 21 36 M 29 0 0.00 M M 8.4 29 260 M M 1 39 260
11 37 18 28 M 37 0 0.00 M M 1.6 7 320 M M 3 M M
12 43 19 31 M 34 0 0.00 M M 0.9 4 210 M M 0 M M
13 50 23 37 M 28 0 0.00 M M 4.0 14 20 M M 3 20 20
14 37 19 28 M 37 0 0.00 M M 1.9 7 100 M M 5 M M
15 36 25 31 M 34 0 0.07 M M 3.7 8 160 M M 6 M M
16 41 28 35 M 30 0 0.00 M M 4.3 14 290 M M 3 23 0
17 37 18 28 M 37 0 0.03 M M 5.9 21 290 M M 8 31 350
18 23 9 16 M 49 0 0.06 M M 2.3 6 330 M M 4 M M
19 37 10 24 M 41 0 0.00 M M 2.7 7 210 M M 1 M M
20 41 18 30 M 35 0 0.00 M M 2.4 6 230 M M 0 M M
21 45 23 34 M 31 0 0.00 M M 2.3 6 220 M M 0 M M
22 52 28 40 M 25 0 0.00 M M 2.8 8 130 M M 0 M M
23 50 28 39 M 26 0 0.00 M M 5.2 20 270 M M 3 25 270
24 43 30 37 M 28 0 0.00 M M 3.4 9 220 M M 3 M M
25 59 28 44 M 21 0 0.00 M M 2.3 6 220 M M 0 M M
26 55 32 44 M 21 0 0.00 M M 3.4 13 50 M M 3 21 40
27 50 34 42 M 23 0 0.00 M M 2.3 12 60 M M 5 20 70
28 55 25 40 M 25 0 0.00 M M 8.7 18 270 M M 4 28 270
29 27 10 19 M 46 0 0.02 M M 3.5 10 20 M M 7 1 M M
30 27 10 19 M 46 0 0.00 M M 0.6 5 360 M M 0 M M
================================================================================
SM 1392 754 869 0 0.52 M 111.4 M 81
================================================================================
AV 46.4 25.1 3.7 FASTST M M 3 MAX(MPH)
MISC ----> 29 260 43 280
================================================================================
NOTES:
# LAST OF SEVERAL OCCURRENCES
COLUMN 17 PEAK WIND IN M.P.H.
PRELIMINARY LOCAL CLIMATOLOGICAL DATA (WS FORM: F-6) , PAGE 2
STATION: BOULDER AIRPORT
MONTH: NOVEMBER
YEAR: 2022
LATITUDE: 40 2 N
LONGITUDE: 105 14 W
[TEMPERATURE DATA] [PRECIPITATION DATA] SYMBOLS USED IN COLUMN 16
AVERAGE MONTHLY: 35.8 TOTAL FOR MONTH: 0.52 1 = FOG OR MIST
DPTR FM NORMAL: 0.0 DPTR FM NORMAL: M 2 = FOG REDUCING VISIBILITY
HIGHEST: 70 ON 2, 1 GRTST 24HR 0.32 ON 3- 3 TO 1/4 MILE OR LESS
LOWEST: 9 ON 18 3 = THUNDER
SNOW, ICE PELLETS, HAIL 4 = ICE PELLETS
TOTAL MONTH: M 5 = HAIL
GRTST 24HR M ON M 6 = FREEZING RAIN OR DRIZZLE
GRTST DEPTH: M ON M 7 = DUSTSTORM OR SANDSTORM:
VSBY 1/2 MILE OR LESS
8 = SMOKE OR HAZE
[NO. OF DAYS WITH] [WEATHER - DAYS WITH] 9 = BLOWING SNOW
X = TORNADO
MAX 32 OR BELOW: 3 0.01 INCH OR MORE: 6
MAX 90 OR ABOVE: 0 0.10 INCH OR MORE: 1
MIN 32 OR BELOW: 25 0.50 INCH OR MORE: 0
MIN 0 OR BELOW: 0 1.00 INCH OR MORE: 0
[HDD (BASE 65) ]
TOTAL THIS MO. 869 CLEAR (SCALE 0-3) 17
DPTR FM NORMAL M PTCLDY (SCALE 4-7) 13
TOTAL FM JUL 1 1269 CLOUDY (SCALE 8-10) 0
DPTR FM NORMAL M
[CDD (BASE 65) ]
TOTAL THIS MO. 0
DPTR FM NORMAL M [PRESSURE DATA]
TOTAL FM JAN 1 1033 HIGHEST SLP M ON M
DPTR FM NORMAL M LOWEST SLP M ON M
[REMARKS]
#FINAL-11-22#