000
CXAK56 PAFC 301323
CF6BET
PRELIMINARY LOCAL CLIMATOLOGICAL DATA (WS FORM: F-6)
STATION: BETHEL
MONTH: NOVEMBER
YEAR: 2020
LATITUDE: 60 46 N
LONGITUDE: 161 48 W
TEMPERATURE IN F: :PCPN: SNOW: WIND :SUNSHINE: SKY :PK WND
================================================================================
1 2 3 4 5 6A 6B 7 8 9 10 11 12 13 14 15 16 17 18
12Z AVG MX 2MIN
DY MAX MIN AVG DEP HDD CDD WTR SNW DPTH SPD SPD DIR MIN PSBL S-S WX SPD DR
================================================================================
1 20 11 16 -6 49 0 0.00 M M 5.8 12 10 M M 6 12 14 10
2 22 8 15 -7 50 0 0.00 M M 9.6 15 330 M M 1 22 310
3 31 19 25 3 40 0 0.19 M M 11.4 24 300 M M 8 12 31 300
4 24 10 17 -4 48 0 T M M M M M M M M M M
5 39 21 30 9 35 0 0.18 M M 26.4 43 160 M M 9 189 55 160
6 40 34 37 17 28 0 T M M 18.4 23 190 M M 7 1 33 190
7 37 32 35 15 30 0 0.34 M M 9.1 17 180 M M 10 1 21 180
8 33 29 31 11 34 0 0.20 M M 14.5 28 310 M M 8 1 34 300
9 42 28 35 16 30 0 0.18 M M M M M M M M M M
10 41 37 39 20 26 0 0.21 M M M M M M M M M M
11 39 32 36 18 29 0 0.10 M M M M M M M M M M
12 33 30 32 14 33 0 0.12 M M M M M M M M M M
13 32 29 31 13 34 0 0.04 M M M M M M M M M M
14 31 14 23 5 42 0 0.07 M M M M M M M M M M
15 20 8 14 -3 51 0 0.00 M M 8.7 15 330 M M 0 19 320
16 11 3 7 -10 58 0 0.00 M M 7.2 13 40 M M 0 1 16 30
17 27 0 14 -3 51 0 0.05 M M 6.6 10 90 M M 5 168 13 90
18 27 11 19 3 46 0 0.01 M M 9.3 17 30 M M 10 1 20 40
19 27 11 19 3 46 0 0.01 M M 9.3 17 30 M M M 20 40
20 39 31 35 19 30 0 T M M 19.5 33 80 M M M 43 90
21 35 27 31 15 34 0 0.01 M M 12.2 17 190 M M M 23 190
22 31 17 24 9 41 0 0.03 M M 9.5 22 40 M M M 26 40
23 31 15 23 8 42 0 0.13 M M 13.4 24 130 M M 8 126 29 160
24 41 31 36 21 29 0 0.24 M M 23.6 37 150 M M 10 1 53 150
25 38 20 29 14 36 0 0.22 M M 13.7 29 290 M M 6 1 39 290
26 30 21 26 12 39 0 0.12 M 0 7.8 16 210 M M 8 126 20 220
27 26 13 20 6 45 0 T M 0 9.7 20 20 M M 6 16 26 10
28 20 16 18 4 47 0 0.01 M 0 16.8 25 360 M M 10 1 32 20
29 19 6 13 -1 52 0 T M M 9.1 13 330 M M 8 1 17 330
================================================================================
SM 886 564 1155 0 2.46 M 271.6 M 120
================================================================================
AV 30.6 19.5 12.3 FASTST M M 7 MAX(MPH)
MISC ----> # 43 160 # 55 160
================================================================================
NOTES:
# LAST OF SEVERAL OCCURRENCES
COLUMN 17 PEAK WIND IN M.P.H.
PRELIMINARY LOCAL CLIMATOLOGICAL DATA (WS FORM: F-6) , PAGE 2
STATION: BETHEL
MONTH: NOVEMBER
YEAR: 2020
LATITUDE: 60 46 N
LONGITUDE: 161 48 W
[TEMPERATURE DATA] [PRECIPITATION DATA] SYMBOLS USED IN COLUMN 16
AVERAGE MONTHLY: 25.0 TOTAL FOR MONTH: 2.46 1 = FOG OR MIST
DPTR FM NORMAL: 7.4 DPTR FM NORMAL: 0.91 2 = FOG REDUCING VISIBILITY
HIGHEST: 42 ON 9 GRTST 24HR 0.34 ON 7- 7 TO 1/4 MILE OR LESS
LOWEST: 0 ON 17 3 = THUNDER
SNOW, ICE PELLETS, HAIL 4 = ICE PELLETS
TOTAL MONTH: M 5 = HAIL
GRTST 24HR M ON M 6 = FREEZING RAIN OR DRIZZLE
GRTST DEPTH: 0 7 = DUSTSTORM OR SANDSTORM:
VSBY 1/2 MILE OR LESS
8 = SMOKE OR HAZE
[NO. OF DAYS WITH] [WEATHER - DAYS WITH] 9 = BLOWING SNOW
X = TORNADO
MAX 32 OR BELOW: 17 0.01 INCH OR MORE: 20
MAX 90 OR ABOVE: 0 0.10 INCH OR MORE: 12
MIN 32 OR BELOW: 27 0.50 INCH OR MORE: 0
MIN 0 OR BELOW: 1 1.00 INCH OR MORE: 0
[HDD (BASE 65) ]
TOTAL THIS MO. 1155 CLEAR (SCALE 0-3) 3
DPTR FM NORMAL -222 PTCLDY (SCALE 4-7) 6
TOTAL FM JUL 1 3146 CLOUDY (SCALE 8-10) 9
DPTR FM NORMAL -526
[CDD (BASE 65) ]
TOTAL THIS MO. 0
DPTR FM NORMAL 0 [PRESSURE DATA]
TOTAL FM JAN 1 3 HIGHEST SLP M ON M
DPTR FM NORMAL -1 LOWEST SLP 28.55 ON 25
[REMARKS]