000
CXAK58 PABE 011345
CLMBET
CLIMATE REPORT
NATIONAL WEATHER SERVICE ANCHORAGE, AK
445 AM AKST FRI MAR 01 2024
...................................
...THE BETHEL CLIMATE SUMMARY FOR THE MONTH OF FEBRUARY 2024...
CLIMATE NORMAL PERIOD: 1991 TO 2020
CLIMATE RECORD PERIOD: 1948 TO 2024
WEATHER OBSERVED NORMAL DEPART LAST YEAR`S
VALUE DATE(S) VALUE FROM VALUE
NORMAL
..............................................................
TEMPERATURE (F)
RECORD
HIGH 51 02/13/1927
LOW -45 02/02/1947
HIGHEST 37 MM MM 39
LOWEST -18 MM MM -22
AVG. MAXIMUM 23.4 20.1 3.3 17.8
AVG. MINIMUM 11.0 6.5 4.5 3.4
MEAN 17.2 13.3 3.9 10.6
DAYS MAX >= 90 0 0.0 0.0 0
DAYS MAX <= 32 19 19.5 -0.5 25
DAYS MIN <= 32 29 27.4 1.6 28
DAYS MIN <= 0 7 10.0 -3.0 13
PRECIPITATION (INCHES)
RECORD
MAXIMUM 2.89 2021
MINIMUM 1.22
TOTALS 2.86 0.88 1.98 1.22
DAILY AVG. 0.10 NAN NAN 0.04
DAYS >= .01 18 10.1 7.9 13
DAYS >= .10 7 2.9 4.1 3
DAYS >= .50 1 0.1 0.9 0
DAYS >= 1.00 0 0.0 0.0 0
GREATEST
24 HR. TOTAL 0.71 02/14 TO 02/15 0.29
STORM TOTAL 0.57 0.24
(MM/DD(HH))
DEGREE DAYS
HEATING TOTAL 1379 1448 -69 1517
SINCE 7/1 8292 8652 -360 MM
COOLING TOTAL 0 0 0 0
SINCE 1/1 0 0 0 MM
FREEZE DATES
RECORD
EARLIEST MM
LATEST MM
EARLIEST 09/27
LATEST 05/31
..............................................................
WIND (MPH)
AVERAGE WIND SPEED 13.9
RESULTANT WIND SPEED/DIRECTION 3/080
HIGHEST WIND SPEED/DIRECTION 35/140 DATE 02/07
HIGHEST GUST SPEED/DIRECTION 45/110 DATE 02/21
SKY COVER
POSSIBLE SUNSHINE (PERCENT) MM
AVERAGE SKY COVER 0.75
NUMBER OF DAYS FAIR 3
NUMBER OF DAYS PC 7
NUMBER OF DAYS CLOUDY 19
AVERAGE RH (PERCENT) 89
WEATHER CONDITIONS. NUMBER OF DAYS WITH
THUNDERSTORM 0 MIXED PRECIP 0
HEAVY RAIN 0 RAIN 0
LIGHT RAIN 3 FREEZING RAIN 0
LT FREEZING RAIN 1 HAIL 0
HEAVY SNOW 2 SNOW 8
LIGHT SNOW 21 SLEET 0
FOG 26 FOG W/VIS <= 1/4 MILE 9
HAZE 1
- INDICATES NEGATIVE NUMBERS.
R INDICATES RECORD WAS SET OR TIED.
MM INDICATES DATA IS MISSING.
T INDICATES TRACE AMOUNT.
$$