000
CXUS56 KHNX 011546
CF6BFL
PRELIMINARY LOCAL CLIMATOLOGICAL DATA (WS FORM: F-6)
STATION: BAKERSFIELD CA
MONTH: DECEMBER
YEAR: 2022
LATITUDE: 35 25 N
LONGITUDE: 119 3 W
TEMPERATURE IN F: :PCPN: SNOW: WIND :SUNSHINE: SKY :PK WND
================================================================================
1 2 3 4 5 6A 6B 7 8 9 10 11 12 13 14 15 16 17 18
12Z AVG MX 2MIN
DY MAX MIN AVG DEP HDD CDD WTR SNW DPTH SPD SPD DIR MIN PSBL S-S WX SPD DR
================================================================================
1 62 43 53 2 12 0 0.01 0.0 0 5.8 29 350 M M 7 18 35 330
2 50 43 47 -4 18 0 0.08 0.0 0 5.1 28 350 M M 10 1 32 360
3 61 46 54 3 11 0 0.06 0.0 0 2.2 8 90 M M 8 18 9 90
4 63 49 56 5 9 0 0.01 0.0 0 6.4 17 330 M M 7 1 21 350
5 61 45 53 3 12 0 0.00 0.0 0 3.8 9 320 M M 5 18 11 260
6 62 42 52 2 13 0 0.08 0.0 0 5.0 16 310 M M 2 18 20 310
7 57 44 51 1 14 0 0.00 0.0 0 2.5 12 130 M M 4 18 13 130
8 58 38 48 -2 17 0 0.00 0.0 0 2.6 10 330 M M 0 18 16 330
9 62 40 51 1 14 0 0.00 0.0 0 3.9 9 130 M M 0 18 10 200
10 65 43 54 4 11 0 0.00 0.0 0 9.1 29 160 M M 2 36 170
11 61 43 52 3 13 0 0.20 0.0 0 9.0 23 310 M M 6 1 29 310
12 53 41 47 -2 18 0 T 0.0 0 5.5 17 330 M M 7 21 320
13 54 36 45 -4 20 0 0.00 0.0 0 4.0 9 20 M M 5 18 12 20
14 55 41 48 -1 17 0 0.00 0.0 0 2.1 8 290 M M 2 18 10 280
15 52 36 44 -5 21 0 0.00 0.0 0 2.1 7 20 M M 0 18 11 280
16 57 36 47 -2 18 0 0.00 0.0 0 2.6 9 320 M M 0 18 10 330
17 43 32 38 -11 27 0 0.00 0.0 0 1.9 8 190 M M 8 12 9 180
18 47 38 43 -6 22 0 0.00 0.0 0 4.0 10 290 M M 7 18 15 220
19 50 38 44 -5 21 0 0.00 0.0 0 3.3 12 130 M M 5 18 15 150
20 48 34 41 -7 24 0 0.00 0.0 0 3.9 14 300 M M 4 128 17 300
21 46 34 40 -8 25 0 0.00 0.0 0 2.3 8 50 M M 6 18 11 280
22 45 31 38 -10 27 0 0.00 0.0 0 2.8 9 280 M M 5 128 10 280
23 53 34 44 -4 21 0 0.00 0.0 0 3.0 8 320 M M 5 128 9 260
24 46 32 39 -9 26 0 0.00 0.0 0 3.4 9 300 M M 6 128 11 300
25 49 33 41 -7 24 0 0.00 0.0 0 3.2 14 350 M M 6 128 15 350
26 51 34 43 -5 22 0 0.00 0.0 0 4.6 14 130 M M 5 128 16 290
27 56 43 50 2 15 0 0.83 0.0 0 5.6 17 150 M M 9 18 20 160
28 58 47 53 5 12 0 0.02 0.0 0 5.3 13 290 M M 6 128 15 330
29 55 47 51 3 14 0 0.03 0.0 0 5.0 13 240 M M 9 18 16 80
30 66 51 59 11 6 0 0.00 0.0 0 1.8 8 100 M M 8 1 10 100
31 67 54 61 13 4 0 0.37 0.0 0 6.9 21 120 M M 8 18 24 120
================================================================================
SM 1713 1248 528 0 1.69 0.0 128.7 M 162
================================================================================
AV 55.3 40.3 4.2 FASTST M M 5 MAX(MPH)
MISC ----> # 29 350 36 170
================================================================================
NOTES:
# LAST OF SEVERAL OCCURRENCES
COLUMN 17 PEAK WIND IN M.P.H.
PRELIMINARY LOCAL CLIMATOLOGICAL DATA (WS FORM: F-6) , PAGE 2
STATION: BAKERSFIELD CA
MONTH: DECEMBER
YEAR: 2022
LATITUDE: 35 25 N
LONGITUDE: 119 3 W
[TEMPERATURE DATA] [PRECIPITATION DATA] SYMBOLS USED IN COLUMN 16
AVERAGE MONTHLY: 47.8 TOTAL FOR MONTH: 1.69 1 = FOG OR MIST
DPTR FM NORMAL: -1.4 DPTR FM NORMAL: 0.59 2 = FOG REDUCING VISIBILITY
HIGHEST: 67 ON 31 GRTST 24HR 0.85 ON 27-28 TO 1/4 MILE OR LESS
LOWEST: 31 ON 22 3 = THUNDER
SNOW, ICE PELLETS, HAIL 4 = ICE PELLETS
TOTAL MONTH: 0.0 INCH 5 = HAIL
GRTST 24HR 0.0 6 = FREEZING RAIN OR DRIZZLE
GRTST DEPTH: 0 7 = DUSTSTORM OR SANDSTORM:
VSBY 1/2 MILE OR LESS
8 = SMOKE OR HAZE
[NO. OF DAYS WITH] [WEATHER - DAYS WITH] 9 = BLOWING SNOW
X = TORNADO
MAX 32 OR BELOW: 0 0.01 INCH OR MORE: 10
MAX 90 OR ABOVE: 0 0.10 INCH OR MORE: 3
MIN 32 OR BELOW: 3 0.50 INCH OR MORE: 1
MIN 0 OR BELOW: 0 1.00 INCH OR MORE: 0
[HDD (BASE 65) ]
TOTAL THIS MO. 528 CLEAR (SCALE 0-3) 7
DPTR FM NORMAL 38 PTCLDY (SCALE 4-7) 21
TOTAL FM JUL 1 899 CLOUDY (SCALE 8-10) 3
DPTR FM NORMAL 87
[CDD (BASE 65) ]
TOTAL THIS MO. 0
DPTR FM NORMAL 0 [PRESSURE DATA]
TOTAL FM JAN 1 2989 HIGHEST SLP 30.46 ON 24
DPTR FM NORMAL 564 LOWEST SLP 29.64 ON 31
[REMARKS]
#FINAL-12-22#