000
CXUS51 KCAR 010600
CF6BGR
PRELIMINARY LOCAL CLIMATOLOGICAL DATA (WS FORM: F-6)
STATION: BANGOR ME
MONTH: APRIL
YEAR: 2021
LATITUDE: 44 47 N
LONGITUDE: 68 49 W
TEMPERATURE IN F: :PCPN: SNOW: WIND :SUNSHINE: SKY :PK WND
================================================================================
1 2 3 4 5 6A 6B 7 8 9 10 11 12 13 14 15 16 17 18
12Z AVG MX 2MIN
DY MAX MIN AVG DEP HDD CDD WTR SNW DPTH SPD SPD DIR MIN PSBL S-S WX SPD DR
================================================================================
1 50 30 40 4 25 0 0.99 0.0 0 13.6 29 320 M M 10 1 34 320
2 40 25 33 -4 32 0 0.00 0.0 0 13.0 22 320 M M 7 26 320
3 46 19 33 -4 32 0 0.00 0.0 0 7.6 20 320 M M 1 25 320
4 50 22 36 -2 29 0 0.07 0.4 0 14.6 32 350 M M 7 1 41 350
5 47 33 40 2 25 0 0.07 0.4 T 15.4 25 360 M M 10 1 32 330
6 56 41 49 10 16 0 0.02 0.0 T 11.2 20 350 M M 9 1 24 350
7 61 42 52 13 13 0 0.00 0.0 0 11.3 21 30 M M 9 26 20
8 66 40 53 14 12 0 0.00 0.0 0 7.0 15 40 M M 6 20 60
9 71 35 53 13 12 0 0.00 0.0 0 4.2 16 180 M M 4 1 22 180
10 73 41 57 17 8 0 0.04 0.0 0 4.4 15 200 M M 6 18 200
11 60 39 50 9 15 0 T 0.0 0 8.8 18 20 M M 7 22 20
12 60 45 53 12 12 0 T 0.0 0 14.4 28 40 M M 8 18 37 50
13 64 38 51 9 14 0 0.00 0.0 0 12.7 22 360 M M 5 30 60
14 62 32 47 5 18 0 0.00 0.0 0 6.5 15 10 M M 1 20 20
15 62 29 46 4 19 0 0.00 0.0 0 5.2 17 200 M M 4 21 200
16 45 37 41 -2 24 0 0.41 0.0 0 13.4 26 50 M M 10 1 33 60
17 45 33 39 -4 26 0 0.16 T T 14.1 21 10 M M 10 1 26 360
18 53 34 44 0 21 0 T 0.0 0 7.0 16 330 M M 7 20 350
19 64 31 48 4 17 0 T 0.0 0 5.3 15 320 M M 5 21 200
20 67 34 51 7 14 0 T 0.0 0 5.8 22 180 M M 4 1 26 170
21 63 39 51 6 14 0 0.18 0.0 0 8.8 22 180 M M 8 13 30 170
22 40 30 35 -10 30 0 0.05 T T 14.3 24 300 M M 9 1 38 280
23 55 32 44 -2 21 0 0.00 0.0 0 13.0 28 280 M M 6 40 280
24 71 44 58 12 7 0 0.00 0.0 0 8.8 23 320 M M 3 35 320
25 64 38 51 5 14 0 T 0.0 0 5.8 17 190 M M 9 21 170
26 48 36 42 -5 23 0 0.01 T 0 13.8 32 330 M M 9 1 41 310
27 67 37 52 5 13 0 0.00 0.0 0 12.5 26 320 M M 1 35 330
28 70 39 55 7 10 0 0.00 0.0 0 5.5 17 170 M M 7 22 180
29 66 48 57 9 8 0 0.22 0.0 0 5.8 17 180 M M 9 1 20 190
30 50 42 46 -2 19 0 1.41 0.0 0 11.8 25 360 M M 10 1 30 340
================================================================================
SM 1736 1065 543 0 3.63 0.8 295.6 M 201
================================================================================
AV 57.9 35.5 9.9 FASTST M M 7 MAX(MPH)
MISC ----> # 32 350 # 41 350
================================================================================
NOTES:
# LAST OF SEVERAL OCCURRENCES
COLUMN 17 PEAK WIND IN M.P.H.
PRELIMINARY LOCAL CLIMATOLOGICAL DATA (WS FORM: F-6) , PAGE 2
STATION: BANGOR ME
MONTH: APRIL
YEAR: 2021
LATITUDE: 44 47 N
LONGITUDE: 68 49 W
[TEMPERATURE DATA] [PRECIPITATION DATA] SYMBOLS USED IN COLUMN 16
AVERAGE MONTHLY: 46.7 TOTAL FOR MONTH: 3.63 1 = FOG OR MIST
DPTR FM NORMAL: 4.2 DPTR FM NORMAL: 0.01 2 = FOG REDUCING VISIBILITY
HIGHEST: 73 ON 10 GRTST 24HR 1.62 ON 29-30 TO 1/4 MILE OR LESS
LOWEST: 19 ON 3 3 = THUNDER
SNOW, ICE PELLETS, HAIL 4 = ICE PELLETS
TOTAL MONTH: 0.8 INCH 5 = HAIL
GRTST 24HR 0.4 ON 4- 4 6 = FREEZING RAIN OR DRIZZLE
GRTST DEPTH: T 7 = DUSTSTORM OR SANDSTORM:
VSBY 1/2 MILE OR LESS
8 = SMOKE OR HAZE
[NO. OF DAYS WITH] [WEATHER - DAYS WITH] 9 = BLOWING SNOW
X = TORNADO
MAX 32 OR BELOW: 0 0.01 INCH OR MORE: 12
MAX 90 OR ABOVE: 0 0.10 INCH OR MORE: 6
MIN 32 OR BELOW: 9 0.50 INCH OR MORE: 2
MIN 0 OR BELOW: 0 1.00 INCH OR MORE: 1
[HDD (BASE 65) ]
TOTAL THIS MO. 543 CLEAR (SCALE 0-3) 4
DPTR FM NORMAL -132 PTCLDY (SCALE 4-7) 14
TOTAL FM JUL 1 6490 CLOUDY (SCALE 8-10) 12
DPTR FM NORMAL -909
[CDD (BASE 65) ]
TOTAL THIS MO. 0
DPTR FM NORMAL 0 [PRESSURE DATA]
TOTAL FM JAN 1 0 HIGHEST SLP M ON M
DPTR FM NORMAL 0 LOWEST SLP 29.11 ON 30
[REMARKS]
#FINAL-04-21#