000
CXUS51 KCAR 010600
CF6BGR
PRELIMINARY LOCAL CLIMATOLOGICAL DATA (WS FORM: F-6)
STATION: BANGOR ME
MONTH: FEBRUARY
YEAR: 2021
LATITUDE: 44 47 N
LONGITUDE: 68 49 W
TEMPERATURE IN F: :PCPN: SNOW: WIND :SUNSHINE: SKY :PK WND
================================================================================
1 2 3 4 5 6A 6B 7 8 9 10 11 12 13 14 15 16 17 18
12Z AVG MX 2MIN
DY MAX MIN AVG DEP HDD CDD WTR SNW DPTH SPD SPD DIR MIN PSBL S-S WX SPD DR
================================================================================
1 28 -2 13 -5 52 0 0.00 0.0 T 6.9 17 40 M M 6 24 40
2 32 24 28 10 37 0 0.64 8.7 4 18.4 28 30 M M 10 1469 36 20
3 36 32 34 16 31 0 T T 8 7.1 16 350 M M 10 16 21 360
4 38 29 34 16 31 0 T T 7 7.2 18 320 M M 9 1 20 330
5 35 16 26 8 39 0 0.04 0.7 6 4.6 12 180 M M 8 12 14 180
6 36 26 31 13 34 0 T T 6 6.3 20 240 M M 8 128 25 240
7 28 11 20 1 45 0 0.07 2.3 6 5.0 14 350 M M 7 16 260
8 25 5 15 -4 50 0 0.01 0.4 8 10.9 28 320 M M 4 1 32 320
9 22 1 12 -7 53 0 T 0.3 8 1.5 7 330 M M 7 1 9 280
10 27 4 16 -3 49 0 T T 7 5.6 18 320 M M 5 1 26 270
11 24 8 16 -4 49 0 0.00 0.0 7 9.5 21 310 M M 4 31 320
12 23 2 13 -7 52 0 0.00 0.0 7 8.1 21 320 M M 3 27 320
13 23 5 14 -6 51 0 0.00 0.0 7 6.6 17 320 M M 7 24 310
14 24 11 18 -2 47 0 0.00 0.0 7 3.7 10 40 M M 9 12 10
15 28 9 19 -2 46 0 T T 7 2.4 13 30 M M 8 15 10
16 29 22 26 5 39 0 0.66 2.0 8 9.7 20 20 M M 10 146 25 20
17 26 14 20 -1 45 0 0.00 0.0 9 11.9 30 320 M M 2 39 330
18 26 7 17 -5 48 0 0.00 0.0 9 3.0 14 320 M M 8 16 320
19 29 19 24 2 41 0 T T 9 4.6 10 20 M M 9 12 30
20 30 20 25 3 40 0 T T 9 8.4 15 330 M M 9 1 22 340
21 32 10 21 -1 44 0 T 0.2 9 7.7 17 320 M M 2 1 21 330
22 33 6 20 -3 45 0 0.25 2.4 9 6.0 18 180 M M 8 1 23 170
23 38 31 35 12 30 0 0.04 0.2 12 4.8 16 320 M M 10 1 20 330
24 45 30 38 15 27 0 T T 11 6.0 16 290 M M 8 1 23 190
25 43 19 31 7 34 0 0.00 0.0 8 16.0 38 330 M M 5 46 320
26 28 13 21 -3 44 0 0.00 0.0 8 9.0 24 320 M M 1 30 330
27 39 9 24 0 41 0 0.28 0.3 8 6.4 20 160 M M 7 1 28 160
28 44 31 38 13 27 0 0.00 0.0 8 6.9 20 310 M M 6 27 310
================================================================================
SM 871 412 1171 0 1.99 17.5 204.2 M 190
================================================================================
AV 31.1 14.7 7.3 FASTST M M 7 MAX(MPH)
MISC ----> 38 330 46 320
================================================================================
NOTES:
# LAST OF SEVERAL OCCURRENCES
COLUMN 17 PEAK WIND IN M.P.H.
PRELIMINARY LOCAL CLIMATOLOGICAL DATA (WS FORM: F-6) , PAGE 2
STATION: BANGOR ME
MONTH: FEBRUARY
YEAR: 2021
LATITUDE: 44 47 N
LONGITUDE: 68 49 W
[TEMPERATURE DATA] [PRECIPITATION DATA] SYMBOLS USED IN COLUMN 16
AVERAGE MONTHLY: 22.9 TOTAL FOR MONTH: 1.99 1 = FOG OR MIST
DPTR FM NORMAL: 2.1 DPTR FM NORMAL: -0.53 2 = FOG REDUCING VISIBILITY
HIGHEST: 45 ON 24 GRTST 24HR 0.66 ON 16-16 TO 1/4 MILE OR LESS
LOWEST: -2 ON 1 3 = THUNDER
SNOW, ICE PELLETS, HAIL 4 = ICE PELLETS
TOTAL MONTH: 17.5 INCHES 5 = HAIL
GRTST 24HR 8.7 ON 2- 2 6 = FREEZING RAIN OR DRIZZLE
GRTST DEPTH: 12 ON 23 7 = DUSTSTORM OR SANDSTORM:
VSBY 1/2 MILE OR LESS
8 = SMOKE OR HAZE
[NO. OF DAYS WITH] [WEATHER - DAYS WITH] 9 = BLOWING SNOW
X = TORNADO
MAX 32 OR BELOW: 18 0.01 INCH OR MORE: 8
MAX 90 OR ABOVE: 0 0.10 INCH OR MORE: 4
MIN 32 OR BELOW: 28 0.50 INCH OR MORE: 2
MIN 0 OR BELOW: 1 1.00 INCH OR MORE: 0
[HDD (BASE 65) ]
TOTAL THIS MO. 1171 CLEAR (SCALE 0-3) 4
DPTR FM NORMAL -68 PTCLDY (SCALE 4-7) 13
TOTAL FM JUL 1 4963 CLOUDY (SCALE 8-10) 11
DPTR FM NORMAL -682
[CDD (BASE 65) ]
TOTAL THIS MO. 0
DPTR FM NORMAL 0 [PRESSURE DATA]
TOTAL FM JAN 1 0 HIGHEST SLP M ON M
DPTR FM NORMAL 0 LOWEST SLP 29.24 ON 3
[REMARKS]
#FINAL-02-21#