000
CXUS51 KCAR 030728
CLMBGR
CLIMATE REPORT
NATIONAL WEATHER SERVICE CARIBOU ME
328 AM EDT MON JUL 03 2023
...................................
...THE BANGOR ME CLIMATE SUMMARY FOR THE MONTH OF JUNE 2023...
CLIMATE NORMAL PERIOD: 1991 TO 2020
CLIMATE RECORD PERIOD: 1925 TO 2023
WEATHER OBSERVED NORMAL DEPART LAST YEAR`S
VALUE DATE(S) VALUE FROM VALUE DATE(S)
NORMAL
................................................................
TEMPERATURE (F)
RECORD
HIGH 98 06/27/1941
LOW 29 06/03/1939
HIGHEST 93 06/01 MM MM 92 06/25
LOWEST 42 06/03 MM MM 40 06/21
06/04
AVG. MAXIMUM 71.0 74.7 -3.7 73.7
AVG. MINIMUM 52.8 52.6 0.2 51.6
MEAN 61.9 63.6 -1.7 62.7
DAYS MAX >= 90 1 1.5 -0.5 2
DAYS MAX <= 32 0 0.0 0.0 0
DAYS MIN <= 32 0 0.0 0.0 0
DAYS MIN <= 0 0 0.0 0.0 0
PRECIPITATION (INCHES)
RECORD
MAXIMUM 8.12 2009
MINIMUM 0.87 1930
TOTALS 5.84 1.97
DAILY AVG. 0.19 0.13 0.06 0.05
DAYS >= .01 18 12.2 5.8 13
DAYS >= .10 12 7.2 4.8 6
DAYS >= .50 5 2.8 2.2 0
DAYS >= 1.00 1 0.9 0.1 0
GREATEST
24 HR. TOTAL 1.37 06/17 TO 06/18 0.31 06/04 TO 06/05
SNOWFALL (INCHES)
RECORDS
TOTAL MM MM
TOTALS 0.0 0.0 0.0 0.0
SINCE 7/1 72.6 74.6 -2.0 MM
SNOWDEPTH AVG. 0 0
DAYS >= 1.0 0 0.0 0.0 0
GREATEST
SNOW DEPTH 0 0 MM
24 HR TOTAL MM MM
DEGREE DAYS
HEATING TOTAL 125 98 27 101
SINCE 7/1 6726 7624 -898 MM
COOLING TOTAL 39 58 -19 37
SINCE 1/1 46 65 -19 MM
................................................................
WIND (MPH)
AVERAGE WIND SPEED 6.9
HIGHEST WIND SPEED/DIRECTION 24/030 DATE 06/03
24/350 06/17
HIGHEST GUST SPEED/DIRECTION 34/030 DATE 06/03
SKY COVER
POSSIBLE SUNSHINE (PERCENT) MM
AVERAGE SKY COVER 0.78
NUMBER OF DAYS FAIR 3
NUMBER OF DAYS PC 6
NUMBER OF DAYS CLOUDY 21
AVERAGE RH (PERCENT) 81
WEATHER CONDITIONS. NUMBER OF DAYS WITH
THUNDERSTORM 4 MIXED PRECIP 0
HEAVY RAIN 5 RAIN 11
LIGHT RAIN 24 FREEZING RAIN 0
LT FREEZING RAIN 0 HAIL 0
HEAVY SNOW 0 SNOW 0
LIGHT SNOW 0 SLEET 0
FOG 26 FOG W/VIS <= 1/4 MILE 4
HAZE 1
- INDICATES NEGATIVE NUMBERS.
* INDICATES RECORD WAS SET OR TIED.
MM INDICATES DATA IS MISSING.
T INDICATES TRACE AMOUNT.
$$