000
CXUS51 KCAR 010906
CLMBGR
CLIMATE REPORT
NATIONAL WEATHER SERVICE CARIBOU ME
506 AM EDT MON MAY 01 2023
...................................
...THE BANGOR ME CLIMATE SUMMARY FOR THE MONTH OF APRIL 2023...
CLIMATE NORMAL PERIOD: 1991 TO 2020
CLIMATE RECORD PERIOD: 1925 TO 2023
WEATHER OBSERVED NORMAL DEPART LAST YEAR`S
VALUE DATE(S) VALUE FROM VALUE DATE(S)
NORMAL
................................................................
TEMPERATURE (F)
RECORD
HIGH 92 04/27/1990
LOW 4 04/01/1928
HIGHEST 76 04/14 MM MM 63 04/15
LOWEST 21 04/03 MM MM 24 04/03
04/06
AVG. MAXIMUM 55.1 53.2 1.9 54.4
AVG. MINIMUM 33.4 32.4 1.0 34.4
MEAN 44.3 42.8 1.5 44.4
DAYS MAX >= 90 0 0.0 0.0 0
DAYS MAX <= 32 0 0.3 -0.3 0
DAYS MIN <= 32 15 16.1 -1.1 10
DAYS MIN <= 0 0 0.0 0.0 0
PRECIPITATION (INCHES)
RECORD
MAXIMUM 11.04 1983
MINIMUM 0.59 1999
TOTALS 1.89 -1.72
DAILY AVG. 0.06 0.12 -0.06 0.17
DAYS >= .01 9 11.6 -2.6 14
DAYS >= .10 7 7.3 -0.3 8
DAYS >= .50 0 2.1 -2.1 4
DAYS >= 1.00 0 0.7 -0.7 1
GREATEST
24 HR. TOTAL 0.47 03/31 TO 04/01 1.44 04/08 TO 04/08
SNOWFALL (INCHES)
RECORDS
TOTAL 24.4 2007
TOTALS 1.0 3.7 -2.7 T
SINCE 7/1 72.6 74.6 -2.0 MM
SNOWDEPTH AVG. 0 0
DAYS >= 1.0 1 1.2 -0.2 0
GREATEST
SNOW DEPTH 1* 04/01 0 MM
24 HR TOTAL 1.0* 04/01 TO 04/01 MM
DEGREE DAYS
HEATING TOTAL 615 666 -51 611
SINCE 7/1 6281 7195 -914 MM
COOLING TOTAL 0 0 0 0
SINCE 1/1 0 0 0 MM
................................................................
WIND (MPH)
AVERAGE WIND SPEED 7.8
HIGHEST WIND SPEED/DIRECTION 37/320 DATE 04/12
HIGHEST GUST SPEED/DIRECTION 49/320 DATE 04/02
SKY COVER
POSSIBLE SUNSHINE (PERCENT) MM
AVERAGE SKY COVER 0.62
NUMBER OF DAYS FAIR 7
NUMBER OF DAYS PC 10
NUMBER OF DAYS CLOUDY 13
AVERAGE RH (PERCENT) 66
WEATHER CONDITIONS. NUMBER OF DAYS WITH
THUNDERSTORM 0 MIXED PRECIP 0
HEAVY RAIN 1 RAIN 2
LIGHT RAIN 10 FREEZING RAIN 0
LT FREEZING RAIN 1 HAIL 0
HEAVY SNOW 0 SNOW 0
LIGHT SNOW 2 SLEET 1
FOG 15 FOG W/VIS <= 1/4 MILE 2
HAZE 1
- INDICATES NEGATIVE NUMBERS.
* INDICATES RECORD WAS SET OR TIED.
MM INDICATES DATA IS MISSING.
T INDICATES TRACE AMOUNT.
$$