000
CXUS54 KBMX 020332
CLMBHM
CLIMATE REPORT
NATIONAL WEATHER SERVICE BIRMINGHAM AL
1032 PM CDT TUE AUG 01 2023
...................................
...THE BIRMINGHAM CLIMATE SUMMARY FOR THE MONTH OF JULY 2023...
CLIMATE NORMAL PERIOD 1991 TO 2020
CLIMATE RECORD PERIOD 1895 TO 2023
WEATHER OBSERVED NORMAL DEPART LAST YEAR`S
VALUE DATE(S) VALUE FROM VALUE DATE(S)
NORMAL
................................................................
TEMPERATURE (F)
RECORD
HIGH 107 07/29/1930
LOW 51 07/15/1967
HIGHEST 98 07/01 MM MM 100 07/09
LOWEST 68 07/24 MM MM 70 07/15
AVG. MAXIMUM 92.2 91.0 1.2 92.5
AVG. MINIMUM 72.7 72.1 0.6 74.4
MEAN 82.5 83.4
DAYS MAX >= 90 25 20.4 4.6 27
DAYS MAX <= 32 0 0.0 0.0 0
DAYS MIN <= 32 0 0.0 0.0 0
DAYS MIN <= 0 0 0.0 0.0 0
PRECIPITATION (INCHES)
RECORD
MAXIMUM 20.12 1916
MINIMUM 0.30 1983
TOTALS 5.85 5.42 0.43 6.26
DAILY AVG. 0.19 0.17 0.02 0.20
DAYS >= .01 15 11.9 3.1 11
DAYS >= .10 8 7.8 0.2 8
DAYS >= .50 6 3.4 2.6 4
DAYS >= 1.00 2 1.7 0.3 2
DEGREE DAYS
HEATING TOTAL 0 0 0 0
SINCE 7/1 0 0 0 MM
COOLING TOTAL 550 513 37 582
SINCE 1/1 1306 1238 68 MM
................................................................
WIND (MPH)
AVERAGE WIND SPEED 4.4
HIGHEST WIND SPEED/DIRECTION 32/270 DATE 07/08
HIGHEST GUST SPEED/DIRECTION 43/030 DATE 07/30
AVERAGE RH (PERCENT) 70
WEATHER CONDITIONS. NUMBER OF DAYS WITH
THUNDERSTORM 19 MIXED PRECIP 0
HEAVY RAIN 7 RAIN 6
LIGHT RAIN 16 FREEZING RAIN 0
LT FREEZING RAIN 0 HAIL 0
HEAVY SNOW 0 SNOW 0
LIGHT SNOW 0 SLEET 0
FOG 15 FOG W/VIS <= 1/4 MILE 1
HAZE 12
- INDICATES NEGATIVE NUMBERS.
R INDICATES RECORD WAS SET OR TIED.
MM INDICATES DATA IS MISSING.
T INDICATES TRACE AMOUNT.
$$