000
CXUS55 KVEF 112214
CF6BIH
PRELIMINARY LOCAL CLIMATOLOGICAL DATA (WS FORM: F-6)
STATION: BISHOP CA
MONTH: FEBRUARY
YEAR: 2021
LATITUDE: 37 22 N
LONGITUDE: 118 22 W
TEMPERATURE IN F: :PCPN: SNOW: WIND :SUNSHINE: SKY :PK WND
================================================================================
1 2 3 4 5 6A 6B 7 8 9 10 11 12 13 14 15 16 17 18
12Z AVG MX 2MIN
DY MAX MIN AVG DEP HDD CDD WTR SNW DPTH SPD SPD DIR MIN PSBL S-S WX SPD DR
================================================================================
1 57 28 43 3 22 0 0.00 0.0 0 5.5 20 180 M M 1 24 170
2 60 24 42 2 23 0 0.00 0.0 0 5.9 13 340 M M 0 15 330
3 62 25 44 4 21 0 0.00 0.0 0 14.3 32 350 M M 0 40 10
4 57 30 44 4 21 0 0.00 0.0 0 11.5 24 350 M M 0 36 340
5 70 29 50 10 15 0 0.00 0.0 0 15.2 32 10 M M 0 40 10
6 71 26 49 9 16 0 0.00 0.0 0 6.0 14 290 M M 0 17 290
7 70 22 46 5 19 0 0.00 0.0 0 4.6 10 280 M M 0 12 340
8 63 24 44 3 21 0 0.00 0.0 0 3.6 10 290 M M 1 12 160
9 67 33 50 9 15 0 0.00 0.0 0 5.5 17 330 M M 7 24 340
10 67 32 50 9 15 0 0.00 0.0 0 5.3 13 260 M M 3 16 260
11 61 27 44 3 21 0 0.00 0.0 0 4.7 18 10 M M 2 24 10
12 62 34 48 6 17 0 0.31 0.0 0 7.8 22 360 M M 3 1 29 360
13 58 33 46 4 19 0 0.00 0.0 0 16.1 37 330 M M 4 55 10
14 59 33 46 4 19 0 0.00 0.0 0 9.9 20 320 M M 6 25 330
15 59 35 47 5 18 0 0.00 0.0 0 8.3 29 340 M M 4 39 340
16 58 35 47 5 18 0 0.00 0.0 0 19.1 32 350 M M 0 41 10
17 51 29 40 -3 25 0 0.00 0.0 0 16.6 30 350 M M 0 39 350
18 55 18 37 -6 28 0 0.00 0.0 0 7.2 18 150 M M 0 23 150
19 61 20 41 -2 24 0 0.00 0.0 0 4.5 12 250 M M 0 14 160
20 53 22 38 -5 27 0 0.00 0.0 0 13.5 33 360 M M 2 43 340
21 60 25 43 0 22 0 0.00 0.0 0 7.2 16 360 M M 0 21 340
22 68 27 48 4 17 0 0.00 0.0 0 5.3 20 340 M M 0 26 350
23 70 30 50 6 15 0 0.00 0.0 0 8.7 18 360 M M 0 24 360
24 68 28 48 4 17 0 0.00 0.0 0 16.3 43 350 M M 0 8 54 350
25 60 17 39 -5 26 0 0.00 0.0 0 7.4 18 350 M M 0 24 350
26 68 22 45 0 20 0 0.00 0.0 0 11.4 29 340 M M 0 37 340
27 54 30 42 -3 23 0 0.00 0.0 0 18.9 35 360 M M 0 48 10
28 59 22 41 -4 24 0 0.00 0.0 0 7.8 22 360 M M 0 27 10
================================================================================
SM 1728 760 568 0 0.31 0.0 268.1 M 33
================================================================================
AV 61.7 27.1 9.6 FASTST M M 1 MAX(MPH)
MISC ----> 43 350 55 10
================================================================================
NOTES:
# LAST OF SEVERAL OCCURRENCES
COLUMN 17 PEAK WIND IN M.P.H.
PRELIMINARY LOCAL CLIMATOLOGICAL DATA (WS FORM: F-6) , PAGE 2
STATION: BISHOP CA
MONTH: FEBRUARY
YEAR: 2021
LATITUDE: 37 22 N
LONGITUDE: 118 22 W
[TEMPERATURE DATA] [PRECIPITATION DATA] SYMBOLS USED IN COLUMN 16
AVERAGE MONTHLY: 44.4 TOTAL FOR MONTH: 0.31 1 = FOG OR MIST
DPTR FM NORMAL: 2.2 DPTR FM NORMAL: -0.54 2 = FOG REDUCING VISIBILITY
HIGHEST: 71 ON 6 GRTST 24HR 0.31 ON 12-12 TO 1/4 MILE OR LESS
LOWEST: 17 ON 25 3 = THUNDER
SNOW, ICE PELLETS, HAIL 4 = ICE PELLETS
TOTAL MONTH: 0.0 INCH 5 = HAIL
GRTST 24HR 0.0 6 = FREEZING RAIN OR DRIZZLE
GRTST DEPTH: 0 7 = DUSTSTORM OR SANDSTORM:
VSBY 1/2 MILE OR LESS
8 = SMOKE OR HAZE
[NO. OF DAYS WITH] [WEATHER - DAYS WITH] 9 = BLOWING SNOW
X = TORNADO
MAX 32 OR BELOW: 0 0.01 INCH OR MORE: 1
MAX 90 OR ABOVE: 0 0.10 INCH OR MORE: 1
MIN 32 OR BELOW: 22 0.50 INCH OR MORE: 0
MIN 0 OR BELOW: 0 1.00 INCH OR MORE: 0
[HDD (BASE 65) ]
TOTAL THIS MO. 568 CLEAR (SCALE 0-3) 24
DPTR FM NORMAL -70 PTCLDY (SCALE 4-7) 4
TOTAL FM JUL 1 2789 CLOUDY (SCALE 8-10) 0
DPTR FM NORMAL -418
[CDD (BASE 65) ]
TOTAL THIS MO. 0
DPTR FM NORMAL 0 [PRESSURE DATA]
TOTAL FM JAN 1 0 HIGHEST SLP 30.47 ON 22
DPTR FM NORMAL 0 LOWEST SLP 29.64 ON 13
[REMARKS]
#FINAL-02-21#