000
CXUS53 KBIS 010930
CF6BIS
PRELIMINARY LOCAL CLIMATOLOGICAL DATA (WS FORM: F-6)
STATION: BISMARCK ND
MONTH: DECEMBER
YEAR: 2022
LATITUDE: 46 46 N
LONGITUDE: 100 45 W
TEMPERATURE IN F: :PCPN: SNOW: WIND :SUNSHINE: SKY :PK WND
================================================================================
1 2 3 4 5 6A 6B 7 8 9 10 11 12 13 14 15 16 17 18
12Z AVG MX 2MIN
DY MAX MIN AVG DEP HDD CDD WTR SNW DPTH SPD SPD DIR MIN PSBL S-S WX SPD DR
================================================================================
1 26 7 17 -6 48 0 0.00 0.0 9 6.4 18 80 M M 0 22 80
2 23 -1 11 -12 54 0 0.03 0.5 9 17.6 31 310 M M 5 89 40 290
3 17 -7 5 -17 60 0 0.00 0.0 9 3.7 15 280 M M 0 17 280
4 38 -1 19 -3 46 0 0.00 0.0 9 9.5 23 270 M M 0 30 270
5 23 10 17 -5 48 0 0.04 1.3 9 9.6 18 330 M M 7 31 350
6 17 1 9 -12 56 0 0.15 2.6 12 10.0 23 310 M M 8 18 30 330
7 11 -7 2 -19 63 0 0.01 0.2 11 8.1 16 170 M M 4 20 170
8 17 -4 7 -13 58 0 0.00 0.0 11 2.9 13 130 M M 1 128 14 130
9 25 -8 9 -11 56 0 0.00 0.0 11 5.7 15 80 M M 2 128 16 90
10 28 4 16 -4 49 0 0.00 0.0 10 5.6 13 280 M M 1 128 15 290
11 25 4 15 -4 50 0 0.00 0.0 10 11.2 20 80 M M 0 26 70
12 32 20 26 7 39 0 0.01 T 10 8.7 15 150 M M 7 1 19 150
13 30 28 29 10 36 0 0.56 10.4 9 14.8 23 40 M M 10 12 33 30
14 29 19 24 6 41 0 0.12 3.0 14 15.2 26 310 M M 10 1 34 310
15 19 14 17 -1 48 0 0.21 4.1 15 25.3 37 310 M M 10 129 52 310
16 15 8 12 -6 53 0 0.17 3.1 17 20.3 29 320 M M 10 19 45 330
17 8 -11 -1 -18 66 0 T T 17 9.9 21 320 M M 7 27 330
18 -3 -13 -8 -25 73 0 0.03 0.8 17 5.3 12 60 M M 9 18 15 50
19 2 -16 -7 -24 72 0 0.04 0.3 18 6.8 14 280 M M 7 18 290
20 -8 -15 -11 -27 76 0 T 0.1 17 10.4 22 290 M M 8 8 29 310
21 -11 -20 -15 -31 80 0 0.06 1.3 17 11.3 23 310 M M 8 8 31 310
22 -11 -20 -15 -31 80 0 T T 17 20.2 30 310 M M 10 8 43 310
23 -7 -14 -10 -26 75 0 0.00 0.0 15 16.0 29 320 M M 3 8 41 320
24 2 -16 -7 -22 72 0 0.00 0.0 12 3.4 12 290 M M 3 8 13 290
25 19 -14 3 -12 62 0 0.13 2.1 12 13.4 33 320 M M 8 18 47 320
26 15 -14 1 -14 64 0 0.01 0.2 13 6.4 16 200 M M 6 18 21 200
27 28 12 20 6 45 0 0.00 0.0 12 5.0 13 70 M M 1 14 70
28 40 13 27 13 38 0 0.00 0.0 12 2.1 9 70 M M 1 128 11 70
29 29 12 21 7 44 0 T T 12 9.8 23 310 M M 7 1 30 320
30 20 10 15 1 50 0 T T 12 5.7 12 70 M M 4 2 13 70
31 22 5 14 0 51 0 0.00 0.0 12 2.8 10 120 M M 6 128 12 120
================================================================================
SM 520 -14 1753 0 1.57 30.0 303.1 M 163
================================================================================
AV 16.8 -0.5 9.8 FASTST M M 5 MAX(MPH)
MISC ----> 37 310 52 310
================================================================================
NOTES:
# LAST OF SEVERAL OCCURRENCES
COLUMN 17 PEAK WIND IN M.P.H.
PRELIMINARY LOCAL CLIMATOLOGICAL DATA (WS FORM: F-6) , PAGE 2
STATION: BISMARCK ND
MONTH: DECEMBER
YEAR: 2022
LATITUDE: 46 46 N
LONGITUDE: 100 45 W
[TEMPERATURE DATA] [PRECIPITATION DATA] SYMBOLS USED IN COLUMN 16
AVERAGE MONTHLY: 8.2 TOTAL FOR MONTH: 1.57 1 = FOG OR MIST
DPTR FM NORMAL: -9.7 DPTR FM NORMAL: 0.97 2 = FOG REDUCING VISIBILITY
HIGHEST: 40 ON 28 GRTST 24HR 0.56 ON 13-13 TO 1/4 MILE OR LESS
LOWEST: -20 ON 22,21 3 = THUNDER
SNOW, ICE PELLETS, HAIL 4 = ICE PELLETS
TOTAL MONTH: 30.1 INCHES 5 = HAIL
GRTST 24HR 10.4 ON 13-13 6 = FREEZING RAIN OR DRIZZLE
GRTST DEPTH: 18 ON 19 7 = DUSTSTORM OR SANDSTORM:
VSBY 1/2 MILE OR LESS
8 = SMOKE OR HAZE
[NO. OF DAYS WITH] [WEATHER - DAYS WITH] 9 = BLOWING SNOW
X = TORNADO
MAX 32 OR BELOW: 29 0.01 INCH OR MORE: 14
MAX 90 OR ABOVE: 0 0.10 INCH OR MORE: 6
MIN 32 OR BELOW: 31 0.50 INCH OR MORE: 1
MIN 0 OR BELOW: 16 1.00 INCH OR MORE: 0
[HDD (BASE 65) ]
TOTAL THIS MO. 1753 CLEAR (SCALE 0-3) 11
DPTR FM NORMAL 293 PTCLDY (SCALE 4-7) 14
TOTAL FM JUL 1 3627 CLOUDY (SCALE 8-10) 6
DPTR FM NORMAL 236
[CDD (BASE 65) ]
TOTAL THIS MO. 0
DPTR FM NORMAL 0 [PRESSURE DATA]
TOTAL FM JAN 1 755 HIGHEST SLP 30.79 ON 20
DPTR FM NORMAL 219 LOWEST SLP 29.25 ON 27
[REMARKS]
#FINAL-12-22#