000
CXUS53 KBIS 010830
CF6BIS
PRELIMINARY LOCAL CLIMATOLOGICAL DATA (WS FORM: F-6)
STATION: BISMARCK ND
MONTH: APRIL
YEAR: 2020
LATITUDE: 46 46 N
LONGITUDE: 100 45 W
TEMPERATURE IN F: :PCPN: SNOW: WIND :SUNSHINE: SKY :PK WND
================================================================================
1 2 3 4 5 6A 6B 7 8 9 10 11 12 13 14 15 16 17 18
12Z AVG MX 2MIN
DY MAX MIN AVG DEP HDD CDD WTR SNW DPTH SPD SPD DIR MIN PSBL S-S WX SPD DR
================================================================================
1 43 19 31 -6 34 0 0.02 0.1 0 14.9 30 310 M M 8 18 37 320
2 19 13 16 -22 49 0 0.31 5.0 T 16.9 28 320 M M 10 128 40 350
3 27 8 18 -20 47 0 0.06 1.0 5 9.2 20 330 M M 4 1 26 320
4 37 8 23 -16 42 0 0.00 0.0 3 11.5 26 140 M M 3 32 140
5 45 23 34 -5 31 0 0.00 0.0 T 9.6 23 90 M M 3 27 90
6 62 30 46 6 19 0 0.00 0.0 0 4.7 13 110 M M 0 17 80
7 64 36 50 10 15 0 0.00 0.0 0 7.9 22 280 M M 4 31 320
8 48 32 40 -1 25 0 T T 0 19.1 36 320 M M 5 28 53 280
9 42 23 33 -8 32 0 T T 0 13.9 35 310 M M 2 8 47 310
10 59 26 43 1 22 0 0.00 0.0 0 5.0 12 10 M M 4 15 230
11 42 30 36 -6 29 0 T T 0 13.6 22 360 M M 8 1 31 340
12 35 22 29 -13 36 0 0.02 T 0 13.3 26 320 M M 7 8 40 310
13 27 15 21 -22 44 0 0.03 0.4 T 13.5 30 310 M M 8 46 280
14 35 12 24 -19 41 0 0.00 0.0 T 7.1 16 280 M M 4 22 290
15 42 16 29 -15 36 0 0.00 0.0 0 6.0 18 330 M M 3 25 320
16 45 21 33 -11 32 0 0.00 0.0 0 8.8 22 330 M M 3 30 340
17 60 24 42 -3 23 0 0.00 0.0 0 10.7 25 220 M M 0 33 210
18 58 34 46 1 19 0 0.00 0.0 0 13.5 28 320 M M 6 8 39 340
19 58 24 41 -5 24 0 0.00 0.0 0 9.2 24 280 M M 0 35 280
20 62 31 47 1 18 0 0.00 0.0 0 14.7 35 320 M M 3 8 46 310
21 79 29 54 8 11 0 0.00 0.0 0 8.1 26 270 M M 3 8 36 270
22 77 37 57 10 8 0 T 0.0 0 7.7 21 340 M M 4 29 340
23 66 39 53 6 12 0 T 0.0 0 6.5 22 260 M M 6 28 290
24 69 34 52 4 13 0 T 0.0 0 6.3 23 280 M M 5 29 290
25 63 41 52 4 13 0 T 0.0 0 8.2 18 320 M M 6 25 340
26 73 35 54 6 11 0 T 0.0 0 10.8 30 230 M M 3 8 39 220
27 73 35 54 5 11 0 0.01 0.0 0 7.2 22 150 M M 3 28 150
28 69 45 57 8 8 0 0.02 0.0 0 16.8 36 310 M M 5 8 47 310
29 69 45 57 7 8 0 0.00 0.0 0 8.4 25 330 M M 3 34 340
30 79 40 60 10 5 0 0.00 0.0 0 10.4 24 160 M M 0 30 150
================================================================================
SM 1627 827 718 0 0.47 6.5 313.5 M 123
================================================================================
AV 54.2 27.6 10.4 FASTST M M 4 MAX(MPH)
MISC ----> # 36 320 # 53 280
================================================================================
NOTES:
# LAST OF SEVERAL OCCURRENCES
COLUMN 17 PEAK WIND IN M.P.H.
PRELIMINARY LOCAL CLIMATOLOGICAL DATA (WS FORM: F-6) , PAGE 2
STATION: BISMARCK ND
MONTH: APRIL
YEAR: 2020
LATITUDE: 46 46 N
LONGITUDE: 100 45 W
[TEMPERATURE DATA] [PRECIPITATION DATA] SYMBOLS USED IN COLUMN 16
AVERAGE MONTHLY: 40.9 TOTAL FOR MONTH: 0.47 1 = FOG OR MIST
DPTR FM NORMAL: -2.9 DPTR FM NORMAL: -0.79 2 = FOG REDUCING VISIBILITY
HIGHEST: 79 ON 30,21 GRTST 24HR 0.31 ON 2- 2 TO 1/4 MILE OR LESS
LOWEST: 8 ON 4, 3 3 = THUNDER
SNOW, ICE PELLETS, HAIL 4 = ICE PELLETS
TOTAL MONTH: 6.5 INCHES 5 = HAIL
GRTST 24HR 5.0 ON 2- 2 6 = FREEZING RAIN OR DRIZZLE
GRTST DEPTH: 5 ON 3 7 = DUSTSTORM OR SANDSTORM:
VSBY 1/2 MILE OR LESS
8 = SMOKE OR HAZE
[NO. OF DAYS WITH] [WEATHER - DAYS WITH] 9 = BLOWING SNOW
X = TORNADO
MAX 32 OR BELOW: 3 0.01 INCH OR MORE: 7
MAX 90 OR ABOVE: 0 0.10 INCH OR MORE: 1
MIN 32 OR BELOW: 19 0.50 INCH OR MORE: 0
MIN 0 OR BELOW: 0 1.00 INCH OR MORE: 0
[HDD (BASE 65) ]
TOTAL THIS MO. 718 CLEAR (SCALE 0-3) 13
DPTR FM NORMAL 82 PTCLDY (SCALE 4-7) 16
TOTAL FM JUL 1 7948 CLOUDY (SCALE 8-10) 1
DPTR FM NORMAL -207
[CDD (BASE 65) ]
TOTAL THIS MO. 0
DPTR FM NORMAL -1 [PRESSURE DATA]
TOTAL FM JAN 1 0 HIGHEST SLP 30.41 ON 3
DPTR FM NORMAL -1 LOWEST SLP 29.60 ON 6
[REMARKS]
#FINAL-04-20#