000
CXUS53 KBIS 051540
CLSBIS
CLIMATE REPORT
NATIONAL WEATHER SERVICE BISMARCK, ND
1015 AM CDT SUN SEP 05 2021
...................................
...THE BISMARCK ND CLIMATE SUMMARY FOR THE SEASON, FROM
6/1/2021 TO 8/31/2021...
CLIMATE NORMAL PERIOD: 1991 TO 2020
CLIMATE RECORD PERIOD: 1875 TO 2021
WEATHER OBSERVED NORMAL DEPART LAST YEAR`S
VALUE DATE(S) VALUE FROM VALUE DATE(S)
NORMAL
................................................................
TEMPERATURE (F)
RECORD
HIGH 114 07/06/1936
LOW 30 06/02/1969
HIGHEST 107 07/03 MM MM 100 08/19
LOWEST 48 06/21 MM MM 44 06/19
06/22
06/03
06/05
AVG. MAXIMUM 89.8 82.0 7.8 86.8
AVG. MINIMUM 57.7 55.5 2.2 58.6
MEAN 73.8 68.8 5.0 72.7
DAYS MAX >= 90 46 17.9 28.1 31
DAYS MAX <= 32 0 0.0 0.0 0
DAYS MIN <= 32 0 0.1 -0.1 0
DAYS MIN <= 0 0 0.0 0.0 0
PRECIPITATION (INCHES)
RECORD
MAXIMUM 14.22 2001
MINIMUM 4.48 2012
TOTALS 4.25 8.93 -4.68 4.83
DAILY AVG. 0.04 0.10 -0.06 0.05
DAYS >= .01 20 29.3 -9.3 21
DAYS >= .10 11 16.8 -5.8 13
DAYS >= .50 2 5.6 -3.6 1
DAYS >= 1.00 0 1.8 -1.8 1
GREATEST
24 HR. TOTAL 1.09 MM 1.79
STORM TOTAL 0.92 MM
(MM/DD(HH)) MM
SNOWFALL (INCHES)
RECORDS
TOTAL T 2019
TOTALS 0.0 0.0
SINCE 7/1 0.0
DEGREE DAYS
HEATING TOTAL 11
COOLING TOTAL 947
................................................................
WIND (MPH)
HIGHEST WIND SPEED/DIRECTION 53/120 DATE 06/08
HIGHEST GUST SPEED/DIRECTION 69/120 DATE 06/08
- INDICATES NEGATIVE NUMBERS.
R INDICATES RECORD WAS SET OR TIED.
MM INDICATES DATA IS MISSING.
T INDICATES TRACE AMOUNT.
...................................