000
CXUS53 KGRR 010910
CF6BIV
PRELIMINARY LOCAL CLIMATOLOGICAL DATA (WS FORM: F-6)
STATION: HOLLAND
MONTH: APRIL
YEAR: 2022
LATITUDE: 42 49 N
LONGITUDE: 86 10 W
TEMPERATURE IN F: :PCPN: SNOW: WIND :SUNSHINE: SKY :PK WND
================================================================================
1 2 3 4 5 6A 6B 7 8 9 10 11 12 13 14 15 16 17 18
12Z AVG MX 2MIN
DY MAX MIN AVG DEP HDD CDD WTR SNW DPTH SPD SPD DIR MIN PSBL S-S WX SPD DR
================================================================================
1 37 28 33 -9 32 0 0.02 M M 8.0 17 320 M M 7 1 27 310
2 42 27 35 -7 30 0 0.10 M M 5.7 12 190 M M 5 1 16 180
3 46 35 41 -1 24 0 0.00 M M 4.9 13 260 M M 6 1 16 250
4 50 38 44 1 21 0 0.28 M M 8.3 17 140 M M 10 1 22 140
5 58 33 46 3 19 0 0.00 M M 7.2 15 90 M M 5 1 22 100
6 54 44 49 5 16 0 0.58 M M 14.3 25 230 M M 9 1 35 230
7 44 38 41 -3 24 0 0.07 M M 15.7 24 230 M M 10 18 35 240
8 43 33 38 -6 27 0 0.02 M M 8.7 20 320 M M 9 1 27 300
9 41 31 36 -9 29 0 0.04 M M 7.9 18 290 M M 8 1 31 290
10 60 25 43 -2 22 0 0.00 M M 9.6 24 130 M M 0 34 130
11 58 38 48 3 17 0 T M M 11.7 22 250 M M 2 3 33 150
12 69 35 52 6 13 0 0.00 M M 10.1 23 160 M M 2 32 140
13 68 43 56 10 9 0 0.69 M M 13.9 31 230 M M 9 1 54 310
14 48 37 43 -3 22 0 0.17 M M 19.8 37 230 M M 4 1 52 250
15 45 40 43 -4 22 0 T M M 15.1 26 250 M M 8 43 240
16 40 28 34 -13 31 0 0.00 M M 7.6 18 290 M M 7 26 300
17 47 29 38 -10 27 0 0.00 M M 7.3 15 110 M M 3 22 120
18 38 32 35 -13 30 0 0.30 M M 8.4 17 310 M M 10 1 27 310
19 43 31 37 -11 28 0 T M M 11.0 23 310 M M 7 35 320
20 51 30 41 -8 24 0 0.12 M M 11.5 24 150 M M 6 35 140
21 61 41 51 2 14 0 0.26 M M 13.6 30 240 M M 5 1 44 220
22 51 38 45 -5 20 0 1.55 M M 10.7 26 110 M M 6 13 38 110
23 82 50 66 16 0 1 0.00 M M 14.1 25 210 M M 2 36 230
24 74 54 64 14 1 0 0.21 M M 18.6 28 220 M M 6 13 45 210
25 54 42 48 -3 17 0 0.00 M M 10.8 20 270 M M 7 27 260
26 42 35 39 -12 26 0 0.00 M M 11.8 20 300 M M 10 29 300
27 41 32 37 -14 28 0 0.00 M M 8.0 16 280 M M 6 23 330
28 51 33 42 -10 23 0 0.00 M M 9.3 20 110 M M 7 26 100
29 64 44 54 2 11 0 0.00 M M 12.8 20 120 M M 5 27 130
30 59 49 54 2 11 0 0.65 M M 16.8 28 110 M M 10 13 39 140
================================================================================
SM 1561 1093 618 1 5.06 M 333.2 M 191
================================================================================
AV 52.0 36.4 11.1 FASTST M M 6 MAX(MPH)
MISC ----> 37 230 54 310
================================================================================
NOTES:
# LAST OF SEVERAL OCCURRENCES
COLUMN 17 PEAK WIND IN M.P.H.
PRELIMINARY LOCAL CLIMATOLOGICAL DATA (WS FORM: F-6) , PAGE 2
STATION: HOLLAND
MONTH: APRIL
YEAR: 2022
LATITUDE: 42 49 N
LONGITUDE: 86 10 W
[TEMPERATURE DATA] [PRECIPITATION DATA] SYMBOLS USED IN COLUMN 16
AVERAGE MONTHLY: 44.2 TOTAL FOR MONTH: 5.06 1 = FOG OR MIST
DPTR FM NORMAL: -2.9 DPTR FM NORMAL: 1.56 2 = FOG REDUCING VISIBILITY
HIGHEST: 82 ON 23 GRTST 24HR 1.55 ON 22-22 TO 1/4 MILE OR LESS
LOWEST: 25 ON 10 3 = THUNDER
SNOW, ICE PELLETS, HAIL 4 = ICE PELLETS
TOTAL MONTH: M 5 = HAIL
GRTST 24HR M ON M 6 = FREEZING RAIN OR DRIZZLE
GRTST DEPTH: M ON M 7 = DUSTSTORM OR SANDSTORM:
VSBY 1/2 MILE OR LESS
8 = SMOKE OR HAZE
[NO. OF DAYS WITH] [WEATHER - DAYS WITH] 9 = BLOWING SNOW
X = TORNADO
MAX 32 OR BELOW: 0 0.01 INCH OR MORE: 15
MAX 90 OR ABOVE: 0 0.10 INCH OR MORE: 11
MIN 32 OR BELOW: 10 0.50 INCH OR MORE: 4
MIN 0 OR BELOW: 0 1.00 INCH OR MORE: 1
[HDD (BASE 65) ]
TOTAL THIS MO. 618 CLEAR (SCALE 0-3) 4
DPTR FM NORMAL 78 PTCLDY (SCALE 4-7) 18
TOTAL FM JUL 1 5760 CLOUDY (SCALE 8-10) 8
DPTR FM NORMAL -280
[CDD (BASE 65) ]
TOTAL THIS MO. 1
DPTR FM NORMAL -2 [PRESSURE DATA]
TOTAL FM JAN 1 1 HIGHEST SLP 30.50 ON 22
DPTR FM NORMAL -3 LOWEST SLP 29.41 ON 6
[REMARKS]
#FINAL-04-22#