000
CXUS51 KRLX 020420
CF6BKW
PRELIMINARY LOCAL CLIMATOLOGICAL DATA (WS FORM: F-6)
STATION: BECKLEY WV
MONTH: AUGUST
YEAR: 2022
LATITUDE: 37 46 N
LONGITUDE: 81 7 W
TEMPERATURE IN F: :PCPN: SNOW: WIND :SUNSHINE: SKY :PK WND
================================================================================
1 2 3 4 5 6A 6B 7 8 9 10 11 12 13 14 15 16 17 18
12Z AVG MX 2MIN
DY MAX MIN AVG DEP HDD CDD WTR SNW DPTH SPD SPD DIR MIN PSBL S-S WX SPD DR
================================================================================
1 80 67 74 3 0 9 0.26 0.0 0 7.2 18 270 M M 8 1 24 260
2 83 66 75 4 0 10 T 0.0 0 7.6 17 280 M M 6 22 330
3 87 63 75 4 0 10 0.00 0.0 0 3.2 10 240 M M 1 13 15 270
4 85 66 76 5 0 11 0.00 0.0 0 4.4 14 260 M M 1 19 220
5 85 65 75 4 0 10 0.70 0.0 0 4.4 21 230 M M 4 13 29 210
6 82 66 74 3 0 9 0.00 0.0 0 6.5 16 260 M M 4 21 260
7 85 65 75 4 0 10 T 0.0 0 3.7 9 310 M M 3 3 13 330
8 86 65 76 5 0 11 0.00 0.0 0 5.1 13 240 M M 2 17 210
9 86 68 77 6 0 12 0.00 0.0 0 6.1 16 280 M M 2 3 22 270
10 84 67 76 5 0 11 0.12 0.0 0 5.7 18 230 M M 4 13 26 230
11 78 64 71 0 0 6 0.28 0.0 0 6.7 15 310 M M 6 1 24 310
12 74 55 65 -6 0 0 0.00 0.0 0 5.9 16 360 M M 4 21 350
13 77 52 65 -6 0 0 0.00 0.0 0 4.4 10 180 M M 2 17 140
14 74 61 68 -3 0 3 0.54 0.0 0 4.2 12 220 M M 8 1 17 230
15 78 62 70 -1 0 5 0.36 0.0 0 4.5 15 10 M M 7 1 20 10
16 70 58 64 -7 1 0 1.39 0.0 0 4.1 20 140 M M 9 1 25 140
17 74 56 65 -6 0 0 0.07 0.0 0 4.1 12 100 M M 6 1 20 130
18 77 54 66 -5 0 1 0.00 0.0 0 3.2 13 340 M M 1 1 17 310
19 78 58 68 -2 0 3 T 0.0 0 5.1 13 150 M M 4 3 19 140
20 81 59 70 0 0 5 0.00 0.0 0 5.8 12 170 M M 2 15 170
21 76 64 70 0 0 5 0.48 0.0 0 5.5 13 210 M M 6 13 17 110
22 76 62 69 -1 0 4 0.29 0.0 0 4.7 20 330 M M 6 18 24 300
23 78 59 69 -1 0 4 0.00 0.0 0 3.6 10 350 M M 5 12 19 350
24 80 57 69 -1 0 4 0.00 0.0 0 0.9 6 40 M M 2 1 13 40
25 82 60 71 1 0 6 0.00 0.0 0 3.9 12 220 M M 2 15 260
26 82 60 71 1 0 6 0.06 0.0 0 4.4 20 340 M M 3 13 24 20
27 81 60 71 1 0 6 0.02 0.0 0 3.3 9 10 M M 2 12 12 10
28 84 63 74 4 0 9 0.00 0.0 0 6.0 13 120 M M 1 19 150
29 84 66 75 6 0 10 0.03 0.0 0 4.6 9 150 M M 2 13 150
30 78 63 71 2 0 6 0.62 0.0 0 5.6 24 290 M M 5 123 33 290
31 76 58 67 -2 0 2 0.00 0.0 0 5.7 14 320 M M 3 1 19 310
================================================================================
SM 2481 1909 1 188 5.22 0.0 150.1 M 121
================================================================================
AV 80.0 61.6 4.8 FASTST M M 4 MAX(MPH)
MISC ----> 24 290 33 290
================================================================================
NOTES:
# LAST OF SEVERAL OCCURRENCES
COLUMN 17 PEAK WIND IN M.P.H.
PRELIMINARY LOCAL CLIMATOLOGICAL DATA (WS FORM: F-6) , PAGE 2
STATION: BECKLEY WV
MONTH: AUGUST
YEAR: 2022
LATITUDE: 37 46 N
LONGITUDE: 81 7 W
[TEMPERATURE DATA] [PRECIPITATION DATA] SYMBOLS USED IN COLUMN 16
AVERAGE MONTHLY: 70.8 TOTAL FOR MONTH: 5.22 1 = FOG OR MIST
DPTR FM NORMAL: 0.3 DPTR FM NORMAL: 1.54 2 = FOG REDUCING VISIBILITY
HIGHEST: 87 ON 3 GRTST 24HR 1.39 ON 16-16 TO 1/4 MILE OR LESS
LOWEST: 52 ON 13 3 = THUNDER
SNOW, ICE PELLETS, HAIL 4 = ICE PELLETS
TOTAL MONTH: 0.0 INCH 5 = HAIL
GRTST 24HR 0.0 6 = FREEZING RAIN OR DRIZZLE
GRTST DEPTH: 0 7 = DUSTSTORM OR SANDSTORM:
VSBY 1/2 MILE OR LESS
8 = SMOKE OR HAZE
[NO. OF DAYS WITH] [WEATHER - DAYS WITH] 9 = BLOWING SNOW
X = TORNADO
MAX 32 OR BELOW: 0 0.01 INCH OR MORE: 14
MAX 90 OR ABOVE: 0 0.10 INCH OR MORE: 10
MIN 32 OR BELOW: 0 0.50 INCH OR MORE: 4
MIN 0 OR BELOW: 0 1.00 INCH OR MORE: 1
[HDD (BASE 65) ]
TOTAL THIS MO. 1 CLEAR (SCALE 0-3) 14
DPTR FM NORMAL -8 PTCLDY (SCALE 4-7) 16
TOTAL FM JUL 1 1 CLOUDY (SCALE 8-10) 1
DPTR FM NORMAL -8
[CDD (BASE 65) ]
TOTAL THIS MO. 188
DPTR FM NORMAL 9 [PRESSURE DATA]
TOTAL FM JAN 1 641 HIGHEST SLP 30.25 ON 6
DPTR FM NORMAL 63 LOWEST SLP 29.84 ON 15
[REMARKS]
#FINAL-08-22#