000
CXUS51 KRLX 031314
CF6BKW
PRELIMINARY LOCAL CLIMATOLOGICAL DATA (WS FORM: F-6)
STATION: BECKLEY WV
MONTH: JANUARY
YEAR: 2022
LATITUDE: 37 46 N
LONGITUDE: 81 7 W
TEMPERATURE IN F: :PCPN: SNOW: WIND :SUNSHINE: SKY :PK WND
================================================================================
1 2 3 4 5 6A 6B 7 8 9 10 11 12 13 14 15 16 17 18
12Z AVG MX 2MIN
DY MAX MIN AVG DEP HDD CDD WTR SNW DPTH SPD SPD DIR MIN PSBL S-S WX SPD DR
================================================================================
1 68 52 60 27 5 0 2.10 0.0 0 8.4 29 230 M M 8 1 40 210
2 54 33 44 11 21 0 0.50 T 0 7.9 18 350 M M 10 12 22 340
3 33 21 27 -6 38 0 0.22 2.8 1 11.4 22 340 M M 10 126 30 360
4 36 14 25 -8 40 0 0.00 0.0 2 8.5 18 160 M M 0 26 140
5 46 30 38 5 27 0 0.00 0.0 0 12.6 21 220 M M 0 30 210
6 37 19 28 -4 37 0 0.38 6.7 0 5.8 20 260 M M 5 128 27 260
7 19 10 15 -17 50 0 0.01 1.5 8 9.4 18 320 M M 10 18 23 320
8 32 7 20 -12 45 0 0.00 0.0 5 9.2 17 130 M M 1 1 28 120
9 47 28 38 6 27 0 0.68 0.0 3 9.6 24 330 M M 8 12 31 330
10 30 18 24 -8 41 0 0.00 0.0 0 11.6 21 290 M M 3 29 260
11 30 12 21 -11 44 0 0.00 0.0 0 6.7 16 300 M M 1 23 330
12 46 28 37 5 28 0 0.00 0.0 0 8.3 20 270 M M 0 25 270
13 41 29 35 3 30 0 0.00 0.0 0 4.7 15 200 M M 6 19 200
14 37 28 33 1 32 0 T 0.0 0 7.9 14 330 M M 10 18 340
15 32 25 29 -3 36 0 0.00 0.0 0 5.6 15 130 M M 8 21 130
16 32 20 26 -6 39 0 0.39 3.0 0 13.7 33 110 M M 8 12689 42 120
17 28 20 24 -8 41 0 0.13 5.0 5 15.4 30 290 M M 10 12 40 300
18 30 21 26 -6 39 0 0.01 T 7 8.2 18 310 M M 7 18 27 300
19 42 27 35 3 30 0 0.29 0.0 4 7.7 17 220 M M 6 12 25 210
20 38 17 28 -4 37 0 0.28 2.1 5 9.2 15 330 M M 10 12 19 340
21 18 15 17 -15 48 0 T 0.1 5 6.3 10 360 M M 10 1 14 360
22 30 6 18 -14 47 0 0.00 T 4 3.9 9 240 M M 5 1 15 240
23 34 18 26 -6 39 0 0.01 T 1 9.1 21 260 M M 7 1 30 260
24 39 18 29 -3 36 0 T T 3 8.5 20 200 M M 6 24 200
25 38 21 30 -2 35 0 0.00 0.0 1 6.9 16 340 M M 10 12 19 340
26 27 11 19 -13 46 0 T T 1 6.4 13 300 M M 5 8 17 300
27 41 14 28 -4 37 0 0.00 0.0 T 6.4 14 260 M M 3 18 150
28 36 20 28 -4 37 0 0.12 2.5 T 6.1 20 350 M M 10 1 25 330
29 20 5 13 -19 52 0 0.01 0.6 3 10.6 22 350 M M 5 19 28 310
30 38 7 23 -10 42 0 0.00 0.0 2 6.8 18 270 M M 4 23 280
31 42 20 31 -2 34 0 0.00 0.0 1 5.2 13 150 M M 1 19 140
================================================================================
SM 1121 614 1140 0 5.13 24.3 258.0 M 187
================================================================================
AV 36.2 19.8 8.3 FASTST M M 6 MAX(MPH)
MISC ----> 33 110 42 120
================================================================================
NOTES:
# LAST OF SEVERAL OCCURRENCES
COLUMN 17 PEAK WIND IN M.P.H.
PRELIMINARY LOCAL CLIMATOLOGICAL DATA (WS FORM: F-6) , PAGE 2
STATION: BECKLEY WV
MONTH: JANUARY
YEAR: 2022
LATITUDE: 37 46 N
LONGITUDE: 81 7 W
[TEMPERATURE DATA] [PRECIPITATION DATA] SYMBOLS USED IN COLUMN 16
AVERAGE MONTHLY: 28.0 TOTAL FOR MONTH: 5.13 1 = FOG OR MIST
DPTR FM NORMAL: -4.2 DPTR FM NORMAL: 2.00 2 = FOG REDUCING VISIBILITY
HIGHEST: 68 ON 1 GRTST 24HR 2.28 ON 1- 2 TO 1/4 MILE OR LESS
LOWEST: 5 ON 29 3 = THUNDER
SNOW, ICE PELLETS, HAIL 4 = ICE PELLETS
TOTAL MONTH: 24.3 INCHES 5 = HAIL
GRTST 24HR 6.7 ON 6- 6 6 = FREEZING RAIN OR DRIZZLE
GRTST DEPTH: 8 ON 7 7 = DUSTSTORM OR SANDSTORM:
VSBY 1/2 MILE OR LESS
8 = SMOKE OR HAZE
[NO. OF DAYS WITH] [WEATHER - DAYS WITH] 9 = BLOWING SNOW
X = TORNADO
MAX 32 OR BELOW: 12 0.01 INCH OR MORE: 14
MAX 90 OR ABOVE: 0 0.10 INCH OR MORE: 10
MIN 32 OR BELOW: 29 0.50 INCH OR MORE: 3
MIN 0 OR BELOW: 0 1.00 INCH OR MORE: 1
[HDD (BASE 65) ]
TOTAL THIS MO. 1140 CLEAR (SCALE 0-3) 8
DPTR FM NORMAL 125 PTCLDY (SCALE 4-7) 12
TOTAL FM JUL 1 2757 CLOUDY (SCALE 8-10) 11
DPTR FM NORMAL -232
[CDD (BASE 65) ]
TOTAL THIS MO. 0
DPTR FM NORMAL 0 [PRESSURE DATA]
TOTAL FM JAN 1 0 HIGHEST SLP 30.60 ON 11
DPTR FM NORMAL 0 LOWEST SLP 29.32 ON 17
[REMARKS]
#FINAL-01-22#