000
CXUS51 KRLX 021914
CF6BKW
PRELIMINARY LOCAL CLIMATOLOGICAL DATA (WS FORM: F-6)
STATION: BECKLEY WV
MONTH: JANUARY
YEAR: 2021
LATITUDE: 37 46 N
LONGITUDE: 81 7 W
TEMPERATURE IN F: :PCPN: SNOW: WIND :SUNSHINE: SKY :PK WND
================================================================================
1 2 3 4 5 6A 6B 7 8 9 10 11 12 13 14 15 16 17 18
12Z AVG MX 2MIN
DY MAX MIN AVG DEP HDD CDD WTR SNW DPTH SPD SPD DIR MIN PSBL S-S WX SPD DR
================================================================================
1 46 36 41 10 24 0 0.41 0.0 0 14.0 22 140 M M 8 12 38 120
2 53 41 47 16 18 0 T 0.0 0 7.5 18 130 M M 6 1 24 120
3 49 33 41 10 24 0 0.11 T 0 8.1 16 300 M M 10 1 25 150
4 39 27 33 2 32 0 0.03 0.2 T 5.1 13 280 M M 8 1 17 260
5 36 29 33 2 32 0 0.01 T 0 5.6 16 310 M M 10 1 21 310
6 30 28 29 -2 36 0 0.03 0.1 T 8.1 15 310 M M 10 1 19 310
7 29 26 28 -3 37 0 0.00 0.0 0 5.3 15 360 M M 8 19 360
8 32 26 29 -2 36 0 0.02 0.1 0 6.1 15 340 M M 10 1 19 320
9 28 23 26 -5 39 0 0.00 0.0 0 8.2 15 330 M M 10 18 19 330
10 41 16 29 -2 36 0 0.00 0.0 0 2.3 8 160 M M 0 1 11 160
11 35 26 31 0 34 0 T T 0 4.5 12 280 M M 8 1 14 260
12 42 26 34 3 31 0 0.00 0.0 0 5.9 14 260 M M 5 1 17 240
13 45 24 35 4 30 0 0.00 0.0 0 4.9 13 220 M M 0 1 16 220
14 46 25 36 5 29 0 0.00 0.0 0 6.5 14 220 M M 0 19 220
15 39 26 33 2 32 0 0.07 0.4 0 7.9 17 250 M M 4 12 27 140
16 31 23 27 -4 38 0 0.11 4.2 0 7.9 20 270 M M 9 128 26 270
17 33 28 31 0 34 0 0.09 2.4 3 7.6 16 230 M M 10 128 22 220
18 30 26 28 -3 37 0 0.04 1.6 5 8.8 18 260 M M 10 1 24 250
19 39 27 33 2 32 0 T T 4 6.0 16 270 M M 7 18 22 270
20 35 25 30 -1 35 0 0.00 0.0 T 12.9 28 280 M M 5 42 280
21 35 29 32 1 33 0 0.08 1.0 1 10.2 20 250 M M 7 18 26 260
22 40 27 34 3 31 0 0.00 0.0 T 8.6 20 280 M M 3 1 28 280
23 30 17 24 -7 41 0 0.00 0.0 0 6.8 16 320 M M 1 21 300
24 38 16 27 -4 38 0 0.09 T 0 4.3 12 140 M M 8 1 17 130
25 43 36 40 9 25 0 1.52 0.0 0 5.8 17 150 M M 10 12 26 130
26 60 41 51 20 14 0 0.40 0.0 0 11.8 26 260 M M 5 1 35 260
27 43 26 35 3 30 0 0.14 3.8 0 8.0 16 290 M M 10 1 21 290
28 26 17 22 -10 43 0 0.05 2.1 5 13.5 21 320 M M 10 18 32 330
29 27 14 21 -11 44 0 T T 4 7.9 17 320 M M 5 18 21 320
30 40 12 26 -6 39 0 0.08 1.2 3 5.9 16 110 M M 3 18 21 110
31 34 30 32 0 33 0 0.20 2.0 5 12.1 20 130 M M 10 16 29 140
================================================================================
SM 1174 806 1017 0 3.48 19.1 238.1 M 210
================================================================================
AV 37.9 26.0 7.7 FASTST M M 7 MAX(MPH)
MISC ----> 28 280 42 280
================================================================================
NOTES:
# LAST OF SEVERAL OCCURRENCES
COLUMN 17 PEAK WIND IN M.P.H.
PRELIMINARY LOCAL CLIMATOLOGICAL DATA (WS FORM: F-6) , PAGE 2
STATION: BECKLEY WV
MONTH: JANUARY
YEAR: 2021
LATITUDE: 37 46 N
LONGITUDE: 81 7 W
[TEMPERATURE DATA] [PRECIPITATION DATA] SYMBOLS USED IN COLUMN 16
AVERAGE MONTHLY: 31.9 TOTAL FOR MONTH: 3.48 1 = FOG OR MIST
DPTR FM NORMAL: 0.8 DPTR FM NORMAL: 0.67 2 = FOG REDUCING VISIBILITY
HIGHEST: 60 ON 26 GRTST 24HR 1.69 ON 25-26 TO 1/4 MILE OR LESS
LOWEST: 12 ON 30 3 = THUNDER
SNOW, ICE PELLETS, HAIL 4 = ICE PELLETS
TOTAL MONTH: 19.1 INCHES 5 = HAIL
GRTST 24HR 4.2 ON 16-16 6 = FREEZING RAIN OR DRIZZLE
GRTST DEPTH: 5 ON 31,28 7 = DUSTSTORM OR SANDSTORM:
VSBY 1/2 MILE OR LESS
8 = SMOKE OR HAZE
[NO. OF DAYS WITH] [WEATHER - DAYS WITH] 9 = BLOWING SNOW
X = TORNADO
MAX 32 OR BELOW: 9 0.01 INCH OR MORE: 18
MAX 90 OR ABOVE: 0 0.10 INCH OR MORE: 7
MIN 32 OR BELOW: 26 0.50 INCH OR MORE: 1
MIN 0 OR BELOW: 0 1.00 INCH OR MORE: 1
[HDD (BASE 65) ]
TOTAL THIS MO. 1017 CLEAR (SCALE 0-3) 5
DPTR FM NORMAL -34 PTCLDY (SCALE 4-7) 12
TOTAL FM JUL 1 2817 CLOUDY (SCALE 8-10) 14
DPTR FM NORMAL -326
[CDD (BASE 65) ]
TOTAL THIS MO. 0
DPTR FM NORMAL 0 [PRESSURE DATA]
TOTAL FM JAN 1 0 HIGHEST SLP 30.53 ON 28
DPTR FM NORMAL 0 LOWEST SLP 29.61 ON 15
[REMARKS]
#FINAL-01-21#