787
CXUS51 KRNK 011335
CF6BLF
PRELIMINARY LOCAL CLIMATOLOGICAL DATA (WS FORM: F-6)
STATION: BLUEFIELD WV
MONTH: JANUARY
YEAR: 2021
LATITUDE: 37 17 N
LONGITUDE: 81 12 W
TEMPERATURE IN F: :PCPN: SNOW: WIND :SUNSHINE: SKY :PK WND
================================================================================
1 2 3 4 5 6A 6B 7 8 9 10 11 12 13 14 15 16 17 18
12Z AVG MX 2MIN
DY MAX MIN AVG DEP HDD CDD WTR SNW DPTH SPD SPD DIR MIN PSBL S-S WX SPD DR
================================================================================
1 47 35 41 7 24 0 0.12 0.0 0 8.9 18 170 M M 9 12 34 170
2 55 44 50 16 15 0 0.00 0.0 0 8.1 25 270 M M 6 36 270
3 47 32 40 6 25 0 0.30 T 0 7.5 18 140 M M 10 1 27 140
4 39 29 34 0 31 0 0.02 T T 7.1 14 290 M M 5 1 24 260
5 36 28 32 -2 33 0 0.04 0.1 T 7.7 15 300 M M 10 14 25 310
6 29 26 28 -6 37 0 0.01 T T 6.6 14 300 M M 10 1 20 290
7 32 25 29 -5 36 0 T T 0 4.2 9 40 M M 8 1 14 20
8 32 25 29 -5 36 0 0.20 4.2 4 4.6 12 310 M M 10 12 17 300
9 26 21 24 -10 41 0 T T 4 5.8 14 300 M M 10 18 290
10 39 16 28 -6 37 0 0.00 0.0 4 2.3 8 280 M M 0 1 10 170
11 33 25 29 -5 36 0 0.06 0.6 4 4.1 8 300 M M 8 12 12 290
12 35 27 31 -3 34 0 T T 1 6.5 14 290 M M 5 12 19 280
13 44 22 33 -1 32 0 0.00 0.0 T 6.9 13 260 M M 0 16 250
14 44 24 34 0 31 0 0.00 0.0 T 6.2 16 230 M M 0 23 260
15 37 26 32 -2 33 0 0.01 T T 4.1 16 140 M M 3 1 24 150
16 28 22 25 -9 40 0 0.04 2.1 2 9.5 24 280 M M 9 12 35 310
17 31 26 29 -5 36 0 T T 2 10.7 18 240 M M 10 1 31 290
18 30 24 27 -7 38 0 0.07 1.4 3 11.3 24 280 M M 10 12 39 280
19 42 29 36 2 29 0 0.00 0.0 1 9.1 21 260 M M 5 29 250
20 36 27 32 -2 33 0 0.00 0.0 1 12.2 24 300 M M 5 37 280
21 35 29 32 -2 33 0 0.04 1.4 1 11.0 23 260 M M 7 1 29 270
22 40 27 34 0 31 0 0.00 0.0 1 11.4 21 280 M M 3 30 280
23 32 18 25 -9 40 0 0.00 0.0 T 6.6 16 300 M M 0 28 310
24 39 18 29 -5 36 0 0.10 T 0 3.2 10 240 M M 8 14 13 230
25 43 35 39 5 26 0 1.42 0.0 0 5.0 15 330 M M 10 12 28 330
26 59 39 49 15 16 0 0.35 0.0 0 8.1 31 250 M M 5 12 39 250
27 46 27 37 3 28 0 0.33 8.0 8 6.5 16 270 M M 8 12 23 280
28 27 15 21 -14 44 0 0.04 2.2 10 12.2 21 290 M M 10 1 30 290
29 24 13 19 -16 46 0 T T 6 8.7 16 300 M M 5 1 23 310
30 37 12 25 -10 40 0 0.12 1.6 6 3.8 13 170 M M 4 1 19 120
31 34 29 32 -3 33 0 0.20 2.8 6 8.3 24 170 M M 10 126 38 150
================================================================================
SM 1158 795 1030 0 3.47 24.4 228.2 M 203
================================================================================
AV 37.4 25.6 7.4 FASTST M M 7 MAX(MPH)
MISC ----> 31 250 # 39 280
================================================================================
NOTES:
# LAST OF SEVERAL OCCURRENCES
COLUMN 17 PEAK WIND IN M.P.H.
PRELIMINARY LOCAL CLIMATOLOGICAL DATA (WS FORM: F-6) , PAGE 2
STATION: BLUEFIELD WV
MONTH: JANUARY
YEAR: 2021
LATITUDE: 37 17 N
LONGITUDE: 81 12 W
[TEMPERATURE DATA] [PRECIPITATION DATA] SYMBOLS USED IN COLUMN 16
AVERAGE MONTHLY: 31.5 TOTAL FOR MONTH: 3.47 1 = FOG OR MIST
DPTR FM NORMAL: -2.7 DPTR FM NORMAL: 0.57 2 = FOG REDUCING VISIBILITY
HIGHEST: 59 ON 26 GRTST 24HR 1.76 ON 25-26 TO 1/4 MILE OR LESS
LOWEST: 12 ON 30 3 = THUNDER
SNOW, ICE PELLETS, HAIL 4 = ICE PELLETS
TOTAL MONTH: 24.4 INCHES 5 = HAIL
GRTST 24HR 8.0 ON 27-27 6 = FREEZING RAIN OR DRIZZLE
GRTST DEPTH: 10 ON 28 7 = DUSTSTORM OR SANDSTORM:
VSBY 1/2 MILE OR LESS
8 = SMOKE OR HAZE
[NO. OF DAYS WITH] [WEATHER - DAYS WITH] 9 = BLOWING SNOW
X = TORNADO
MAX 32 OR BELOW: 10 0.01 INCH OR MORE: 18
MAX 90 OR ABOVE: 0 0.10 INCH OR MORE: 9
MIN 32 OR BELOW: 27 0.50 INCH OR MORE: 1
MIN 0 OR BELOW: 0 1.00 INCH OR MORE: 1
[HDD (BASE 65) ]
TOTAL THIS MO. 1030 CLEAR (SCALE 0-3) 5
DPTR FM NORMAL 75 PTCLDY (SCALE 4-7) 13
TOTAL FM JUL 1 2913 CLOUDY (SCALE 8-10) 13
DPTR FM NORMAL 192
[CDD (BASE 65) ]
TOTAL THIS MO. 0
DPTR FM NORMAL 0 [PRESSURE DATA]
TOTAL FM JAN 1 0 HIGHEST SLP 30.47 ON 28
DPTR FM NORMAL 0 LOWEST SLP 29.59 ON 16
[REMARKS]
#FINAL-01-21#