000
CXUS55 KPSR 012242
CF6BLH
PRELIMINARY LOCAL CLIMATOLOGICAL DATA (WS FORM: F-6)
STATION: BLYTHE CA
MONTH: DECEMBER
YEAR: 2021
LATITUDE: 33 37 N
LONGITUDE: 114 43 W
TEMPERATURE IN F: :PCPN: SNOW: WIND :SUNSHINE: SKY :PK WND
================================================================================
1 2 3 4 5 6A 6B 7 8 9 10 11 12 13 14 15 16 17 18
12Z AVG MX 2MIN
DY MAX MIN AVG DEP HDD CDD WTR SNW DPTH SPD SPD DIR MIN PSBL S-S WX SPD DR
================================================================================
1 84 47 66 9 0 1 0.00 M M 3.7 10 330 M M 0 13 330
2 81 46 64 8 1 0 0.00 M M 4.2 12 340 M M 0 13 340
3 81 48 65 9 0 0 0.00 M M 2.4 8 340 M M 0 10 340
4 79 46 63 7 2 0 0.00 M M 3.3 12 260 M M 0 13 260
5 79 45 62 7 3 0 0.00 M M 3.3 10 250 M M 0 11 170
6 76 45 61 6 4 0 0.00 M M 2.9 10 10 M M 0 11 190
7 66 52 59 4 6 0 T M M 4.5 13 180 M M 6 15 240
8 72 52 62 7 3 0 0.00 M M 4.1 10 240 M M 3 13 250
9 72 51 62 8 3 0 0.01 M M 13.5 26 230 M M 3 34 240
10 64 47 56 2 9 0 0.00 M M 10.1 21 350 M M 1 28 350
11 63 37 50 -4 15 0 0.00 M M 5.6 15 330 M M 0 20 330
12 64 35 50 -4 15 0 0.00 M M 3.1 10 330 M M 0 12 330
13 61 35 48 -6 17 0 0.00 M M 2.8 9 350 M M 1 11 340
14 71 50 61 7 4 0 T M M 14.7 38 230 M M 4 8 53 240
15 60 40 50 -4 15 0 0.00 M M 7.1 15 10 M M 0 21 20
16 60 30 45 -8 20 0 0.00 M M 3.1 9 330 M M 0 10 360
17 66 43 55 2 10 0 0.00 M M 13.1 22 340 M M 0 30 340
18 65 43 54 1 11 0 0.00 M M 12.0 21 360 M M 0 28 360
19 67 38 53 0 12 0 0.00 M M 3.9 9 320 M M 0 10 260
20 69 33 51 -2 14 0 0.00 M M 2.9 8 250 M M M 10 240
21 63 48 56 3 9 0 0.00 M M 4.4 9 310 M M 0 12 300
22 68 44 56 3 9 0 0.00 M M 2.9 8 250 M M 0 10 250
23 76 52 64 11 1 0 0.10 M M 8.9 21 190 M M 3 25 200
24 70 49 60 7 5 0 0.06 M M 14.0 28 230 M M 4 39 230
25 64 41 53 0 12 0 0.00 M M 7.5 21 230 M M 0 27 220
26 66 48 57 4 8 0 0.00 M M 8.2 20 190 M M 2 23 190
27 59 40 50 -3 15 0 0.00 M M 7.3 24 230 M M 0 31 230
28 62 45 54 0 11 0 0.00 M M 15.0 31 230 M M M 41 230
29 62 36 49 -5 16 0 0.00 0.0 M 5.8 20 200 M M M 24 180
30 64 43 54 0 11 0 0.00 M M 4.8 18 130 M M M 21 130
31 64 50 57 3 8 0 T M M 8.1 32 230 M M M 39 240
================================================================================
SM 2118 1359 269 1 0.17 0.0 207.2 M 27
================================================================================
AV 68.3 43.8 6.7 FASTST M M 1 MAX(MPH)
MISC ----> 38 230 53 240
================================================================================
NOTES:
# LAST OF SEVERAL OCCURRENCES
COLUMN 17 PEAK WIND IN M.P.H.
PRELIMINARY LOCAL CLIMATOLOGICAL DATA (WS FORM: F-6) , PAGE 2
STATION: BLYTHE CA
MONTH: DECEMBER
YEAR: 2021
LATITUDE: 33 37 N
LONGITUDE: 114 43 W
[TEMPERATURE DATA] [PRECIPITATION DATA] SYMBOLS USED IN COLUMN 16
AVERAGE MONTHLY: 56.1 TOTAL FOR MONTH: 0.17 1 = FOG OR MIST
DPTR FM NORMAL: 2.1 DPTR FM NORMAL: -0.26 2 = FOG REDUCING VISIBILITY
HIGHEST: 84 ON 1 GRTST 24HR 0.16 ON 23-24 TO 1/4 MILE OR LESS
LOWEST: 30 ON 16 3 = THUNDER
SNOW, ICE PELLETS, HAIL 4 = ICE PELLETS
TOTAL MONTH: 0.0 INCH 5 = HAIL
GRTST 24HR 0.0 6 = FREEZING RAIN OR DRIZZLE
GRTST DEPTH: M ON M 7 = DUSTSTORM OR SANDSTORM:
VSBY 1/2 MILE OR LESS
8 = SMOKE OR HAZE
[NO. OF DAYS WITH] [WEATHER - DAYS WITH] 9 = BLOWING SNOW
X = TORNADO
MAX 32 OR BELOW: 0 0.01 INCH OR MORE: 3
MAX 90 OR ABOVE: 0 0.10 INCH OR MORE: 1
MIN 32 OR BELOW: 1 0.50 INCH OR MORE: 0
MIN 0 OR BELOW: 0 1.00 INCH OR MORE: 0
[HDD (BASE 65) ]
TOTAL THIS MO. 269 CLEAR (SCALE 0-3) 22
DPTR FM NORMAL -71 PTCLDY (SCALE 4-7) 4
TOTAL FM JUL 1 291 CLOUDY (SCALE 8-10) 5
DPTR FM NORMAL -174
[CDD (BASE 65) ]
TOTAL THIS MO. 1
DPTR FM NORMAL 0 [PRESSURE DATA]
TOTAL FM JAN 1 4767 HIGHEST SLP M ON M
DPTR FM NORMAL 305 LOWEST SLP 29.74 ON 14
[REMARKS]
#FINAL-12-21#