000
CXUS55 KPSR 011503
CF6BLH
PRELIMINARY LOCAL CLIMATOLOGICAL DATA (WS FORM: F-6)
STATION: BLYTHE CA
MONTH: OCTOBER
YEAR: 2021
LATITUDE: 33 37 N
LONGITUDE: 114 43 W
TEMPERATURE IN F: :PCPN: SNOW: WIND :SUNSHINE: SKY :PK WND
================================================================================
1 2 3 4 5 6A 6B 7 8 9 10 11 12 13 14 15 16 17 18
12Z AVG MX 2MIN
DY MAX MIN AVG DEP HDD CDD WTR SNW DPTH SPD SPD DIR MIN PSBL S-S WX SPD DR
================================================================================
1 94 61 78 -4 0 13 0.00 M M 3.5 10 300 M M 0 13 60
2 96 63 80 -1 0 15 0.00 M M M M M M M 0 M M
3 98 64 81 0 0 16 0.00 0.0 M 3.9 13 180 M M 0 16 220
4 99 65 82 2 0 17 0.00 0.0 M 3.4 12 180 M M 0 15 170
5 83 68 76 -4 0 11 0.07 0.0 M 9.9 32 170 M M 1 38 40 170
6 90 64 77 -3 0 12 0.00 M M 2.4 10 260 M M 0 13 90
7 91 71 81 2 0 16 0.00 M M 7.3 21 240 M M 0 25 230
8 86 66 76 -3 0 11 T 0.0 M 10.0 23 230 M M 2 30 210
9 86 58 72 -6 0 7 0.00 M M 8.2 18 320 M M 0 25 320
10 88 62 75 -3 0 10 0.00 M M 8.9 20 350 M M 0 27 20
11 89 54 72 -5 0 7 0.00 M M 17.9 41 210 M M 3 8 53 200
12 73 54 64 -13 1 0 0.00 0.0 M 9.2 25 280 M M 1 35 290
13 79 47 63 -14 2 0 0.00 M M 3.9 13 360 M M 0 17 360
14 83 49 66 -10 0 1 0.00 0.0 M 4.5 13 330 M M 0 15 360
15 84 60 72 -4 0 7 0.00 0.0 M 11.7 25 340 M M 0 33 350
16 90 54 72 -3 0 7 0.00 M M 5.0 12 350 M M 0 17 350
17 90 53 72 -3 0 7 0.00 M M 7.0 22 180 M M M 26 170
18 79 60 70 -5 0 5 0.00 M M 16.2 30 220 M M M 41 220
19 79 55 67 -7 0 2 0.00 M M 4.9 12 340 M M M 14 330
20 85 51 68 -6 0 3 0.00 M M 2.4 9 10 M M M 11 250
21 88 57 73 0 0 8 0.00 M M 3.5 10 250 M M M 11 80
22 89 54 72 -1 0 7 0.00 M M 5.8 14 260 M M M 16 230
23 87 54 71 -2 0 6 0.00 M M 7.6 20 230 M M M 34 240
24 86 57 72 0 0 7 0.00 M M 6.1 17 160 M M M 22 160
25 87 63 75 3 0 10 0.00 M M 13.7 30 260 M M M 37 250
26 79 55 67 -5 0 2 0.00 M M 9.0 22 340 M M M 27 350
27 84 54 69 -2 0 4 0.00 M M 7.6 16 340 M M M 23 340
28 91 61 76 5 0 11 0.00 M M 6.4 17 350 M M M 24 350
29 92 58 75 5 0 10 0.00 M M 2.7 8 350 M M M 10 340
30 90 56 73 3 0 8 0.00 M M 5.4 13 170 M M M 17 170
31 88 58 73 3 0 8 0.00 M M 8.6 20 170 M M M 26 160
================================================================================
SM 2703 1806 3 248 0.07 0.0 216.6 M 7
================================================================================
AV 87.2 58.3 7.2 FASTST M M 0 MAX(MPH)
MISC ----> 41 210 53 200
================================================================================
NOTES:
# LAST OF SEVERAL OCCURRENCES
COLUMN 17 PEAK WIND IN M.P.H.
PRELIMINARY LOCAL CLIMATOLOGICAL DATA (WS FORM: F-6) , PAGE 2
STATION: BLYTHE CA
MONTH: OCTOBER
YEAR: 2021
LATITUDE: 33 37 N
LONGITUDE: 114 43 W
[TEMPERATURE DATA] [PRECIPITATION DATA] SYMBOLS USED IN COLUMN 16
AVERAGE MONTHLY: 72.7 TOTAL FOR MONTH: 0.07 1 = FOG OR MIST
DPTR FM NORMAL: -2.7 DPTR FM NORMAL: -0.09 2 = FOG REDUCING VISIBILITY
HIGHEST: 99 ON 4 GRTST 24HR 0.07 ON 5- 5 TO 1/4 MILE OR LESS
LOWEST: 47 ON 13 3 = THUNDER
SNOW, ICE PELLETS, HAIL 4 = ICE PELLETS
TOTAL MONTH: 0.0 INCH 5 = HAIL
GRTST 24HR 0.0 6 = FREEZING RAIN OR DRIZZLE
GRTST DEPTH: M ON M 7 = DUSTSTORM OR SANDSTORM:
VSBY 1/2 MILE OR LESS
8 = SMOKE OR HAZE
[NO. OF DAYS WITH] [WEATHER - DAYS WITH] 9 = BLOWING SNOW
X = TORNADO
MAX 32 OR BELOW: 0 0.01 INCH OR MORE: 1
MAX 90 OR ABOVE: 11 0.10 INCH OR MORE: 0
MIN 32 OR BELOW: 0 0.50 INCH OR MORE: 0
MIN 0 OR BELOW: 0 1.00 INCH OR MORE: 0
[HDD (BASE 65) ]
TOTAL THIS MO. 3 CLEAR (SCALE 0-3) 16
DPTR FM NORMAL -4 PTCLDY (SCALE 4-7) 0
TOTAL FM JUL 1 3 CLOUDY (SCALE 8-10) 15
DPTR FM NORMAL -1
[CDD (BASE 65) ]
TOTAL THIS MO. 248
DPTR FM NORMAL -83 [PRESSURE DATA]
TOTAL FM JAN 1 4656 HIGHEST SLP M ON M
DPTR FM NORMAL 249 LOWEST SLP 29.39 ON 11
[REMARKS]
#FINAL-10-21#