000
CXUS53 KIND 010700
CF6BMG
PRELIMINARY LOCAL CLIMATOLOGICAL DATA (WS FORM: F-6)
STATION: BLOOMINGTON IN
MONTH: JANUARY
YEAR: 2023
LATITUDE: 39 7 N
LONGITUDE: 86 37 W
TEMPERATURE IN F: :PCPN: SNOW: WIND :SUNSHINE: SKY :PK WND
================================================================================
1 2 3 4 5 6A 6B 7 8 9 10 11 12 13 14 15 16 17 18
12Z AVG MX 2MIN
DY MAX MIN AVG DEP HDD CDD WTR SNW DPTH SPD SPD DIR MIN PSBL S-S WX SPD DR
================================================================================
1 52 43 48 17 17 0 0.00 M M 5.1 13 220 M M 10 12 16 220
2 61 50 56 25 9 0 0.26 M M 4.4 12 180 M M 10 123 17 170
3 65 60 63 32 2 0 0.58 M M 10.5 20 210 M M 8 13 30 200
4 61 39 50 19 15 0 T M M 7.9 18 230 M M 8 26 230
5 44 33 39 8 26 0 0.00 M M 9.6 17 230 M M 7 26 220
6 41 26 34 3 31 0 T M M 5.7 13 230 M M 6 22 310
7 43 22 33 3 32 0 0.00 M M 4.2 12 20 M M 1 18 15 20
8 39 33 36 6 29 0 T M M 5.2 10 290 M M 10 1 15 300
9 47 30 39 9 26 0 0.00 M M 5.8 10 230 M M 5 14 250
10 54 30 42 12 23 0 0.00 M M 5.8 15 230 M M 2 21 230
11 52 38 45 15 20 0 0.00 M M 4.6 10 150 M M 7 128 14 140
12 52 36 44 14 21 0 0.83 M M 10.5 25 350 M M 10 123 37 340
13 37 32 35 5 30 0 T M M 10.2 21 350 M M 10 18 30 340
14 36 23 30 0 35 0 0.00 M M 5.0 18 10 M M 7 25 340
15 46 21 34 4 31 0 0.00 M M 7.6 15 140 M M 0 20 140
16 56 35 46 16 19 0 0.10 M M 11.2 18 220 M M 7 13 28 210
17 57 37 47 17 18 0 0.00 M M 10.6 21 240 M M 4 32 250
18 47 32 40 10 25 0 1.07 M M 7.4 20 110 M M 5 18 28 120
19 57 35 46 16 19 0 0.11 M M 13.9 28 240 M M 9 1 42 230
20 36 32 34 4 31 0 T M M 8.9 20 280 M M 10 33 280
21 35 28 32 2 33 0 0.00 M M 3.7 10 150 M M 9 15 150
22 36 27 32 2 33 0 0.03 M M 3.6 8 300 M M 10 18 14 340
23 36 28 32 2 33 0 0.00 M M 7.8 15 290 M M 8 18 21 280
24 47 26 37 7 28 0 0.03 M M 4.3 16 140 M M 1 22 140
25 38 33 36 6 29 0 0.71 M M 9.3 16 60 M M 10 12 23 300
26 33 23 28 -2 37 0 0.01 M M 9.6 17 260 M M 10 8 27 270
27 46 13 30 0 35 0 T M M 10.0 22 230 M M 5 33 210
28 55 30 43 13 22 0 0.01 M M 7.0 24 210 M M 5 34 200
29 46 33 40 10 25 0 0.02 M M 9.3 22 200 M M 10 128 31 210
30 33 21 27 -4 38 0 0.01 M M 9.9 15 10 M M 10 168 19 360
31 27 16 22 -9 43 0 0.00 M M 7.6 14 360 M M 7 18 360
================================================================================
SM 1415 965 815 0 3.77 M 236.2 M 221
================================================================================
AV 45.6 31.1 7.6 FASTST M M 7 MAX(MPH)
MISC ----> 28 240 42 230
================================================================================
NOTES:
# LAST OF SEVERAL OCCURRENCES
COLUMN 17 PEAK WIND IN M.P.H.
PRELIMINARY LOCAL CLIMATOLOGICAL DATA (WS FORM: F-6) , PAGE 2
STATION: BLOOMINGTON IN
MONTH: JANUARY
YEAR: 2023
LATITUDE: 39 7 N
LONGITUDE: 86 37 W
[TEMPERATURE DATA] [PRECIPITATION DATA] SYMBOLS USED IN COLUMN 16
AVERAGE MONTHLY: 38.4 TOTAL FOR MONTH: 3.77 1 = FOG OR MIST
DPTR FM NORMAL: 8.1 DPTR FM NORMAL: 0.39 2 = FOG REDUCING VISIBILITY
HIGHEST: 65 ON 3 GRTST 24HR 1.07 ON 18-18 TO 1/4 MILE OR LESS
LOWEST: 13 ON 27 3 = THUNDER
SNOW, ICE PELLETS, HAIL 4 = ICE PELLETS
TOTAL MONTH: M 5 = HAIL
GRTST 24HR M ON M 6 = FREEZING RAIN OR DRIZZLE
GRTST DEPTH: M ON M 7 = DUSTSTORM OR SANDSTORM:
VSBY 1/2 MILE OR LESS
8 = SMOKE OR HAZE
[NO. OF DAYS WITH] [WEATHER - DAYS WITH] 9 = BLOWING SNOW
X = TORNADO
MAX 32 OR BELOW: 1 0.01 INCH OR MORE: 13
MAX 90 OR ABOVE: 0 0.10 INCH OR MORE: 7
MIN 32 OR BELOW: 18 0.50 INCH OR MORE: 4
MIN 0 OR BELOW: 0 1.00 INCH OR MORE: 1
[HDD (BASE 65) ]
TOTAL THIS MO. 815 CLEAR (SCALE 0-3) 4
DPTR FM NORMAL -260 PTCLDY (SCALE 4-7) 14
TOTAL FM JUL 1 2709 CLOUDY (SCALE 8-10) 13
DPTR FM NORMAL -350
[CDD (BASE 65) ]
TOTAL THIS MO. 0
DPTR FM NORMAL 0 [PRESSURE DATA]
TOTAL FM JAN 1 0 HIGHEST SLP M ON M
DPTR FM NORMAL 0 LOWEST SLP 29.48 ON 25
[REMARKS]
#FINAL-01-23#