000
CXUS53 KILX 010900
CF6BMI
PRELIMINARY LOCAL CLIMATOLOGICAL DATA (WS FORM: F-6)
STATION: BLOOMINGTON IL AIRPORT
MONTH: OCTOBER
YEAR: 2023
LATITUDE: 40 28 N
LONGITUDE: 88 56 W
TEMPERATURE IN F: :PCPN: SNOW: WIND :SUNSHINE: SKY :PK WND
================================================================================
1 2 3 4 5 6A 6B 7 8 9 10 11 12 13 14 15 16 17 18
12Z AVG MX 2MIN
DY MAX MIN AVG DEP HDD CDD WTR SNW DPTH SPD SPD DIR MIN PSBL S-S WX SPD DR
================================================================================
1 84 56 70 M 0 5 0.00 M M 5.1 9 120 M M 0 M M
2 85 60 73 M 0 8 0.00 M M 5.9 9 170 M M 0 M M
3 86 59 73 M 0 8 0.00 M M 8.6 16 190 M M 0 30 180
4 82 64 73 M 0 8 0.00 M M 12.4 25 210 M M 4 8 35 200
5 72 59 66 M 0 1 0.62 M M 8.4 16 330 M M 6 1 M M
6 60 46 53 M 12 0 T M M 13.4 28 290 M M 5 36 290
7 59 41 50 M 15 0 0.00 M M 11.7 20 300 M M 2 24 300
8 60 43 52 M 13 0 T M M 3.9 9 60 M M 8 M M
9 60 42 51 M 14 0 M M M 8.0 16 330 M M 4 22 310
10 62 38 50 M 15 0 M M M 8.6 20 300 M M 0 23 280
11 70 39 55 M 10 0 T M M 7.7 12 60 M M 3 M M
12 77 51 64 M 1 0 T M M 9.1 17 20 M M 4 21 20
13 62 53 58 M 7 0 0.96 M M 10.7 16 260 M M 9 1 23 260
14 56 49 53 M 12 0 0.04 M M 14.3 27 20 M M 10 1 33 20
15 56 44 50 M 15 0 T M M 13.1 18 330 M M 8 24 340
16 56 41 49 M 16 0 0.00 M M 9.1 14 340 M M 6 M M
17 63 39 51 M 14 0 0.00 M M 6.4 13 230 M M 0 17 260
18 69 41 55 M 10 0 0.07 M M 13.3 23 170 M M 2 31 170
19 60 50 55 M 10 0 0.23 M M 10.3 18 280 M M 9 1 24 280
20 63 44 54 M 11 0 0.00 M M 11.7 23 310 M M 2 32 310
21 69 43 56 M 9 0 0.00 M M 14.4 29 300 M M 2 39 320
22 60 38 49 M 16 0 0.00 M M 6.1 12 20 M M 0 M M
23 71 42 57 M 8 0 0.00 M M 15.4 25 180 M M 0 31 170
24 77 53 65 M 0 0 T M M 12.7 17 170 M M 4 27 190
25 70 57 64 M 1 0 0.59 M M 13.0 20 190 M M 10 28 200
26 71 61 66 M 0 1 0.19 M M 12.9 20 180 M M 7 M M
27 70 39 55 M 10 0 0.08 M M 12.3 20 320 M M 8 1 25 320
28 48 38 43 M 22 0 0.36 M M 12.5 16 340 M M 10 M M
29 44 36 40 M 25 0 0.12 M M 14.7 21 340 M M 10 1 27 350
30 42 28 35 M 30 0 0.00 M M 11.4 17 330 M M 3 18 320
31 36 23 30 M 35 0 T M M 14.9 28 280 M M 6 36 300
================================================================================
SM 2000 1417 331 31 3.26 M 332.0 M 142
================================================================================
AV 64.5 45.7 10.7 FASTST M M 5 MAX(MPH)
MISC ----> 29 300 39 320
================================================================================
NOTES:
# LAST OF SEVERAL OCCURRENCES
COLUMN 17 PEAK WIND IN M.P.H.
PRELIMINARY LOCAL CLIMATOLOGICAL DATA (WS FORM: F-6) , PAGE 2
STATION: BLOOMINGTON IL AIRPORT
MONTH: OCTOBER
YEAR: 2023
LATITUDE: 40 28 N
LONGITUDE: 88 56 W
[TEMPERATURE DATA] [PRECIPITATION DATA] SYMBOLS USED IN COLUMN 16
AVERAGE MONTHLY: 55.1 TOTAL FOR MONTH: 3.26 1 = FOG OR MIST
DPTR FM NORMAL: 0.0 DPTR FM NORMAL: M 2 = FOG REDUCING VISIBILITY
HIGHEST: 86 ON 3 GRTST 24HR 0.96 ON 13-13 TO 1/4 MILE OR LESS
LOWEST: 23 ON 31 3 = THUNDER
SNOW, ICE PELLETS, HAIL 4 = ICE PELLETS
TOTAL MONTH: M 5 = HAIL
GRTST 24HR M ON M 6 = FREEZING RAIN OR DRIZZLE
GRTST DEPTH: M ON M 7 = DUSTSTORM OR SANDSTORM:
VSBY 1/2 MILE OR LESS
8 = SMOKE OR HAZE
[NO. OF DAYS WITH] [WEATHER - DAYS WITH] 9 = BLOWING SNOW
X = TORNADO
MAX 32 OR BELOW: 0 0.01 INCH OR MORE: 10
MAX 90 OR ABOVE: 0 0.10 INCH OR MORE: 7
MIN 32 OR BELOW: 2 0.50 INCH OR MORE: 3
MIN 0 OR BELOW: 0 1.00 INCH OR MORE: 0
[HDD (BASE 65) ]
TOTAL THIS MO. 331 CLEAR (SCALE 0-3) 11
DPTR FM NORMAL M PTCLDY (SCALE 4-7) 14
TOTAL FM JUL 1 357 CLOUDY (SCALE 8-10) 6
DPTR FM NORMAL M
[CDD (BASE 65) ]
TOTAL THIS MO. 31
DPTR FM NORMAL M [PRESSURE DATA]
TOTAL FM JAN 1 956 HIGHEST SLP M ON M
DPTR FM NORMAL M LOWEST SLP M ON M
[REMARKS]
#FINAL-10-23#