000
CXUS54 KEWX 011010
CF6BMQ
PRELIMINARY LOCAL CLIMATOLOGICAL DATA (WS FORM: F-6)
STATION: BURNET
MONTH: AUGUST
YEAR: 2020
LATITUDE: 30 43 N
LONGITUDE: 98 14 W
TEMPERATURE IN F: :PCPN: SNOW: WIND :SUNSHINE: SKY :PK WND
================================================================================
1 2 3 4 5 6A 6B 7 8 9 10 11 12 13 14 15 16 17 18
12Z AVG MX 2MIN
DY MAX MIN AVG DEP HDD CDD WTR SNW DPTH SPD SPD DIR MIN PSBL S-S WX SPD DR
================================================================================
1 98 74 86 2 0 21 0.00 M M 5.4 15 40 M M 1 21 50
2 100 71 86 2 0 21 0.00 M M 4.9 16 30 M M 1 24 40
3 98 70 84 0 0 19 0.16 M M 4.1 32 330 M M 2 3 44 340
4 97 72 85 1 0 20 0.01 M M 4.6 13 200 M M 2 20 190
5 99 72 86 2 0 21 0.00 M M 7.4 16 190 M M 0 24 190
6 98 74 86 2 0 21 0.00 M M 9.0 17 180 M M 1 27 150
7 97 73 85 1 0 20 0.00 M M 9.0 17 160 M M 1 33 120
8 96 73 85 1 0 20 0.00 M M 7.8 15 190 M M 2 23 180
9 97 75 86 2 0 21 0.00 M M 9.4 20 190 M M 1 27 160
10 97 76 87 3 0 22 0.00 M M 10.0 18 190 M M 2 31 180
11 98 76 87 3 0 22 0.00 M M 8.6 17 190 M M 3 28 180
12 100 76 88 4 0 23 0.00 M M 8.4 17 190 M M 0 24 180
13 101 77 89 5 0 24 0.00 M M 7.4 16 180 M M 0 8 24 180
14 104 76 90 6 0 25 0.00 M M 7.6 14 200 M M 0 22 210
15 104 77 91 7 0 26 0.00 M M 7.3 15 200 M M 0 25 120
16 102 77 90 6 0 25 0.00 M M 5.3 21 30 M M 1 37 10
17 95 73 84 0 0 19 0.15 M M 4.6 23 30 M M 1 36 40
18 99 71 85 1 0 20 0.00 M M 4.9 21 60 M M 0 32 60
19 99 72 86 2 0 21 0.00 M M 6.9 16 50 M M 0 23 50
20 94 68 81 -2 0 16 0.00 M M 4.1 13 90 M M 1 18 80
21 98 70 84 1 0 19 0.00 M M 5.7 12 110 M M 1 18 130
22 91 65 78 -5 0 13 1.32 M M 4.3 38 360 M M 2 13 59 360
23 92 67 80 -3 0 15 0.00 M M 3.7 12 110 M M 2 18 100
24 95 72 84 1 0 19 0.00 M M 3.5 13 80 M M 2 22 90
25 95 71 83 0 0 18 0.00 M M 3.9 13 90 M M 2 20 50
26 93 73 83 0 0 18 0.00 M M 6.8 14 90 M M 1 22 90
27 96 72 84 2 0 19 0.00 M M 3.9 9 40 M M 1 17 230
28 102 78 90 8 0 25 0.00 M M 7.7 15 180 M M 0 26 170
29 100 77 89 7 0 24 0.00 M M 6.9 14 150 M M 0 8 24 150
30 97 76 87 5 0 22 0.00 M M 7.0 14 130 M M 0 23 130
31 98 79 89 7 0 24 0.00 M M 9.7 17 200 M M 4 8 26 150
================================================================================
SM 3030 2273 0 643 1.64 M 199.8 M 34
================================================================================
AV 97.7 73.3 6.4 FASTST M M 1 MAX(MPH)
MISC ----> # 38 360 # 59 360
================================================================================
NOTES:
# LAST OF SEVERAL OCCURRENCES
COLUMN 17 PEAK WIND IN M.P.H.
PRELIMINARY LOCAL CLIMATOLOGICAL DATA (WS FORM: F-6) , PAGE 2
STATION: BURNET
MONTH: AUGUST
YEAR: 2020
LATITUDE: 30 43 N
LONGITUDE: 98 14 W
[TEMPERATURE DATA] [PRECIPITATION DATA] SYMBOLS USED IN COLUMN 16
AVERAGE MONTHLY: 85.5 TOTAL FOR MONTH: 1.64 1 = FOG OR MIST
DPTR FM NORMAL: 2.0 DPTR FM NORMAL: -0.18 2 = FOG REDUCING VISIBILITY
HIGHEST: 104 ON 15,14 GRTST 24HR 1.32 ON 22-22 TO 1/4 MILE OR LESS
LOWEST: 65 ON 22 3 = THUNDER
SNOW, ICE PELLETS, HAIL 4 = ICE PELLETS
TOTAL MONTH: M 5 = HAIL
GRTST 24HR M ON M 6 = FREEZING RAIN OR DRIZZLE
GRTST DEPTH: M ON M 7 = DUSTSTORM OR SANDSTORM:
VSBY 1/2 MILE OR LESS
8 = SMOKE OR HAZE
[NO. OF DAYS WITH] [WEATHER - DAYS WITH] 9 = BLOWING SNOW
X = TORNADO
MAX 32 OR BELOW: 0 0.01 INCH OR MORE: 4
MAX 90 OR ABOVE: 31 0.10 INCH OR MORE: 3
MIN 32 OR BELOW: 0 0.50 INCH OR MORE: 1
MIN 0 OR BELOW: 0 1.00 INCH OR MORE: 1
[HDD (BASE 65) ]
TOTAL THIS MO. 0 CLEAR (SCALE 0-3) 30
DPTR FM NORMAL 0 PTCLDY (SCALE 4-7) 1
TOTAL FM JUL 1 0 CLOUDY (SCALE 8-10) 0
DPTR FM NORMAL 0
[CDD (BASE 65) ]
TOTAL THIS MO. 643
DPTR FM NORMAL 70 [PRESSURE DATA]
TOTAL FM JAN 1 2289 HIGHEST SLP 30.14 ON 17
DPTR FM NORMAL 253 LOWEST SLP 29.67 ON 31
[REMARKS]
#FINAL-08-20#