000
CXUS55 KOHX 011824
CF6BNA
PRELIMINARY LOCAL CLIMATOLOGICAL DATA (WS FORM: F-6)
STATION: NASHVILLE
MONTH: JULY
YEAR: 2022
LATITUDE: 36 7 N
LONGITUDE: 86 41 W
TEMPERATURE IN F: :PCPN: SNOW: WIND :SUNSHINE: SKY :PK WND
================================================================================
1 2 3 4 5 6A 6B 7 8 9 10 11 12 13 14 15 16 17 18
12Z AVG MX 2MIN
DY MAX MIN AVG DEP HDD CDD WTR SNW DPTH SPD SPD DIR MIN PSBL S-S WX SPD DR
================================================================================
1 96 73 85 5 0 20 0.00 0.0 0 3.8 12 180 M M 4 18 180
2 96 74 85 5 0 20 0.47 0.0 0 5.4 20 170 M M 6 18 26 170
3 93 75 84 4 0 19 0.45 0.0 0 2.9 29 20 M M 6 138 38 60
4 94 75 85 5 0 20 0.19 0.0 0 4.0 24 170 M M 5 18 32 180
5 99 76 88 8 0 23 T 0.0 0 5.1 16 180 M M 5 38 21 180
6 97 79 88 8 0 23 0.79 0.0 0 6.5 17 170 M M 5 13 27 160
7 95 76 86 6 0 21 0.45 0.0 0 4.7 22 310 M M 7 138 37 320
8 99 75 87 7 0 22 0.44 0.0 0 5.7 24 50 M M 4 13 33 50
9 92 73 83 2 0 18 2.34 0.0 0 6.5 31 10 M M 8 138 40 20
10 91 72 82 1 0 17 0.00 0.0 0 7.7 17 20 M M 6 24 10
11 92 70 81 0 0 16 0.00 0.0 0 2.6 10 60 M M 1 15 110
12 95 74 85 4 0 20 T 0.0 0 7.4 18 360 M M 5 25 350
13 90 71 81 0 0 16 0.00 0.0 0 4.4 12 360 M M 6 16 310
14 93 67 80 -1 0 15 0.00 0.0 0 2.2 10 40 M M 3 14 110
15 94 71 83 2 0 18 0.00 0.0 0 3.8 13 30 M M 5 17 360
16 94 73 84 3 0 19 0.00 0.0 0 4.6 15 180 M M 5 19 180
17 92 75 84 3 0 19 T 0.0 0 7.9 35 140 M M 7 35 140
18 85 72 79 -2 0 14 0.49 0.0 0 4.5 15 210 M M 8 13 24 210
19 91 73 82 1 0 17 0.00 0.0 0 5.6 15 180 M M 5 22 210
20 99 78 89 8 0 24 0.00 0.0 0 8.8 16 210 M M 5 26 210
21 95 76 86 5 0 21 0.01 0.0 0 6.1 14 360 M M 6 3 23 10
22 98 72 85 4 0 20 0.00 0.0 0 3.7 10 40 M M 2 8 15 100
23 98 77 88 7 0 23 0.00 0.0 0 5.9 14 170 M M 1 20 140
24 96 77 87 6 0 22 0.00 0.0 0 8.0 16 200 M M 6 22 210
25 94 76 85 4 0 20 0.40 0.0 0 5.9 18 290 M M 8 13 28 290
26 94 75 85 4 0 20 0.07 0.0 0 6.2 16 320 M M 7 3 27 360
27 96 76 86 5 0 21 0.00 0.0 0 7.8 20 180 M M 8 26 180
28 94 76 85 4 0 20 0.09 0.0 0 6.0 16 210 M M 7 3 26 200
29 87 73 80 -1 0 15 1.68 0.0 0 5.3 14 350 M M 8 13 19 290
30 88 72 80 -1 0 15 0.00 0.0 0 6.4 16 20 M M 8 18 10
31 87 75 81 0 0 16 T 0.0 0 6.9 12 180 M M 8 8 20 220
================================================================================
SM 2904 2297 0 594 7.87 0.0 172.3 M 175
================================================================================
AV 93.7 74.1 5.6 FASTST M M 6 MAX(MPH)
MISC ----> 35 140 40 20
================================================================================
NOTES:
# LAST OF SEVERAL OCCURRENCES
COLUMN 17 PEAK WIND IN M.P.H.
PRELIMINARY LOCAL CLIMATOLOGICAL DATA (WS FORM: F-6) , PAGE 2
STATION: NASHVILLE
MONTH: JULY
YEAR: 2022
LATITUDE: 36 7 N
LONGITUDE: 86 41 W
[TEMPERATURE DATA] [PRECIPITATION DATA] SYMBOLS USED IN COLUMN 16
AVERAGE MONTHLY: 83.9 TOTAL FOR MONTH: 7.87 1 = FOG OR MIST
DPTR FM NORMAL: 3.2 DPTR FM NORMAL: 3.71 2 = FOG REDUCING VISIBILITY
HIGHEST: 99 ON 20, 8 GRTST 24HR 2.34 ON 9- 9 TO 1/4 MILE OR LESS
LOWEST: 67 ON 14 3 = THUNDER
SNOW, ICE PELLETS, HAIL 4 = ICE PELLETS
TOTAL MONTH: 0.0 INCH 5 = HAIL
GRTST 24HR 0.0 6 = FREEZING RAIN OR DRIZZLE
GRTST DEPTH: 0 7 = DUSTSTORM OR SANDSTORM:
VSBY 1/2 MILE OR LESS
8 = SMOKE OR HAZE
[NO. OF DAYS WITH] [WEATHER - DAYS WITH] 9 = BLOWING SNOW
X = TORNADO
MAX 32 OR BELOW: 0 0.01 INCH OR MORE: 13
MAX 90 OR ABOVE: 27 0.10 INCH OR MORE: 10
MIN 32 OR BELOW: 0 0.50 INCH OR MORE: 3
MIN 0 OR BELOW: 0 1.00 INCH OR MORE: 2
[HDD (BASE 65) ]
TOTAL THIS MO. 0 CLEAR (SCALE 0-3) 3
DPTR FM NORMAL 0 PTCLDY (SCALE 4-7) 26
TOTAL FM JUL 1 0 CLOUDY (SCALE 8-10) 2
DPTR FM NORMAL 0
[CDD (BASE 65) ]
TOTAL THIS MO. 594
DPTR FM NORMAL 107 [PRESSURE DATA]
TOTAL FM JAN 1 1379 HIGHEST SLP 30.16 ON 30
DPTR FM NORMAL 288 LOWEST SLP 29.73 ON 20
[REMARKS]
#FINAL-07-22#