000
CXUS55 KOHX 011110
CF6BNA
PRELIMINARY LOCAL CLIMATOLOGICAL DATA (WS FORM: F-6)
STATION: NASHVILLE
MONTH: MARCH
YEAR: 2022
LATITUDE: 36 7 N
LONGITUDE: 86 41 W
TEMPERATURE IN F: :PCPN: SNOW: WIND :SUNSHINE: SKY :PK WND
================================================================================
1 2 3 4 5 6A 6B 7 8 9 10 11 12 13 14 15 16 17 18
12Z AVG MX 2MIN
DY MAX MIN AVG DEP HDD CDD WTR SNW DPTH SPD SPD DIR MIN PSBL S-S WX SPD DR
================================================================================
1 73 32 53 6 12 0 0.00 0.0 0 6.8 16 270 M M 1 8 23 260
2 80 43 62 15 3 0 0.00 0.0 0 3.8 10 220 M M 0 8 15 210
3 76 50 63 15 2 0 0.00 0.0 0 5.9 14 20 M M 0 19 20
4 79 43 61 13 4 0 0.00 0.0 0 4.6 10 170 M M 5 20 180
5 77 57 67 19 0 2 0.00 0.0 0 13.9 25 190 M M 7 34 190
6 80 67 74 25 0 9 0.00 0.0 0 15.9 24 190 M M 7 34 190
7 71 40 56 7 9 0 0.47 0.0 0 15.3 29 190 M M 9 1 43 200
8 49 38 44 -5 21 0 0.10 0.0 0 7.5 14 40 M M 10 1 19 30
9 55 38 47 -2 18 0 0.14 0.0 0 6.9 13 10 M M 7 18 18 320
10 62 39 51 1 14 0 0.00 0.0 0 4.7 14 80 M M 3 17 100
11 67 27 47 -3 18 0 0.18 2.0 2 7.7 25 350 M M 6 12 38 340
12 32 22 27 -23 38 0 0.07 0.8 3 11.7 24 320 M M 4 1 35 330
13 58 20 39 -11 26 0 0.00 0.0 0 9.8 20 190 M M 2 29 220
14 68 36 52 1 13 0 0.00 0.0 0 8.7 20 190 M M 4 29 210
15 70 51 61 10 4 0 T 0.0 0 4.8 14 40 M M 9 18 30
16 63 50 57 6 8 0 0.11 0.0 0 4.6 15 120 M M 8 18 22 110
17 73 47 60 8 5 0 0.00 0.0 0 3.5 12 160 M M 6 12 16 160
18 69 51 60 8 5 0 0.39 0.0 0 12.2 26 170 M M 8 1 36 190
19 57 40 49 -3 16 0 T 0.0 0 8.9 18 280 M M 8 27 270
20 70 35 53 0 12 0 0.00 0.0 0 3.0 10 330 M M 1 14 310
21 75 41 58 5 7 0 0.00 0.0 0 6.1 17 160 M M 5 22 180
22 79 61 70 17 0 5 1.45 0.0 0 14.5 36 130 M M 10 1 47 130
23 66 48 57 3 8 0 0.00 0.0 0 12.1 28 200 M M 8 45 220
24 62 40 51 -3 14 0 0.00 0.0 0 8.9 20 260 M M 5 34 270
25 53 44 49 -5 16 0 T 0.0 0 7.6 17 280 M M 8 23 280
26 61 41 51 -3 14 0 0.00 0.0 0 12.1 25 280 M M 1 39 300
27 55 35 45 -10 20 0 0.00 0.0 0 7.3 14 310 M M 4 20 350
28 57 40 49 -6 16 0 0.00 0.0 0 7.1 13 20 M M 7 20 40
29 76 43 60 5 5 0 0.00 0.0 0 9.7 20 190 M M 7 30 180
30 83 60 72 16 0 7 0.88 0.0 0 20.0 38 180 M M 8 13 55 170
31 60 44 52 -4 13 0 0.01 0.0 0 9.9 22 280 M M 9 18 34 280
================================================================================
SM 2056 1323 341 23 3.80 2.8 275.5 M 177
================================================================================
AV 66.3 42.7 8.9 FASTST M M 6 MAX(MPH)
MISC ----> 38 180 55 170
================================================================================
NOTES:
# LAST OF SEVERAL OCCURRENCES
COLUMN 17 PEAK WIND IN M.P.H.
PRELIMINARY LOCAL CLIMATOLOGICAL DATA (WS FORM: F-6) , PAGE 2
STATION: NASHVILLE
MONTH: MARCH
YEAR: 2022
LATITUDE: 36 7 N
LONGITUDE: 86 41 W
[TEMPERATURE DATA] [PRECIPITATION DATA] SYMBOLS USED IN COLUMN 16
AVERAGE MONTHLY: 54.5 TOTAL FOR MONTH: 3.80 1 = FOG OR MIST
DPTR FM NORMAL: 3.0 DPTR FM NORMAL: -0.72 2 = FOG REDUCING VISIBILITY
HIGHEST: 83 ON 30 GRTST 24HR 1.45 ON 22-22 TO 1/4 MILE OR LESS
LOWEST: 20 ON 13 3 = THUNDER
SNOW, ICE PELLETS, HAIL 4 = ICE PELLETS
TOTAL MONTH: 2.8 INCHES 5 = HAIL
GRTST 24HR 2.0 ON 11-11 6 = FREEZING RAIN OR DRIZZLE
GRTST DEPTH: 3 ON 12 7 = DUSTSTORM OR SANDSTORM:
VSBY 1/2 MILE OR LESS
8 = SMOKE OR HAZE
[NO. OF DAYS WITH] [WEATHER - DAYS WITH] 9 = BLOWING SNOW
X = TORNADO
MAX 32 OR BELOW: 1 0.01 INCH OR MORE: 10
MAX 90 OR ABOVE: 0 0.10 INCH OR MORE: 8
MIN 32 OR BELOW: 4 0.50 INCH OR MORE: 2
MIN 0 OR BELOW: 0 1.00 INCH OR MORE: 1
[HDD (BASE 65) ]
TOTAL THIS MO. 341 CLEAR (SCALE 0-3) 7
DPTR FM NORMAL -90 PTCLDY (SCALE 4-7) 18
TOTAL FM JUL 1 2756 CLOUDY (SCALE 8-10) 6
DPTR FM NORMAL -386
[CDD (BASE 65) ]
TOTAL THIS MO. 23
DPTR FM NORMAL 12 [PRESSURE DATA]
TOTAL FM JAN 1 26 HIGHEST SLP 30.40 ON 13
DPTR FM NORMAL 14 LOWEST SLP 29.43 ON 30
[REMARKS]
#FINAL-03-22#