398
CXUS55 KOHX 011210
CF6BNA
PRELIMINARY LOCAL CLIMATOLOGICAL DATA (WS FORM: F-6)
STATION: NASHVILLE
MONTH: JANUARY
YEAR: 2021
LATITUDE: 36 7 N
LONGITUDE: 86 41 W
TEMPERATURE IN F: :PCPN: SNOW: WIND :SUNSHINE: SKY :PK WND
================================================================================
1 2 3 4 5 6A 6B 7 8 9 10 11 12 13 14 15 16 17 18
12Z AVG MX 2MIN
DY MAX MIN AVG DEP HDD CDD WTR SNW DPTH SPD SPD DIR MIN PSBL S-S WX SPD DR
================================================================================
1 75 45 60 22 5 0 0.54 0.0 0 10.7 29 210 M M 7 12 47 200
2 53 42 48 10 17 0 0.02 0.0 0 4.5 12 280 M M 10 1 16 280
3 50 32 41 3 24 0 0.03 0.0 0 5.5 14 270 M M 6 21 260
4 58 29 44 6 21 0 0.00 0.0 0 4.6 13 190 M M 4 17 180
5 52 32 42 4 23 0 0.00 0.0 0 6.9 18 310 M M 5 8 24 310
6 48 30 39 1 26 0 0.00 0.0 0 6.4 13 60 M M 5 17 60
7 41 36 39 2 26 0 0.00 0.0 0 10.5 17 20 M M 9 23 10
8 39 34 37 0 28 0 T T 0 11.1 16 310 M M 10 23 350
9 35 31 33 -4 32 0 0.00 0.0 0 8.7 15 10 M M 10 25 310
10 40 29 35 -2 30 0 0.00 0.0 0 5.6 10 10 M M 8 16 320
11 35 30 33 -4 32 0 0.01 T T 6.2 13 20 M M 10 18 17 360
12 43 26 35 -2 30 0 0.00 0.0 0 4.2 9 170 M M 5 8 14 150
13 50 21 36 -1 29 0 0.00 0.0 0 6.2 13 200 M M 1 18 23 200
14 58 30 44 7 21 0 0.03 0.0 0 12.7 23 300 M M 5 8 33 300
15 51 32 42 5 23 0 0.01 T 0 8.5 22 270 M M 7 37 230
16 43 35 39 2 26 0 T T T 8.9 17 290 M M 9 26 290
17 51 38 45 8 20 0 0.00 0.0 0 7.8 17 260 M M 9 28 260
18 54 34 44 7 21 0 0.00 0.0 0 5.6 14 260 M M 7 23 280
19 61 45 53 15 12 0 0.00 0.0 0 6.8 13 300 M M 8 19 290
20 50 34 42 4 23 0 0.08 0.0 0 5.9 17 310 M M 5 1 24 310
21 49 39 44 6 21 0 0.16 0.0 0 3.3 9 290 M M 9 18 13 300
22 52 31 42 4 23 0 0.00 0.0 0 6.3 14 10 M M 4 128 22 340
23 48 26 37 -1 28 0 0.00 0.0 0 7.2 14 60 M M 3 20 60
24 54 37 46 8 19 0 0.03 0.0 0 4.3 14 180 M M 9 128 18 180
25 68 48 58 20 7 0 1.35 0.0 0 7.8 23 190 M M 10 123 33 190
26 67 40 54 16 11 0 0.00 0.0 0 8.5 17 290 M M 3 28 300
27 44 34 39 1 26 0 0.02 T 0 11.2 21 320 M M 7 1 29 320
28 40 26 33 -5 32 0 0.00 0.0 0 9.6 17 10 M M 5 26 350
29 46 25 36 -2 29 0 0.00 0.0 0 3.8 10 110 M M 4 13 70
30 52 32 42 4 23 0 0.20 0.0 0 9.4 24 150 M M 10 34 35 150
31 58 37 48 9 17 0 0.08 0.0 0 11.8 23 180 M M 10 18 31 170
================================================================================
SM 1565 1040 705 0 2.56 T 230.5 M 214
================================================================================
AV 50.5 33.5 7.4 FASTST M M 7 MAX(MPH)
MISC ----> 29 210 47 200
================================================================================
NOTES:
# LAST OF SEVERAL OCCURRENCES
COLUMN 17 PEAK WIND IN M.P.H.
PRELIMINARY LOCAL CLIMATOLOGICAL DATA (WS FORM: F-6) , PAGE 2
STATION: NASHVILLE
MONTH: JANUARY
YEAR: 2021
LATITUDE: 36 7 N
LONGITUDE: 86 41 W
[TEMPERATURE DATA] [PRECIPITATION DATA] SYMBOLS USED IN COLUMN 16
AVERAGE MONTHLY: 42.0 TOTAL FOR MONTH: 2.56 1 = FOG OR MIST
DPTR FM NORMAL: 4.3 DPTR FM NORMAL: -1.19 2 = FOG REDUCING VISIBILITY
HIGHEST: 75 ON 1 GRTST 24HR 2.15 ON 24-25 TO 1/4 MILE OR LESS
LOWEST: 21 ON 13 3 = THUNDER
SNOW, ICE PELLETS, HAIL 4 = ICE PELLETS
TOTAL MONTH: T 5 = HAIL
GRTST 24HR T ON 8- 8 6 = FREEZING RAIN OR DRIZZLE
GRTST DEPTH: T 7 = DUSTSTORM OR SANDSTORM:
VSBY 1/2 MILE OR LESS
8 = SMOKE OR HAZE
[NO. OF DAYS WITH] [WEATHER - DAYS WITH] 9 = BLOWING SNOW
X = TORNADO
MAX 32 OR BELOW: 0 0.01 INCH OR MORE: 13
MAX 90 OR ABOVE: 0 0.10 INCH OR MORE: 4
MIN 32 OR BELOW: 16 0.50 INCH OR MORE: 2
MIN 0 OR BELOW: 0 1.00 INCH OR MORE: 1
[HDD (BASE 65) ]
TOTAL THIS MO. 705 CLEAR (SCALE 0-3) 2
DPTR FM NORMAL -143 PTCLDY (SCALE 4-7) 17
TOTAL FM JUL 1 1901 CLOUDY (SCALE 8-10) 12
DPTR FM NORMAL -386
[CDD (BASE 65) ]
TOTAL THIS MO. 0
DPTR FM NORMAL 0 [PRESSURE DATA]
TOTAL FM JAN 1 0 HIGHEST SLP 30.66 ON 28
DPTR FM NORMAL 0 LOWEST SLP 29.61 ON 25
[REMARKS]
#FINAL-01-21#