000
CXUS54 KOHX 012010
CLMBNA
CLIMATE REPORT
NATIONAL WEATHER SERVICE NASHVILLE, TN
310 PM CDT SUN OCT 01 2023
...................................
...THE NASHVILLE CLIMATE SUMMARY FOR THE MONTH OF SEPTEMBER 2023...
CLIMATE NORMAL PERIOD: 1991 TO 2020
CLIMATE RECORD PERIOD: 1871 TO 2023
WEATHER OBSERVED NORMAL DEPART LAST YEAR`S
VALUE DATE(S) VALUE FROM VALUE
NORMAL
..............................................................
TEMPERATURE (F)
RECORD
HIGH 105 09/05/1954
LOW 27 09/13/2023
HIGHEST 94 09/04
LOWEST 53 09/24
AVG. MAXIMUM 85.7 84.4 1.3
AVG. MINIMUM 63.4 61.8 1.6
MEAN 74.6 73.1 1.5 73.4
DAYS MAX >= 90 7
DAYS MAX <= 32 0
DAYS MIN <= 32 0
DAYS MIN <= 0 0
PRECIPITATION (INCHES)
RECORD
MAXIMUM 11.44 1979
MINIMUM 0.02 2019
TOTALS 2.44 3.80 -1.36
DAYS >= .01 7
DAYS >= .10 6
DAYS >= .50 2
DAYS >= 1.00 0
GREATEST
24 HR. TOTAL 0.89 09/28 TO 09/29
SNOWFALL (INCHES)
TOTALS 0.0 0.0 0.0
SINCE 7/1 0.0 0.0
DAYS >= TRACE 0
DAYS >= 1.0 0
DEGREE DAYS
HEATING TOTAL 0 14 -14
SINCE 7/1 0 12 -12
COOLING TOTAL 295 257 38
SINCE 1/1 1841 1804 37
..............................................................
WIND (MPH)
AVERAGE WIND SPEED 4.6
HIGHEST GUST SPEED/DIRECTION 31/320 DATE 09/17
SKY COVER
POSSIBLE SUNSHINE (PERCENT) MM
AVERAGE SKY COVER 0.47
NUMBER OF DAYS FAIR 8
NUMBER OF DAYS PC 20
NUMBER OF DAYS CLOUDY 2
AVERAGE RH (PERCENT) 64
WEATHER CONDITIONS. NUMBER OF DAYS WITH
THUNDERSTORM 3 MIXED PRECIP 0
HEAVY RAIN 3 RAIN 3
LIGHT RAIN 6 FREEZING RAIN 0
LT FREEZING RAIN 0 HAIL 0
HEAVY SNOW 0 SNOW 0
LIGHT SNOW 0 SLEET 0
FOG 9 FOG W/VIS <= 1/4 MILE 2
HAZE 3
- INDICATES NEGATIVE NUMBERS.
R INDICATES RECORD WAS SET OR TIED.
MM INDICATES DATA IS MISSING.
T INDICATES TRACE AMOUNT.
$$