000
CXUS56 KBOI 011740
CLMBNO
CLIMATE REPORT
NATIONAL WEATHER SERVICE BOISE ID
1140 AM MDT SAT APR 01 2023
...................................
...THE BURNS OR CLIMATE SUMMARY FOR THE MONTH OF MARCH 2023...
CLIMATE NORMAL PERIOD 1991 TO 2020
CLIMATE RECORD PERIOD 1938 TO 2023
WEATHER OBSERVED NORMAL DEPART
VALUE DATE(S) VALUE FROM
NORMAL
................................................
TEMPERATURE (F)
HIGHEST 45 03/22
LOWEST -3 03/06
AVG. MAXIMUM 37.3 51.1 -13.8
AVG. MINIMUM 15.0 26.3 -11.3
MEAN 26.2 38.7 -12.5
DAYS MAX >= 90 0
DAYS MAX <= 32 1
DAYS MIN <= 32 30
DAYS MIN <= 0 2
PRECIPITATION (INCHES)
RECORD
MAXIMUM 3.66 1983
TOTALS 3.34 0.96 2.38
DAYS >= .01 15
DAYS >= .10 13
DAYS >= .50 2
DAYS >= 1.00 0
GREATEST
24 HR. TOTAL 0.76 03/13 TO 03/14
DEGREE DAYS
HEATING TOTAL 1196 815 381
SINCE 7/1 6951 6009 942
COOLING TOTAL 0 0 0
SINCE 1/1 0 0 0
................................................
WIND (MPH)
AVERAGE WIND SPEED 7.9
HIGHEST WIND SPEED/DIRECTION 36/250 DATE 03/10
HIGHEST GUST SPEED/DIRECTION 47/280 DATE 03/10
AVERAGE RH (PERCENT) 74
- INDICATES NEGATIVE NUMBERS.
R INDICATES RECORD WAS SET OR TIED.
MM INDICATES DATA IS MISSING.
T INDICATES TRACE AMOUNT.
$$