000
CXUS55 KBOI 091110
CF6BOI
PRELIMINARY LOCAL CLIMATOLOGICAL DATA (WS FORM: F-6)
STATION: BOISE ID
MONTH: DECEMBER
YEAR: 2020
LATITUDE: 43 34 N
LONGITUDE: 116 13 W
TEMPERATURE IN F: :PCPN: SNOW: WIND :SUNSHINE: SKY :PK WND
================================================================================
1 2 3 4 5 6A 6B 7 8 9 10 11 12 13 14 15 16 17 18
12Z AVG MX 2MIN
DY MAX MIN AVG DEP HDD CDD WTR SNW DPTH SPD SPD DIR MIN PSBL S-S WX SPD DR
================================================================================
1 40 19 30 -5 35 0 0.00 0.0 0 4.3 12 300 M M 1 12 15 300
2 47 25 36 1 29 0 0.00 0.0 0 8.5 16 150 M M 0 20 160
3 41 23 32 -2 33 0 0.00 0.0 0 4.9 10 150 M M 0 13 140
4 40 21 31 -3 34 0 0.00 0.0 0 5.1 12 140 M M 0 14 140
5 42 21 32 -2 33 0 0.00 0.0 0 5.1 14 140 M M 0 19 140
6 40 20 30 -4 35 0 0.00 0.0 0 3.0 9 320 M M 0 11 320
7 46 23 35 2 30 0 0.00 0.0 0 6.1 15 140 M M 0 19 140
8 43 21 32 -1 33 0 0.00 0.0 0 3.7 13 140 M M 0 17 140
9 39 20 30 -3 35 0 0.00 0.0 0 4.0 12 300 M M 1 15 280
10 42 20 31 -2 34 0 0.00 0.0 0 5.2 16 100 M M 0 1 17 140
11 41 22 32 0 33 0 T T 0 4.0 9 130 M M 6 1 11 130
12 38 18 28 -4 37 0 0.00 0.0 0 5.0 14 310 M M 0 1 18 320
13 37 25 31 -1 34 0 0.04 0.5 0 12.1 24 150 M M 7 1 33 160
14 35 21 28 -4 37 0 0.01 0.1 1 6.9 17 300 M M 5 1 21 290
15 37 24 31 -1 34 0 0.02 0.2 T 8.4 16 130 M M 9 1 23 120
16 44 31 38 6 27 0 0.00 0.0 T 4.8 22 140 M M 9 12 29 140
17 44 35 40 8 25 0 0.08 0.0 0 7.7 22 130 M M 9 1 34 120
18 43 32 38 7 27 0 0.00 0.0 0 5.7 14 130 M M 5 19 120
19 49 33 41 10 24 0 T 0.0 0 8.5 16 130 M M 3 20 150
20 46 39 43 12 22 0 0.03 0.0 0 10.0 18 140 M M 10 23 150
21 58 43 51 20 14 0 T 0.0 0 13.1 23 120 M M 4 31 120
22 49 27 38 7 27 0 0.02 T 0 14.2 33 300 M M 5 18 43 300
23 37 20 29 -2 36 0 0.00 0.0 0 3.8 13 320 M M 0 16 310
24 43 24 34 3 31 0 0.00 0.0 0 9.3 17 160 M M 0 23 150
25 43 21 32 1 33 0 0.00 0.0 0 5.3 14 150 M M 5 18 160
26 42 28 35 4 30 0 0.34 0.5 0 5.9 15 110 M M 10 126 20 110
27 32 22 27 -4 38 0 T T 0 2.3 8 280 M M 7 12 10 310
28 31 20 26 -5 39 0 T T 0 4.5 12 260 M M 7 12 14 280
29 28 21 25 -6 40 0 T T 0 5.0 10 160 M M 9 12 13 170
30 35 23 29 -2 36 0 0.00 0.0 0 7.6 21 130 M M 9 1 28 150
31 38 29 34 3 31 0 0.01 0.2 0 2.9 9 130 M M 10 18 13 130
================================================================================
SM 1270 771 986 0 0.55 1.5 196.9 M 131
================================================================================
AV 41.0 24.9 6.4 FASTST M M 4 MAX(MPH)
MISC ----> 33 300 43 300
================================================================================
NOTES:
# LAST OF SEVERAL OCCURRENCES
COLUMN 17 PEAK WIND IN M.P.H.
PRELIMINARY LOCAL CLIMATOLOGICAL DATA (WS FORM: F-6) , PAGE 2
STATION: BOISE ID
MONTH: DECEMBER
YEAR: 2020
LATITUDE: 43 34 N
LONGITUDE: 116 13 W
[TEMPERATURE DATA] [PRECIPITATION DATA] SYMBOLS USED IN COLUMN 16
AVERAGE MONTHLY: 32.9 TOTAL FOR MONTH: 0.55 1 = FOG OR MIST
DPTR FM NORMAL: 0.8 DPTR FM NORMAL: -0.99 2 = FOG REDUCING VISIBILITY
HIGHEST: 58 ON 21 GRTST 24HR 0.34 ON 26-26 TO 1/4 MILE OR LESS
LOWEST: 18 ON 12 3 = THUNDER
SNOW, ICE PELLETS, HAIL 4 = ICE PELLETS
TOTAL MONTH: 1.5 INCHES 5 = HAIL
GRTST 24HR 0.5 ON 13-13 6 = FREEZING RAIN OR DRIZZLE
GRTST DEPTH: 1 ON 14 7 = DUSTSTORM OR SANDSTORM:
VSBY 1/2 MILE OR LESS
8 = SMOKE OR HAZE
[NO. OF DAYS WITH] [WEATHER - DAYS WITH] 9 = BLOWING SNOW
X = TORNADO
MAX 32 OR BELOW: 3 0.01 INCH OR MORE: 8
MAX 90 OR ABOVE: 0 0.10 INCH OR MORE: 1
MIN 32 OR BELOW: 27 0.50 INCH OR MORE: 0
MIN 0 OR BELOW: 0 1.00 INCH OR MORE: 0
[HDD (BASE 65) ]
TOTAL THIS MO. 986 CLEAR (SCALE 0-3) 14
DPTR FM NORMAL -34 PTCLDY (SCALE 4-7) 9
TOTAL FM JUL 1 2097 CLOUDY (SCALE 8-10) 8
DPTR FM NORMAL -134
[CDD (BASE 65) ]
TOTAL THIS MO. 0
DPTR FM NORMAL 0 [PRESSURE DATA]
TOTAL FM JAN 1 1087 HIGHEST SLP M ON M
DPTR FM NORMAL 43 LOWEST SLP 29.68 ON 22
[REMARKS]
#FINAL-12-20#