000
CXUS54 KMAF 011210
CF6BPG
PRELIMINARY LOCAL CLIMATOLOGICAL DATA (WS FORM: F-6)
STATION: BIG SPRING MCMAHON-WRINKLE FI
MONTH: JANUARY
YEAR: 2021
LATITUDE: 32 12 N
LONGITUDE: 101 31 W
TEMPERATURE IN F: :PCPN: SNOW: WIND :SUNSHINE: SKY :PK WND
================================================================================
1 2 3 4 5 6A 6B 7 8 9 10 11 12 13 14 15 16 17 18
12Z AVG MX 2MIN
DY MAX MIN AVG DEP HDD CDD WTR SNW DPTH SPD SPD DIR MIN PSBL S-S WX SPD DR
================================================================================
1 39 30 35 M 30 0 M M M 8.4 17 310 M M 10 1 22 310
2 40 21 31 M 34 0 M M M 9.3 16 180 M M 2 M M
3 52 27 40 M 25 0 M M M 9.2 14 150 M M 0 M M
4 52 31 42 M 23 0 M M M 7.2 15 360 M M 0 M M
5 60 29 45 M 20 0 M M M 7.0 15 190 M M 0 21 190
6 54 34 44 M 21 0 M M M 9.9 22 340 M M 1 29 340
7 56 24 40 M 25 0 M M M 4.7 15 80 M M 0 M M
8 38 28 33 M 32 0 M M M 6.6 14 90 M M 4 12 17 60
9 39 25 32 M 33 0 M M M 9.3 20 60 M M 8 12 24 70
10 38 24 31 M 34 0 0.11 M M 11.7 18 60 M M 10 1 26 60
11 37 23 30 M 35 0 M M M 3.2 10 280 M M 7 1 M M
12 47 23 35 M 30 0 M M M 5.8 9 240 M M 0 1 M M
13 60 26 43 M 22 0 M M M 11.1 20 220 M M 0 M M
14 55 33 44 M 21 0 M M M 12.4 29 20 M M 0 39 20
15 50 25 38 M 27 0 M M M 6.4 15 40 M M 0 22 330
16 62 25 44 M 21 0 M M M 8.5 16 150 M M 1 22 150
17 58 24 41 M 24 0 M M M 5.1 15 100 M M 0 M M
18 71 32 52 M 13 0 M M M 13.1 23 60 M M 0 33 60
19 48 41 45 M 20 0 M M M 21.4 32 60 M M 8 40 60
20 46 36 41 M 24 0 0.08 M M 6.9 12 230 M M 7 1 M M
21 62 43 53 M 12 0 0.01 M M 7.8 15 230 M M 5 M M
22 55 38 47 M 18 0 M M M 8.0 15 70 M M 2 M M
23 58 41 50 M 15 0 M M M 9.1 16 170 M M 8 1 M M
24 70 47 59 M 6 0 0.02 M M 10.4 18 140 M M 9 1 24 50
25 61 38 50 M 15 0 0.01 M M 15.1 29 260 M M 1 37 260
26 59 32 46 M 19 0 M M M 8.9 18 60 M M 2 8 30 330
27 55 28 42 M 23 0 M M M 9.9 18 320 M M 0 23 320
28 60 32 46 M 19 0 M M M 8.6 18 170 M M 0 26 160
29 68 36 52 M 13 0 M M M 12.3 23 140 M M 1 32 160
30 68 45 57 M 8 0 M M M 19.6 33 280 M M 5 8 44 280
31 62 36 49 M 16 0 M M M 10.1 17 20 M M 0 23 20
================================================================================
SM 1680 977 678 0 0.23 M 296.9 M 91
================================================================================
AV 54.2 31.5 9.6 FASTST M M 3 MAX(MPH)
MISC ----> 33 280 44 280
================================================================================
NOTES:
# LAST OF SEVERAL OCCURRENCES
COLUMN 17 PEAK WIND IN M.P.H.
PRELIMINARY LOCAL CLIMATOLOGICAL DATA (WS FORM: F-6) , PAGE 2
STATION: BIG SPRING MCMAHON-WRINKLE FI
MONTH: JANUARY
YEAR: 2021
LATITUDE: 32 12 N
LONGITUDE: 101 31 W
[TEMPERATURE DATA] [PRECIPITATION DATA] SYMBOLS USED IN COLUMN 16
AVERAGE MONTHLY: 42.9 TOTAL FOR MONTH: 0.23 1 = FOG OR MIST
DPTR FM NORMAL: 0.0 DPTR FM NORMAL: M 2 = FOG REDUCING VISIBILITY
HIGHEST: 71 ON 18 GRTST 24HR 0.11 ON 10-10 TO 1/4 MILE OR LESS
LOWEST: 21 ON 2 3 = THUNDER
SNOW, ICE PELLETS, HAIL 4 = ICE PELLETS
TOTAL MONTH: M 5 = HAIL
GRTST 24HR M ON M 6 = FREEZING RAIN OR DRIZZLE
GRTST DEPTH: M ON M 7 = DUSTSTORM OR SANDSTORM:
VSBY 1/2 MILE OR LESS
8 = SMOKE OR HAZE
[NO. OF DAYS WITH] [WEATHER - DAYS WITH] 9 = BLOWING SNOW
X = TORNADO
MAX 32 OR BELOW: 0 0.01 INCH OR MORE: 5
MAX 90 OR ABOVE: 0 0.10 INCH OR MORE: 1
MIN 32 OR BELOW: 19 0.50 INCH OR MORE: 0
MIN 0 OR BELOW: 0 1.00 INCH OR MORE: 0
[HDD (BASE 65) ]
TOTAL THIS MO. 678 CLEAR (SCALE 0-3) 20
DPTR FM NORMAL M PTCLDY (SCALE 4-7) 5
TOTAL FM JUL 1 1664 CLOUDY (SCALE 8-10) 6
DPTR FM NORMAL M
[CDD (BASE 65) ]
TOTAL THIS MO. 0
DPTR FM NORMAL M [PRESSURE DATA]
TOTAL FM JAN 1 0 HIGHEST SLP M ON M
DPTR FM NORMAL M LOWEST SLP M ON M
[REMARKS]
#FINAL-01-21#