000
CXUS54 KLZK 011230
CF6BPK
PRELIMINARY LOCAL CLIMATOLOGICAL DATA (WS FORM: F-6)
STATION: MOUNTAIN HOME AIRPORT
MONTH: APRIL
YEAR: 2023
LATITUDE: 36 22 N
LONGITUDE: 92 28 W
TEMPERATURE IN F: :PCPN: SNOW: WIND :SUNSHINE: SKY :PK WND
================================================================================
1 2 3 4 5 6A 6B 7 8 9 10 11 12 13 14 15 16 17 18
12Z AVG MX 2MIN
DY MAX MIN AVG DEP HDD CDD WTR SNW DPTH SPD SPD DIR MIN PSBL S-S WX SPD DR
================================================================================
1 65 43 54 -1 11 0 0.00 M M 7.0 18 320 M M 0 33 330
2 77 34 56 1 9 0 0.00 M M 8.1 17 210 M M 1 26 210
3 81 55 68 12 0 3 0.00 M M 9.6 18 190 M M 3 27 170
4 80 69 75 19 0 10 T M M 13.5 24 200 M M 1 36 180
5 74 42 58 2 7 0 0.19 M M 7.9 21 200 M M 3 13 28 210
6 56 41 49 -8 16 0 0.00 M M 3.3 12 70 M M 0 16 70
7 64 39 52 -5 13 0 0.00 M M 5.3 12 90 M M 0 17 80
8 70 42 56 -1 9 0 0.00 M M 5.8 13 140 M M 0 18 170
9 64 46 55 -3 10 0 0.00 M M 5.3 12 190 M M 5 15 180
10 73 47 60 2 5 0 0.00 M M 3.7 13 140 M M 2 1 19 170
11 76 49 63 5 2 0 0.00 M M 4.1 12 140 M M 0 17 150
12 79 50 65 7 0 0 0.00 M M 3.2 10 150 M M 0 17 210
13 78 51 65 6 0 0 0.00 M M 2.1 13 140 M M 0 18 130
14 82 49 66 7 0 1 0.00 M M 4.8 14 170 M M 0 18 180
15 85 47 66 7 0 1 0.31 M M 7.7 17 210 M M 5 3 29 310
16 63 43 53 -7 12 0 0.00 M M 8.2 18 320 M M 1 33 300
17 74 44 59 -1 6 0 0.00 M M 4.3 10 10 M M 0 20 330
18 83 51 67 7 0 2 0.00 M M 7.5 20 230 M M 0 30 230
19 82 59 71 11 0 6 0.00 M M 10.5 18 210 M M 1 31 210
20 73 55 64 4 1 0 0.53 M M 10.2 17 220 M M 7 13 32 220
21 68 46 57 -4 8 0 0.00 M M 1.8 6 99 M M 2 M M
22 59 40 50 -11 15 0 0.00 M M 4.8 13 290 M M 1 23 340
23 59 33 46 -15 19 0 0.00 M M 1.8 12 290 M M 1 19 260
24 64 35 50 -12 15 0 0.00 M M 4.6 14 140 M M 1 18 150
25 64 48 56 -6 9 0 T M M 3.8 14 150 M M 6 18 140
26 67 50 59 -3 6 0 T M M 5.0 14 150 M M 10 21 120
27 58 51 55 -7 10 0 0.39 M M 5.9 15 130 M M 9 1 19 80
28 66 53 60 -2 5 0 0.05 M M 1.4 9 130 M M 9 18 12 130
29 69 51 60 -3 5 0 0.04 M M 3.2 10 310 M M 6 1 19 330
30 64 41 53 -10 12 0 0.00 M M 5.0 16 350 M M 0 31 360
================================================================================
SM 2117 1404 205 23 1.51 M 169.4 M 74
================================================================================
AV 70.6 46.8 5.6 FASTST M M 2 MAX(MPH)
MISC ----> 24 200 36 180
================================================================================
NOTES:
# LAST OF SEVERAL OCCURRENCES
COLUMN 17 PEAK WIND IN M.P.H.
PRELIMINARY LOCAL CLIMATOLOGICAL DATA (WS FORM: F-6) , PAGE 2
STATION: MOUNTAIN HOME AIRPORT
MONTH: APRIL
YEAR: 2023
LATITUDE: 36 22 N
LONGITUDE: 92 28 W
[TEMPERATURE DATA] [PRECIPITATION DATA] SYMBOLS USED IN COLUMN 16
AVERAGE MONTHLY: 58.7 TOTAL FOR MONTH: 1.51 1 = FOG OR MIST
DPTR FM NORMAL: -0.5 DPTR FM NORMAL: -3.17 2 = FOG REDUCING VISIBILITY
HIGHEST: 85 ON 15 GRTST 24HR 0.53 ON 20-21 TO 1/4 MILE OR LESS
LOWEST: 33 ON 23 3 = THUNDER
SNOW, ICE PELLETS, HAIL 4 = ICE PELLETS
TOTAL MONTH: M 5 = HAIL
GRTST 24HR M ON M 6 = FREEZING RAIN OR DRIZZLE
GRTST DEPTH: M ON M 7 = DUSTSTORM OR SANDSTORM:
VSBY 1/2 MILE OR LESS
8 = SMOKE OR HAZE
[NO. OF DAYS WITH] [WEATHER - DAYS WITH] 9 = BLOWING SNOW
X = TORNADO
MAX 32 OR BELOW: 0 0.01 INCH OR MORE: 6
MAX 90 OR ABOVE: 0 0.10 INCH OR MORE: 4
MIN 32 OR BELOW: 0 0.50 INCH OR MORE: 1
MIN 0 OR BELOW: 0 1.00 INCH OR MORE: 0
[HDD (BASE 65) ]
TOTAL THIS MO. 205 CLEAR (SCALE 0-3) 20
DPTR FM NORMAL -8 PTCLDY (SCALE 4-7) 7
TOTAL FM JUL 1 3415 CLOUDY (SCALE 8-10) 3
DPTR FM NORMAL -331
[CDD (BASE 65) ]
TOTAL THIS MO. 23
DPTR FM NORMAL -16 [PRESSURE DATA]
TOTAL FM JAN 1 32 HIGHEST SLP 30.44 ON 7
DPTR FM NORMAL -17 LOWEST SLP 29.56 ON 4
[REMARKS]
#FINAL-04-23#