000
CXUS54 KLCH 151907
CF6BPT
PRELIMINARY LOCAL CLIMATOLOGICAL DATA (WS FORM: F-6)
STATION: BEAUMONT PORT ARTHUR
MONTH: AUGUST
YEAR: 2020
LATITUDE: 29 57 N
LONGITUDE: 94 1 W
TEMPERATURE IN F: :PCPN: SNOW: WIND :SUNSHINE: SKY :PK WND
================================================================================
1 2 3 4 5 6A 6B 7 8 9 10 11 12 13 14 15 16 17 18
12Z AVG MX 2MIN
DY MAX MIN AVG DEP HDD CDD WTR SNW DPTH SPD SPD DIR MIN PSBL S-S WX SPD DR
================================================================================
1 87 74 81 -2 0 16 0.07 0.0 0 3.5 14 310 M M 3 13 20 320
2 94 73 84 1 0 19 0.00 0.0 0 3.9 10 350 M M 0 12 14 350
3 96 74 85 2 0 20 0.00 0.0 0 5.1 12 180 M M 2 17 260
4 95 72 84 1 0 19 0.19 0.0 0 4.5 21 330 M M 1 13 31 320
5 93 72 83 0 0 18 0.47 0.0 0 4.2 18 50 M M 2 13 25 60
6 90 75 83 0 0 18 T 0.0 0 3.3 13 210 M M 3 3 21 200
7 93 75 84 1 0 19 T 0.0 0 3.4 10 130 M M 1 1 16 120
8 88 75 82 -1 0 17 0.12 0.0 0 1.8 13 120 M M 2 13 17 130
9 91 74 83 0 0 18 0.01 0.0 0 4.0 14 200 M M 1 138 21 230
10 92 74 83 0 0 18 0.00 0.0 0 4.9 13 190 M M 1 1 17 190
11 93 76 85 2 0 20 0.01 0.0 0 5.2 15 180 M M 1 38 20 280
12 95 76 86 3 0 21 T 0.0 0 5.8 15 180 M M 2 13 23 180
13 95 75 85 2 0 20 0.00 0.0 0 5.1 15 200 M M 2 12 20 200
14 96 76 86 3 0 21 0.00 0.0 0 5.9 15 180 M M 2 20 200
15 97 76 87 4 0 22 T 0.0 0 5.3 14 210 M M 2 1 19 190
16 100 76 88 5 0 23 0.00 0.0 0 4.9 12 300 M M 1 17 270
17 94 73 84 1 0 19 0.91 0.0 0 8.8 26 340 M M 0 13 38 360
18 96 71 84 1 0 19 0.00 0.0 0 4.7 12 350 M M 0 16 350
19 95 71 83 0 0 18 0.00 0.0 0 5.7 16 20 M M 1 18 21 10
20 94 73 84 1 0 19 T 0.0 0 4.7 15 340 M M 1 19 350
21 94 69 82 -1 0 17 0.00 0.0 0 4.1 17 210 M M 2 22 200
22 92 70 81 -2 0 16 0.33 0.0 0 3.7 20 30 M M 2 13 25 30
23 95 73 84 1 0 19 0.00 0.0 0 6.1 16 70 M M 2 25 80
24 95 76 86 3 0 21 0.00 0.0 0 8.3 16 20 M M 2 25 20
25 92 76 84 1 0 19 0.07 0.0 0 9.8 17 60 M M 3 1 24 40
26 90 76 83 0 0 18 0.55 0.0 0 17.8 44 350 M M M 13 61 350
27 92 75 84 1 0 19 0.41 0.0 0 13.1 48 330 M M M 1 73 330
28 85 74 80 -3 0 15 1.36 0.0 0 6.2 24 230 M M M 3 36 200
29 91 76 84 2 0 19 0.01 0.0 0 5.0 14 230 M M M 1 22 230
30 92 76 84 2 0 19 0.15 0.0 0 5.6 14 210 M M M 13 20 210
31 92 80 86 4 0 21 0.00 0.0 0 9.1 17 180 M M M 1 25 180
================================================================================
SM 2884 2302 0 587 4.66 0.0 183.5 M 39
================================================================================
AV 93.0 74.3 5.9 FASTST M M 2 MAX(MPH)
MISC ----> # 48 330 # 73 330
================================================================================
NOTES:
# LAST OF SEVERAL OCCURRENCES
COLUMN 17 PEAK WIND IN M.P.H.
PRELIMINARY LOCAL CLIMATOLOGICAL DATA (WS FORM: F-6) , PAGE 2
STATION: BEAUMONT PORT ARTHUR
MONTH: AUGUST
YEAR: 2020
LATITUDE: 29 57 N
LONGITUDE: 94 1 W
[TEMPERATURE DATA] [PRECIPITATION DATA] SYMBOLS USED IN COLUMN 16
AVERAGE MONTHLY: 83.7 TOTAL FOR MONTH: 4.66 1 = FOG OR MIST
DPTR FM NORMAL: 0.5 DPTR FM NORMAL: -0.72 2 = FOG REDUCING VISIBILITY
HIGHEST: 100 ON 16 GRTST 24HR 1.36 ON 28-28 TO 1/4 MILE OR LESS
LOWEST: 69 ON 21 3 = THUNDER
SNOW, ICE PELLETS, HAIL 4 = ICE PELLETS
TOTAL MONTH: 0.0 INCH 5 = HAIL
GRTST 24HR 0.0 6 = FREEZING RAIN OR DRIZZLE
GRTST DEPTH: 0 7 = DUSTSTORM OR SANDSTORM:
VSBY 1/2 MILE OR LESS
8 = SMOKE OR HAZE
[NO. OF DAYS WITH] [WEATHER - DAYS WITH] 9 = BLOWING SNOW
X = TORNADO
MAX 32 OR BELOW: 0 0.01 INCH OR MORE: 14
MAX 90 OR ABOVE: 28 0.10 INCH OR MORE: 9
MIN 32 OR BELOW: 0 0.50 INCH OR MORE: 3
MIN 0 OR BELOW: 0 1.00 INCH OR MORE: 1
[HDD (BASE 65) ]
TOTAL THIS MO. 0 CLEAR (SCALE 0-3) 25
DPTR FM NORMAL 0 PTCLDY (SCALE 4-7) 0
TOTAL FM JUL 1 0 CLOUDY (SCALE 8-10) 0
DPTR FM NORMAL 0
[CDD (BASE 65) ]
TOTAL THIS MO. 587
DPTR FM NORMAL 26 [PRESSURE DATA]
TOTAL FM JAN 1 2398 HIGHEST SLP M ON M
DPTR FM NORMAL 231 LOWEST SLP 29.17 ON 27
[REMARKS]
#FINAL-08-20#