000
CXUS55 KDVN 011000
CF6BRL
PRELIMINARY LOCAL CLIMATOLOGICAL DATA (WS FORM: F-6)
STATION: BURLINGTON IA
MONTH: SEPTEMBER
YEAR: 2021
LATITUDE: 40 46 N
LONGITUDE: 91 7 W
TEMPERATURE IN F: :PCPN: SNOW: WIND :SUNSHINE: SKY :PK WND
================================================================================
1 2 3 4 5 6A 6B 7 8 9 10 11 12 13 14 15 16 17 18
12Z AVG MX 2MIN
DY MAX MIN AVG DEP HDD CDD WTR SNW DPTH SPD SPD DIR MIN PSBL S-S WX SPD DR
================================================================================
1 81 62 72 1 0 7 0.00 M M 8.6 16 40 M M 3 21 30
2 78 57 68 -3 0 3 0.00 M M 6.0 13 120 M M 0 17 150
3 73 63 68 -3 0 3 0.33 M M 10.1 18 170 M M 7 1 28 180
4 72 59 66 -5 0 1 0.00 M M 3.9 10 340 M M 7 1 16 330
5 81 59 70 0 0 5 0.00 M M 4.7 12 280 M M 1 18 280
6 86 62 74 4 0 9 0.00 M M 5.8 12 240 M M 2 15 240
7 87 60 74 4 0 9 0.00 M M 10.0 20 250 M M 1 29 330
8 81 57 69 0 0 4 0.00 M M 7.7 20 330 M M 2 8 30 320
9 80 54 67 -2 0 2 0.00 M M 3.8 13 350 M M 1 8 21 350
10 82 53 68 -1 0 3 0.00 M M 6.5 15 150 M M 1 22 170
11 88 64 76 8 0 11 0.00 M M 7.7 14 210 M M 0 20 200
12 87 68 78 10 0 13 0.00 M M 8.1 18 220 M M 0 26 230
13 87 64 76 8 0 11 0.00 M M 9.2 17 170 M M 0 24 190
14 85 63 74 7 0 9 T M M 9.4 16 260 M M 1 24 240
15 79 53 66 -1 0 1 0.00 M M 4.1 13 40 M M 0 1 17 50
16 83 57 70 3 0 5 0.00 M M 6.8 15 180 M M 0 21 170
17 88 57 73 7 0 8 T M M 6.9 17 10 M M 1 3 23 30
18 87 64 76 10 0 11 0.00 M M 5.3 14 20 M M 1 8 20 30
19 90 65 78 12 0 13 0.00 M M 6.6 17 180 M M 0 23 190
20 87 63 75 10 0 10 2.20 M M 11.3 24 310 M M 7 13 37 330
21 72 57 65 0 0 0 0.03 M M 10.5 22 340 M M 3 1 29 340
22 71 50 61 -3 4 0 0.00 M M 9.7 20 360 M M 2 32 330
23 71 45 58 -6 7 0 0.00 M M 5.5 14 300 M M 0 1 21 300
24 82 49 66 2 0 1 0.01 M M 10.8 24 200 M M 3 34 210
25 72 48 60 -3 5 0 0.00 M M 6.7 15 260 M M 1 128 23 240
26 86 51 69 6 0 4 0.00 M M 10.8 21 190 M M 0 33 180
27 86 62 74 12 0 9 0.00 M M 8.4 20 240 M M 0 8 27 220
28 85 59 72 10 0 7 0.00 M M 6.9 13 50 M M 0 1 15 50
29 86 59 73 11 0 8 0.00 M M 4.6 16 180 M M 0 8 21 180
30 86 62 74 13 0 9 0.00 M M 4.1 13 140 M M 0 18 200
================================================================================
SM 2459 1746 16 176 2.57 M 220.5 M 44
================================================================================
AV 82.0 58.2 7.3 FASTST M M 1 MAX(MPH)
MISC ----> # 24 310 37 330
================================================================================
NOTES:
# LAST OF SEVERAL OCCURRENCES
COLUMN 17 PEAK WIND IN M.P.H.
PRELIMINARY LOCAL CLIMATOLOGICAL DATA (WS FORM: F-6) , PAGE 2
STATION: BURLINGTON IA
MONTH: SEPTEMBER
YEAR: 2021
LATITUDE: 40 46 N
LONGITUDE: 91 7 W
[TEMPERATURE DATA] [PRECIPITATION DATA] SYMBOLS USED IN COLUMN 16
AVERAGE MONTHLY: 70.1 TOTAL FOR MONTH: 2.57 1 = FOG OR MIST
DPTR FM NORMAL: 3.4 DPTR FM NORMAL: -0.96 2 = FOG REDUCING VISIBILITY
HIGHEST: 90 ON 19 GRTST 24HR 2.23 ON 20-21 TO 1/4 MILE OR LESS
LOWEST: 45 ON 23 3 = THUNDER
SNOW, ICE PELLETS, HAIL 4 = ICE PELLETS
TOTAL MONTH: M 5 = HAIL
GRTST 24HR M ON M 6 = FREEZING RAIN OR DRIZZLE
GRTST DEPTH: M ON M 7 = DUSTSTORM OR SANDSTORM:
VSBY 1/2 MILE OR LESS
8 = SMOKE OR HAZE
[NO. OF DAYS WITH] [WEATHER - DAYS WITH] 9 = BLOWING SNOW
X = TORNADO
MAX 32 OR BELOW: 0 0.01 INCH OR MORE: 4
MAX 90 OR ABOVE: 1 0.10 INCH OR MORE: 2
MIN 32 OR BELOW: 0 0.50 INCH OR MORE: 1
MIN 0 OR BELOW: 0 1.00 INCH OR MORE: 1
[HDD (BASE 65) ]
TOTAL THIS MO. 16 CLEAR (SCALE 0-3) 27
DPTR FM NORMAL -61 PTCLDY (SCALE 4-7) 3
TOTAL FM JUL 1 16 CLOUDY (SCALE 8-10) 0
DPTR FM NORMAL -69
[CDD (BASE 65) ]
TOTAL THIS MO. 176
DPTR FM NORMAL 49 [PRESSURE DATA]
TOTAL FM JAN 1 1168 HIGHEST SLP 30.25 ON 22
DPTR FM NORMAL 105 LOWEST SLP 29.71 ON 7
[REMARKS]
#FINAL-09-21#