000
CXUS53 KGRR 010910
CF6BTL
PRELIMINARY LOCAL CLIMATOLOGICAL DATA (WS FORM: F-6)
STATION: BATTLE CREEK
MONTH: APRIL
YEAR: 2023
LATITUDE: 42 17 N
LONGITUDE: 85 14 W
TEMPERATURE IN F: :PCPN: SNOW: WIND :SUNSHINE: SKY :PK WND
================================================================================
1 2 3 4 5 6A 6B 7 8 9 10 11 12 13 14 15 16 17 18
12Z AVG MX 2MIN
DY MAX MIN AVG DEP HDD CDD WTR SNW DPTH SPD SPD DIR MIN PSBL S-S WX SPD DR
================================================================================
1 56 35 46 4 19 0 0.31 M M 12.9 29 250 M M 8 1 43 260
2 49 30 40 -3 25 0 0.00 M M 10.1 20 160 M M 4 29 190
3 57 40 49 6 16 0 0.36 M M 7.1 22 190 M M 6 1 28 190
4 57 45 51 7 14 0 0.27 M M 10.4 23 70 M M 10 1 31 120
5 73 41 57 13 8 0 0.76 M M 17.4 33 210 M M 4 13 48 230
6 49 35 42 -2 23 0 0.00 M M 13.2 22 260 M M 0 31 240
7 52 31 42 -3 23 0 0.00 M M 5.9 12 30 M M 0 15 40
8 59 35 47 2 18 0 0.00 M M 6.3 16 170 M M 1 21 170
9 66 36 51 6 14 0 0.00 M M 4.4 10 220 M M 0 16 200
10 68 43 56 10 9 0 0.00 M M 7.7 15 230 M M 0 21 170
11 75 44 60 14 5 0 0.00 M M 11.9 24 260 M M 0 34 240
12 80 58 69 22 0 4 0.00 M M 14.0 28 250 M M 0 39 280
13 82 52 67 20 0 2 0.00 M M 9.6 21 260 M M 0 29 250
14 84 47 66 19 0 1 0.00 M M 3.4 10 190 M M 0 14 150
15 82 60 71 23 0 6 0.00 M M 4.6 18 240 M M 5 25 240
16 68 40 54 6 11 0 0.25 M M 15.1 31 230 M M 7 1 40 220
17 40 33 37 -11 28 0 0.15 M M 17.6 29 280 M M 10 18 40 270
18 49 32 41 -8 24 0 T M M 13.4 24 280 M M 6 32 270
19 64 29 47 -2 18 0 0.00 M M 8.9 20 80 M M 1 31 70
20 78 47 63 13 2 0 0.11 M M 11.8 25 220 M M 5 38 37 230
21 62 45 54 4 11 0 0.04 M M 8.0 24 290 M M 5 1 30 290
22 49 34 42 -8 23 0 0.14 M M 9.1 24 250 M M 8 1 31 290
23 47 34 41 -10 24 0 0.03 M M 9.8 17 280 M M 9 1 23 290
24 51 33 42 -9 23 0 T M M 6.8 18 280 M M 7 18 24 300
25 49 31 40 -12 25 0 0.09 M M 4.2 12 40 M M 7 1 14 60
26 54 30 42 -10 23 0 0.00 M M 4.8 15 310 M M 1 24 270
27 64 30 47 -5 18 0 0.00 M M 6.3 17 170 M M 0 22 170
28 55 46 51 -2 14 0 0.19 M M 9.4 18 30 M M 7 1 25 40
29 66 41 54 1 11 0 0.40 M M 8.4 30 260 M M 7 13 40 250
30 52 38 45 -9 20 0 0.01 M M 10.7 24 240 M M 9 1 30 230
================================================================================
SM 1837 1175 449 13 3.11 M 283.2 M 127
================================================================================
AV 61.2 39.2 9.4 FASTST M M 4 MAX(MPH)
MISC ----> 33 210 48 230
================================================================================
NOTES:
# LAST OF SEVERAL OCCURRENCES
COLUMN 17 PEAK WIND IN M.P.H.
PRELIMINARY LOCAL CLIMATOLOGICAL DATA (WS FORM: F-6) , PAGE 2
STATION: BATTLE CREEK
MONTH: APRIL
YEAR: 2023
LATITUDE: 42 17 N
LONGITUDE: 85 14 W
[TEMPERATURE DATA] [PRECIPITATION DATA] SYMBOLS USED IN COLUMN 16
AVERAGE MONTHLY: 50.2 TOTAL FOR MONTH: 3.11 1 = FOG OR MIST
DPTR FM NORMAL: 2.2 DPTR FM NORMAL: 0.23 2 = FOG REDUCING VISIBILITY
HIGHEST: 84 ON 14 GRTST 24HR 1.15 ON 31- 1 TO 1/4 MILE OR LESS
LOWEST: 29 ON 19 3 = THUNDER
SNOW, ICE PELLETS, HAIL 4 = ICE PELLETS
TOTAL MONTH: M 5 = HAIL
GRTST 24HR M ON M 6 = FREEZING RAIN OR DRIZZLE
GRTST DEPTH: M ON M 7 = DUSTSTORM OR SANDSTORM:
VSBY 1/2 MILE OR LESS
8 = SMOKE OR HAZE
[NO. OF DAYS WITH] [WEATHER - DAYS WITH] 9 = BLOWING SNOW
X = TORNADO
MAX 32 OR BELOW: 0 0.01 INCH OR MORE: 14
MAX 90 OR ABOVE: 0 0.10 INCH OR MORE: 10
MIN 32 OR BELOW: 7 0.50 INCH OR MORE: 1
MIN 0 OR BELOW: 0 1.00 INCH OR MORE: 0
[HDD (BASE 65) ]
TOTAL THIS MO. 449 CLEAR (SCALE 0-3) 12
DPTR FM NORMAL -66 PTCLDY (SCALE 4-7) 13
TOTAL FM JUL 1 5425 CLOUDY (SCALE 8-10) 5
DPTR FM NORMAL -730
[CDD (BASE 65) ]
TOTAL THIS MO. 13
DPTR FM NORMAL 9 [PRESSURE DATA]
TOTAL FM JAN 1 13 HIGHEST SLP 30.60 ON 7
DPTR FM NORMAL 8 LOWEST SLP 29.28 ON 1
[REMARKS]
#FINAL-04-23#