000
CXUS53 KGRR 011017
CF6BTL
PRELIMINARY LOCAL CLIMATOLOGICAL DATA (WS FORM: F-6)
STATION: BATTLE CREEK
MONTH: JUNE
YEAR: 2020
LATITUDE: 42 17 N
LONGITUDE: 85 14 W
TEMPERATURE IN F: :PCPN: SNOW: WIND :SUNSHINE: SKY :PK WND
================================================================================
1 2 3 4 5 6A 6B 7 8 9 10 11 12 13 14 15 16 17 18
12Z AVG MX 2MIN
DY MAX MIN AVG DEP HDD CDD WTR SNW DPTH SPD SPD DIR MIN PSBL S-S WX SPD DR
================================================================================
1 72 44 58 -5 7 0 T M M 7.6 16 190 M M 4 22 190
2 90 59 75 12 0 10 0.00 M M 12.3 22 240 M M 1 30 240
3 81 61 71 7 0 6 T M M 9.2 26 320 M M 1 42 330
4 85 58 72 8 0 7 0.00 M M 4.2 12 220 M M 4 15 220
5 88 58 73 9 0 8 0.00 M M 6.5 21 260 M M 1 3 31 270
6 82 61 72 7 0 7 0.00 M M 8.2 20 310 M M 0 25 310
7 78 55 67 2 0 2 0.00 M M 5.5 12 120 M M 0 15 40
8 85 60 73 8 0 8 0.00 M M 7.3 14 160 M M 0 23 180
9 92 61 77 11 0 12 0.13 M M 12.3 30 160 M M 2 1 39 180
10 89 M M M M M 0.28 M M 16.6 43 180 M M 7 13 70 220
11 77 57 67 1 0 2 0.00 M M 10.6 23 260 M M 1 26 270
12 77 M M M M M T M M M M M M M M 1 M M
13 69 M M M M M 0.00 M M M M M M M 1 1 M M
14 71 44 58 -9 7 0 0.00 M M 8.5 20 70 M M 0 27 50
15 78 47 63 -4 2 0 0.00 M M 5.0 13 100 M M 1 17 80
16 83 54 69 1 0 4 0.00 M M 3.1 8 160 M M 1 11 180
17 85 58 72 4 0 7 0.00 M M 4.1 14 50 M M 1 19 60
18 86 56 71 3 0 6 0.00 M M 2.0 10 90 M M 0 15 100
19 90 60 75 7 0 10 0.00 M M 3.3 10 240 M M 0 16 240
20 92 68 80 11 0 15 T M M 9.0 18 200 M M 2 25 210
21 84 67 76 7 0 11 T M M 7.2 15 250 M M 3 21 260
22 87 65 76 7 0 11 0.94 M M 7.0 21 260 M M 4 13 27 260
23 73 59 66 -3 0 1 0.06 M M 12.1 26 290 M M 9 1 41 300
24 77 56 67 -3 0 2 0.00 M M 9.2 20 270 M M 3 27 250
25 80 57 69 -1 0 4 0.00 M M 6.4 17 290 M M 0 25 300
26 82 58 70 0 0 5 1.61 M M 6.7 28 350 M M 3 138 41 360
27 86 68 77 7 0 12 T M M 9.8 17 270 M M 6 24 270
28 86 63 75 5 0 10 0.00 M M 3.5 12 50 M M 0 17 110
29 89 67 78 8 0 13 0.00 M M 4.8 12 170 M M 2 16 170
30 88 72 80 9 0 15 0.00 M M 6.0 15 130 M M 3 21 120
================================================================================
SM 2482 1593 16 188 3.02 M 208.0 M 60
================================================================================
AV 82.7 59.0 7.4 FASTST M M 2 MAX(MPH)
MISC ----> # 43 180 # 70 220
================================================================================
NOTES:
# LAST OF SEVERAL OCCURRENCES
COLUMN 17 PEAK WIND IN M.P.H.
PRELIMINARY LOCAL CLIMATOLOGICAL DATA (WS FORM: F-6) , PAGE 2
STATION: BATTLE CREEK
MONTH: JUNE
YEAR: 2020
LATITUDE: 42 17 N
LONGITUDE: 85 14 W
[TEMPERATURE DATA] [PRECIPITATION DATA] SYMBOLS USED IN COLUMN 16
AVERAGE MONTHLY: 70.9 TOTAL FOR MONTH: 3.02 1 = FOG OR MIST
DPTR FM NORMAL: 3.6 DPTR FM NORMAL: -0.21 2 = FOG REDUCING VISIBILITY
HIGHEST: 92 ON 20, 9 GRTST 24HR 1.61 ON 26-26 TO 1/4 MILE OR LESS
LOWEST: 44 ON 14, 1 3 = THUNDER
SNOW, ICE PELLETS, HAIL 4 = ICE PELLETS
TOTAL MONTH: M 5 = HAIL
GRTST 24HR M ON M 6 = FREEZING RAIN OR DRIZZLE
GRTST DEPTH: M ON M 7 = DUSTSTORM OR SANDSTORM:
VSBY 1/2 MILE OR LESS
8 = SMOKE OR HAZE
[NO. OF DAYS WITH] [WEATHER - DAYS WITH] 9 = BLOWING SNOW
X = TORNADO
MAX 32 OR BELOW: 0 0.01 INCH OR MORE: 5
MAX 90 OR ABOVE: 4 0.10 INCH OR MORE: 4
MIN 32 OR BELOW: 0 0.50 INCH OR MORE: 2
MIN 0 OR BELOW: 0 1.00 INCH OR MORE: 1
[HDD (BASE 65) ]
TOTAL THIS MO. 16 CLEAR (SCALE 0-3) 23
DPTR FM NORMAL -41 PTCLDY (SCALE 4-7) 5
TOTAL FM JUL 1 6107 CLOUDY (SCALE 8-10) 1
DPTR FM NORMAL -584
[CDD (BASE 65) ]
TOTAL THIS MO. 188
DPTR FM NORMAL 62 [PRESSURE DATA]
TOTAL FM JAN 1 239 HIGHEST SLP 30.41 ON 15
DPTR FM NORMAL 75 LOWEST SLP 29.47 ON 10
[REMARKS]
#FINAL-06-20#