000
CXUS54 KLIX 010810
CF6BTR
PRELIMINARY LOCAL CLIMATOLOGICAL DATA (WS FORM: F-6)
STATION: BATON ROUGE
MONTH: APRIL
YEAR: 2022
LATITUDE: 30 31 N
LONGITUDE: 91 9 W
TEMPERATURE IN F: :PCPN: SNOW: WIND :SUNSHINE: SKY :PK WND
================================================================================
1 2 3 4 5 6A 6B 7 8 9 10 11 12 13 14 15 16 17 18
12Z AVG MX 2MIN
DY MAX MIN AVG DEP HDD CDD WTR SNW DPTH SPD SPD DIR MIN PSBL S-S WX SPD DR
================================================================================
1 76 46 61 -4 4 0 0.00 0.0 M 3.4 12 60 M M 0 15 70
2 81 51 66 1 0 1 T 0.0 M 5.2 14 50 M M 3 19 80
3 83 49 66 1 0 1 0.00 0.0 M 3.8 15 170 M M 0 18 170
4 84 52 68 2 0 3 T 0.0 M 7.8 18 130 M M 3 8 23 120
5 81 62 72 6 0 7 0.34 0.0 M 10.1 25 190 M M 9 13 34 210
6 85 64 75 9 0 10 0.00 0.0 M 11.0 21 350 M M 7 18 29 330
7 70 49 60 -6 5 0 0.00 0.0 M 8.7 25 310 M M 1 38 290
8 68 47 58 -8 7 0 0.00 0.0 M 10.0 32 280 M M 0 8 43 280
9 73 39 56 -10 9 0 0.00 0.0 M 6.1 15 190 M M 0 19 300
10 81 50 66 -1 0 1 0.00 0.0 M 11.0 25 200 M M 0 30 180
11 74 58 66 -1 0 1 0.06 0.0 M 9.2 23 120 M M 8 13 28 120
12 79 62 71 4 0 6 0.72 0.0 M 13.0 29 180 M M 7 13 38 190
13 83 63 73 6 0 8 1.48 0.0 M 12.4 26 170 M M 7 13 33 170
14 81 57 69 1 0 4 0.00 0.0 M 7.2 16 60 M M 3 22 60
15 80 61 71 3 0 6 T 0.0 M 10.0 17 150 M M 8 31 200
16 85 69 77 9 0 12 T 0.0 M 9.5 17 230 M M 8 27 160
17 85 67 76 8 0 11 0.35 0.0 M 8.9 21 230 M M 7 13 26 230
18 70 52 61 -7 4 0 0.00 0.0 M 8.0 16 20 M M 6 22 20
19 73 47 60 -9 5 0 0.00 0.0 M 6.7 18 80 M M 0 23 80
20 81 51 66 -3 0 1 0.00 0.0 M 8.4 22 140 M M 2 29 130
21 86 64 75 6 0 10 0.00 0.0 M 9.5 17 130 M M 4 23 120
22 84 62 73 4 0 8 0.00 0.0 M 8.4 17 120 M M 3 12 25 110
23 86 60 73 3 0 8 0.00 0.0 M 10.5 21 120 M M 4 27 120
24 86 68 77 7 0 12 0.24 0.0 M 8.8 20 110 M M 7 13 25 150
25 84 64 74 4 0 9 0.06 0.0 M 6.4 26 290 M M 8 13 37 270
26 76 58 67 -3 0 2 T 0.0 M 7.3 15 30 M M 5 20 40
27 80 51 66 -5 0 1 0.00 0.0 M 5.2 12 60 M M 0 15 70
28 83 51 67 -4 0 2 0.00 0.0 M 2.6 9 110 M M 0 12 110
29 83 53 68 -3 0 3 0.00 0.0 M 5.6 15 130 M M 1 21 150
30 87 56 72 1 0 7 0.00 0.0 M 6.4 17 180 M M 1 21 200
================================================================================
SM 2408 1683 34 134 3.25 0.0 241.1 M 112
================================================================================
AV 80.3 56.1 8.0 FASTST M M 4 MAX(MPH)
MISC ----> 32 280 43 280
================================================================================
NOTES:
# LAST OF SEVERAL OCCURRENCES
COLUMN 17 PEAK WIND IN M.P.H.
PRELIMINARY LOCAL CLIMATOLOGICAL DATA (WS FORM: F-6) , PAGE 2
STATION: BATON ROUGE
MONTH: APRIL
YEAR: 2022
LATITUDE: 30 31 N
LONGITUDE: 91 9 W
[TEMPERATURE DATA] [PRECIPITATION DATA] SYMBOLS USED IN COLUMN 16
AVERAGE MONTHLY: 68.2 TOTAL FOR MONTH: 3.25 1 = FOG OR MIST
DPTR FM NORMAL: 0.2 DPTR FM NORMAL: -1.83 2 = FOG REDUCING VISIBILITY
HIGHEST: 87 ON 30 GRTST 24HR 1.48 ON 13-13 TO 1/4 MILE OR LESS
LOWEST: 39 ON 9 3 = THUNDER
SNOW, ICE PELLETS, HAIL 4 = ICE PELLETS
TOTAL MONTH: 0.0 INCH 5 = HAIL
GRTST 24HR 0.0 6 = FREEZING RAIN OR DRIZZLE
GRTST DEPTH: M ON M 7 = DUSTSTORM OR SANDSTORM:
VSBY 1/2 MILE OR LESS
8 = SMOKE OR HAZE
[NO. OF DAYS WITH] [WEATHER - DAYS WITH] 9 = BLOWING SNOW
X = TORNADO
MAX 32 OR BELOW: 0 0.01 INCH OR MORE: 7
MAX 90 OR ABOVE: 0 0.10 INCH OR MORE: 5
MIN 32 OR BELOW: 0 0.50 INCH OR MORE: 2
MIN 0 OR BELOW: 0 1.00 INCH OR MORE: 1
[HDD (BASE 65) ]
TOTAL THIS MO. 34 CLEAR (SCALE 0-3) 15
DPTR FM NORMAL -17 PTCLDY (SCALE 4-7) 12
TOTAL FM JUL 1 1387 CLOUDY (SCALE 8-10) 3
DPTR FM NORMAL -144
[CDD (BASE 65) ]
TOTAL THIS MO. 134
DPTR FM NORMAL -7 [PRESSURE DATA]
TOTAL FM JAN 1 231 HIGHEST SLP M ON M
DPTR FM NORMAL -13 LOWEST SLP 29.62 ON 5
[REMARKS]
#FINAL-04-22#