000
CXUS54 KTSA 010950
CF6BVO
PRELIMINARY LOCAL CLIMATOLOGICAL DATA (WS FORM: F-6)
STATION: BARTLESVILLE OKLAHOMA
MONTH: FEBRUARY
YEAR: 2023
LATITUDE: 36 45 N
LONGITUDE: 96 0 W
TEMPERATURE IN F: :PCPN: SNOW: WIND :SUNSHINE: SKY :PK WND
================================================================================
1 2 3 4 5 6A 6B 7 8 9 10 11 12 13 14 15 16 17 18
12Z AVG MX 2MIN
DY MAX MIN AVG DEP HDD CDD WTR SNW DPTH SPD SPD DIR MIN PSBL S-S WX SPD DR
================================================================================
1 32 12 22 -14 43 0 0.00 0.0 M 0.6 8 160 M M 0 12 170
2 50 22 36 0 29 0 0.00 0.0 M 2.4 15 10 M M 1 23 360
3 46 16 31 -6 34 0 0.00 0.0 M 7.3 17 10 M M 0 26 10
4 59 30 45 8 20 0 0.00 0.0 M 10.2 25 170 M M 0 37 170
5 65 24 45 8 20 0 0.00 0.0 M 2.0 12 260 M M 0 18 250
6 69 29 49 12 16 0 0.07 0.0 M 10.0 29 190 M M 2 1 43 190
7 49 34 42 5 23 0 0.13 0.0 M 3.2 13 10 M M 7 13 16 360
8 43 38 41 3 24 0 0.68 0.0 M 8.0 16 20 M M 10 1 22 290
9 57 28 43 5 22 0 0.04 0.0 M 6.2 18 360 M M 4 1 28 360
10 42 24 33 -5 32 0 0.00 0.0 M 6.0 15 20 M M 5 22 360
11 53 19 36 -2 29 0 0.00 0.0 M 1.1 7 150 M M 0 11 140
12 65 20 43 4 22 0 0.00 0.0 M 6.7 20 180 M M 0 30 190
13 62 30 46 7 19 0 0.00 0.0 M 4.7 12 150 M M 0 16 320
14 62 46 54 15 11 0 0.45 0.0 M 11.2 25 230 M M 6 1 47 230
15 56 30 43 4 22 0 0.00 0.0 M 9.7 23 20 M M 1 36 10
16 37 28 33 -7 32 0 0.00 0.0 M 7.0 15 280 M M 9 26 300
17 50 17 34 -6 31 0 0.00 0.0 M 4.3 15 220 M M 0 21 220
18 53 21 37 -3 28 0 0.00 0.0 M 10.2 23 210 M M 2 36 190
19 69 25 47 7 18 0 0.00 0.0 M 5.5 18 220 M M 0 29 280
20 66 35 51 10 14 0 0.00 0.0 M 1.6 9 160 M M 0 8 13 120
21 65 31 48 7 17 0 0.00 0.0 M 6.3 24 170 M M 0 33 180
22 74 32 53 12 12 0 0.07 0.0 M 9.1 28 210 M M 3 41 190
23 38 21 30 -12 35 0 0.00 0.0 M 8.3 16 20 M M 0 22 20
24 34 22 28 -14 37 0 0.00 0.0 M 8.6 17 40 M M 6 24 40
25 45 31 38 -4 27 0 0.00 0.0 M 3.3 10 210 M M 10 1 13 200
26 64 44 54 11 11 0 0.14 0.0 M 12.6 40 170 M M 10 1 54 170
27 73 38 56 13 9 0 T 0.0 M 10.4 30 220 M M 2 8 41 220
28 77 33 55 12 10 0 0.00 0.0 M 5.6 20 240 M M 0 32 240
================================================================================
SM 1555 780 647 0 1.58 0.0 182.1 M 78
================================================================================
AV 55.5 27.9 6.5 FASTST M M 3 MAX(MPH)
MISC ----> 40 170 54 170
================================================================================
NOTES:
# LAST OF SEVERAL OCCURRENCES
COLUMN 17 PEAK WIND IN M.P.H.
PRELIMINARY LOCAL CLIMATOLOGICAL DATA (WS FORM: F-6) , PAGE 2
STATION: BARTLESVILLE OKLAHOMA
MONTH: FEBRUARY
YEAR: 2023
LATITUDE: 36 45 N
LONGITUDE: 96 0 W
[TEMPERATURE DATA] [PRECIPITATION DATA] SYMBOLS USED IN COLUMN 16
AVERAGE MONTHLY: 41.7 TOTAL FOR MONTH: 1.58 1 = FOG OR MIST
DPTR FM NORMAL: 2.3 DPTR FM NORMAL: -0.30 2 = FOG REDUCING VISIBILITY
HIGHEST: 77 ON 28 GRTST 24HR 0.72 ON 8- 9 TO 1/4 MILE OR LESS
LOWEST: 12 ON 1 3 = THUNDER
SNOW, ICE PELLETS, HAIL 4 = ICE PELLETS
TOTAL MONTH: 0.0 INCH 5 = HAIL
GRTST 24HR 0.0 6 = FREEZING RAIN OR DRIZZLE
GRTST DEPTH: M ON M 7 = DUSTSTORM OR SANDSTORM:
VSBY 1/2 MILE OR LESS
8 = SMOKE OR HAZE
[NO. OF DAYS WITH] [WEATHER - DAYS WITH] 9 = BLOWING SNOW
X = TORNADO
MAX 32 OR BELOW: 1 0.01 INCH OR MORE: 7
MAX 90 OR ABOVE: 0 0.10 INCH OR MORE: 4
MIN 32 OR BELOW: 21 0.50 INCH OR MORE: 1
MIN 0 OR BELOW: 0 1.00 INCH OR MORE: 0
[HDD (BASE 65) ]
TOTAL THIS MO. 647 CLEAR (SCALE 0-3) 19
DPTR FM NORMAL -70 PTCLDY (SCALE 4-7) 5
TOTAL FM JUL 1 3136 CLOUDY (SCALE 8-10) 4
DPTR FM NORMAL -176
[CDD (BASE 65) ]
TOTAL THIS MO. 0
DPTR FM NORMAL -1 [PRESSURE DATA]
TOTAL FM JAN 1 0 HIGHEST SLP 30.66 ON 3
DPTR FM NORMAL 0 LOWEST SLP 29.25 ON 14
[REMARKS]
#FINAL-02-23#