000
CXUS54 KLZK 011230
CF6BVX
PRELIMINARY LOCAL CLIMATOLOGICAL DATA (WS FORM: F-6)
STATION: BATESVILLE REGIONAL AIRPORT
MONTH: MAY
YEAR: 2023
LATITUDE: 35 43 N
LONGITUDE: 91 39 W
TEMPERATURE IN F: :PCPN: SNOW: WIND :SUNSHINE: SKY :PK WND
================================================================================
1 2 3 4 5 6A 6B 7 8 9 10 11 12 13 14 15 16 17 18
12Z AVG MX 2MIN
DY MAX MIN AVG DEP HDD CDD WTR SNW DPTH SPD SPD DIR MIN PSBL S-S WX SPD DR
================================================================================
1 69 42 56 -8 9 0 0.00 M M 6.9 16 280 M M 0 31 250
2 71 43 57 -7 8 0 0.00 M M 6.9 12 310 M M 0 21 340
3 74 45 60 -4 5 0 0.00 M M 3.5 7 99 M M 0 M M
4 76 45 61 -4 4 0 0.01 M M 3.0 12 220 M M 2 M M
5 70 57 64 -1 1 0 0.02 M M 6.1 12 130 M M 10 M M
6 86 64 75 10 0 10 0.00 M M 7.6 13 170 M M 7 1 18 180
7 85 72 79 13 0 14 0.00 M M 7.1 15 220 M M 4 8 21 220
8 86 71 79 13 0 14 T M M 7.6 13 210 M M 4 1 17 220
9 89 64 77 11 0 12 T M M 4.2 9 110 M M 3 3 16 40
10 85 65 75 9 0 10 0.70 M M 6.2 14 80 M M 4 13 17 60
11 79 66 73 6 0 8 0.58 M M 6.1 14 240 M M 8 1 22 220
12 83 68 76 9 0 11 0.00 M M 5.8 10 210 M M 5 18 16 230
13 88 66 77 10 0 12 0.00 M M 6.4 13 220 M M 3 18 220
14 88 68 78 10 0 13 T M M 2.0 8 90 M M 1 123 M M
15 89 68 79 11 0 14 0.00 M M 4.3 10 240 M M 4 12 17 160
16 82 68 75 7 0 10 0.00 M M 5.3 10 320 M M 5 16 320
17 79 65 72 4 0 7 0.00 M M 3.3 8 30 M M 8 M M
18 85 60 73 4 0 8 0.00 M M 2.7 7 60 M M 2 M M
19 83 60 72 3 0 7 0.40 M M 3.0 10 250 M M 3 1 M M
20 75 56 66 -3 0 1 0.07 M M 4.6 9 350 M M 4 1 M M
21 77 52 65 -5 0 0 0.00 M M 3.9 7 70 M M 0 M M
22 81 55 68 -2 0 3 0.00 M M 4.1 9 70 M M 0 1 M M
23 84 56 70 0 0 5 0.00 M M 4.7 9 120 M M 2 M M
24 85 60 73 3 0 8 0.00 M M 3.1 9 60 M M 2 18 M M
25 87 61 74 3 0 9 T M M 5.6 12 90 M M 1 18 17 90
26 80 58 69 -2 0 4 0.00 M M 5.2 9 40 M M 0 M M
27 82 51 67 -4 0 2 0.00 M M 3.9 7 40 M M 0 M M
28 84 52 68 -4 0 3 0.00 M M 2.9 7 290 M M 0 M M
29 87 55 71 -1 0 6 0.00 M M 1.9 7 80 M M 0 M M
30 88 58 73 1 0 8 0.00 M M 2.3 7 99 M M 1 M M
31 89 60 75 3 0 10 0.00 M M 2.6 10 140 M M 1 1 M M
================================================================================
SM 2546 1831 27 209 1.78 M 142.8 M 84
================================================================================
AV 82.1 59.1 4.6 FASTST M M 3 MAX(MPH)
MISC ----> 16 280 31 250
================================================================================
NOTES:
# LAST OF SEVERAL OCCURRENCES
COLUMN 17 PEAK WIND IN M.P.H.
PRELIMINARY LOCAL CLIMATOLOGICAL DATA (WS FORM: F-6) , PAGE 2
STATION: BATESVILLE REGIONAL AIRPORT
MONTH: MAY
YEAR: 2023
LATITUDE: 35 43 N
LONGITUDE: 91 39 W
[TEMPERATURE DATA] [PRECIPITATION DATA] SYMBOLS USED IN COLUMN 16
AVERAGE MONTHLY: 70.6 TOTAL FOR MONTH: 1.78 1 = FOG OR MIST
DPTR FM NORMAL: 2.5 DPTR FM NORMAL: -3.17 2 = FOG REDUCING VISIBILITY
HIGHEST: 89 ON 31,15 GRTST 24HR 0.83 ON 10-11 TO 1/4 MILE OR LESS
LOWEST: 42 ON 1 3 = THUNDER
SNOW, ICE PELLETS, HAIL 4 = ICE PELLETS
TOTAL MONTH: M 5 = HAIL
GRTST 24HR M ON M 6 = FREEZING RAIN OR DRIZZLE
GRTST DEPTH: M ON M 7 = DUSTSTORM OR SANDSTORM:
VSBY 1/2 MILE OR LESS
8 = SMOKE OR HAZE
[NO. OF DAYS WITH] [WEATHER - DAYS WITH] 9 = BLOWING SNOW
X = TORNADO
MAX 32 OR BELOW: 0 0.01 INCH OR MORE: 6
MAX 90 OR ABOVE: 0 0.10 INCH OR MORE: 3
MIN 32 OR BELOW: 0 0.50 INCH OR MORE: 2
MIN 0 OR BELOW: 0 1.00 INCH OR MORE: 0
[HDD (BASE 65) ]
TOTAL THIS MO. 27 CLEAR (SCALE 0-3) 19
DPTR FM NORMAL -20 PTCLDY (SCALE 4-7) 10
TOTAL FM JUL 1 2580 CLOUDY (SCALE 8-10) 2
DPTR FM NORMAL -1208
[CDD (BASE 65) ]
TOTAL THIS MO. 209
DPTR FM NORMAL 64 [PRESSURE DATA]
TOTAL FM JAN 1 247 HIGHEST SLP 30.20 ON 21
DPTR FM NORMAL 64 LOWEST SLP 29.79 ON 1
[REMARKS]
#FINAL-05-23#