000
CXUS53 KLMK 010710
CF6BWG
PRELIMINARY LOCAL CLIMATOLOGICAL DATA (WS FORM: F-6)
STATION: BOWLING GREEN KY
MONTH: AUGUST
YEAR: 2021
LATITUDE: 36 58 N
LONGITUDE: 86 26 W
TEMPERATURE IN F: :PCPN: SNOW: WIND :SUNSHINE: SKY :PK WND
================================================================================
1 2 3 4 5 6A 6B 7 8 9 10 11 12 13 14 15 16 17 18
12Z AVG MX 2MIN
DY MAX MIN AVG DEP HDD CDD WTR SNW DPTH SPD SPD DIR MIN PSBL S-S WX SPD DR
================================================================================
1 84 69 77 -3 0 12 0.00 0.0 0 3.3 10 20 M M 5 18 19 320
2 85 63 74 -6 0 9 0.00 0.0 0 2.8 12 20 M M 1 8 19 20
3 86 60 73 -7 0 8 0.00 0.0 0 3.1 14 50 M M 1 19 60
4 87 60 74 -6 0 9 0.00 0.0 0 3.3 15 50 M M 1 22 60
5 88 60 74 -6 0 9 0.00 0.0 0 0.9 9 320 M M 2 12 280
6 89 65 77 -3 0 12 0.00 0.0 0 3.4 10 210 M M 3 16 170
7 91 71 81 1 0 16 0.00 0.0 0 4.3 17 180 M M 2 13 22 180
8 92 69 81 1 0 16 0.00 0.0 0 5.9 14 180 M M 1 20 190
9 94 71 83 4 0 18 0.29 0.0 0 7.1 21 220 M M 2 13 29 230
10 96 75 86 7 0 21 0.02 0.0 0 9.1 20 220 M M 1 27 220
11 97 75 86 7 0 21 0.00 0.0 0 8.6 20 220 M M 1 27 220
12 97 75 86 7 0 21 0.00 0.0 0 9.0 15 220 M M 0 24 200
13 95 75 85 6 0 20 0.00 0.0 0 7.4 17 180 M M 2 3 21 170
14 90 72 81 2 0 16 0.45 0.0 0 4.3 28 240 M M 3 13 40 240
15 83 72 78 -1 0 13 0.01 0.0 0 3.8 9 30 M M 9 13 20
16 86 73 80 1 0 15 T 0.0 0 4.1 15 180 M M 7 13 20 180
17 86 69 78 -1 0 13 0.00 0.0 0 3.0 12 80 M M 3 12 14 80
18 90 68 79 0 0 14 0.64 0.0 0 3.1 15 140 M M 4 13 20 280
19 86 73 80 2 0 15 0.30 0.0 0 2.6 14 50 M M 7 13 17 50
20 90 72 81 3 0 16 0.00 0.0 0 3.5 10 260 M M 6 12 15 270
21 87 73 80 2 0 15 0.18 0.0 0 3.9 14 180 M M 8 1 22 190
22 92 73 83 5 0 18 0.00 0.0 0 2.1 8 20 M M 6 1 12 10
23 95 70 83 5 0 18 0.00 0.0 0 1.0 9 40 M M 2 1 13 70
24 95 71 83 5 0 18 0.00 0.0 0 1.9 9 110 M M 1 18 14 110
25 95 72 84 6 0 19 0.00 0.0 0 2.2 14 40 M M 1 138 22 360
26 95 71 83 6 0 18 T 0.0 0 2.8 13 140 M M 1 13 17 150
27 91 74 83 6 0 18 0.06 0.0 0 3.6 14 220 M M 2 138 21 30
28 92 72 82 5 0 17 0.82 0.0 0 2.6 23 110 M M 3 13 31 150
29 93 70 82 5 0 17 0.04 0.0 0 4.8 22 220 M M 2 123 30 220
30 86 70 78 2 0 13 0.48 0.0 0 4.4 22 80 M M 3 1 31 70
31 73 70 72 -4 0 7 2.11 0.0 0 9.2 20 60 M M 9 1 29 60
================================================================================
SM 2786 2173 0 472 5.40 0.0 131.1 M 99
================================================================================
AV 89.9 70.1 4.2 FASTST M M 3 MAX(MPH)
MISC ----> 28 240 40 240
================================================================================
NOTES:
# LAST OF SEVERAL OCCURRENCES
COLUMN 17 PEAK WIND IN M.P.H.
PRELIMINARY LOCAL CLIMATOLOGICAL DATA (WS FORM: F-6) , PAGE 2
STATION: BOWLING GREEN KY
MONTH: AUGUST
YEAR: 2021
LATITUDE: 36 58 N
LONGITUDE: 86 26 W
[TEMPERATURE DATA] [PRECIPITATION DATA] SYMBOLS USED IN COLUMN 16
AVERAGE MONTHLY: 80.0 TOTAL FOR MONTH: 5.40 1 = FOG OR MIST
DPTR FM NORMAL: 1.5 DPTR FM NORMAL: 1.51 2 = FOG REDUCING VISIBILITY
HIGHEST: 97 ON 12,11 GRTST 24HR 2.51 ON 30-31 TO 1/4 MILE OR LESS
LOWEST: 60 ON 5, 4 3 = THUNDER
SNOW, ICE PELLETS, HAIL 4 = ICE PELLETS
TOTAL MONTH: 0.0 INCH 5 = HAIL
GRTST 24HR 0.0 6 = FREEZING RAIN OR DRIZZLE
GRTST DEPTH: 0 7 = DUSTSTORM OR SANDSTORM:
VSBY 1/2 MILE OR LESS
8 = SMOKE OR HAZE
[NO. OF DAYS WITH] [WEATHER - DAYS WITH] 9 = BLOWING SNOW
X = TORNADO
MAX 32 OR BELOW: 0 0.01 INCH OR MORE: 12
MAX 90 OR ABOVE: 18 0.10 INCH OR MORE: 8
MIN 32 OR BELOW: 0 0.50 INCH OR MORE: 3
MIN 0 OR BELOW: 0 1.00 INCH OR MORE: 1
[HDD (BASE 65) ]
TOTAL THIS MO. 0 CLEAR (SCALE 0-3) 20
DPTR FM NORMAL 0 PTCLDY (SCALE 4-7) 9
TOTAL FM JUL 1 0 CLOUDY (SCALE 8-10) 2
DPTR FM NORMAL 0
[CDD (BASE 65) ]
TOTAL THIS MO. 472
DPTR FM NORMAL 53 [PRESSURE DATA]
TOTAL FM JAN 1 1409 HIGHEST SLP M ON M
DPTR FM NORMAL 0 LOWEST SLP 29.60 ON 31
[REMARKS]
#FINAL-08-21#