977
CXUS55 KPIH 011542
CF6BYI
PRELIMINARY LOCAL CLIMATOLOGICAL DATA (WS FORM: F-6)
STATION: BURLEY ID
MONTH: OCTOBER
YEAR: 2020
LATITUDE: 42 32 N
LONGITUDE: 113 46 W
TEMPERATURE IN F: :PCPN: SNOW: WIND :SUNSHINE: SKY :PK WND
================================================================================
1 2 3 4 5 6A 6B 7 8 9 10 11 12 13 14 15 16 17 18
12Z AVG MX 2MIN
DY MAX MIN AVG DEP HDD CDD WTR SNW DPTH SPD SPD DIR MIN PSBL S-S WX SPD DR
================================================================================
1 82 38 60 7 5 0 0.00 M M 2.8 9 230 M M 0 8 10 230
2 76 41 59 7 6 0 0.00 M M 3.6 10 210 M M 0 8 13 270
3 77 41 59 7 6 0 0.00 M M 2.4 8 210 M M 0 8 10 210
4 84 38 61 9 4 0 0.00 M M 3.3 12 270 M M 0 8 16 260
5 76 46 61 10 4 0 0.00 M M 6.1 15 260 M M 0 21 290
6 79 37 58 7 7 0 0.00 M M 2.3 8 340 M M 0 8 11 340
7 82 37 60 9 5 0 0.00 M M 3.8 13 60 M M 0 8 15 50
8 80 38 59 9 6 0 0.00 M M 3.3 10 260 M M 0 8 14 250
9 80 43 62 12 3 0 0.00 M M 2.0 8 220 M M 0 8 9 340
10 74 36 55 5 10 0 0.31 M M 6.3 26 280 M M 3 18 39 280
11 54 38 46 -3 19 0 0.03 M M 13.1 26 260 M M 2 35 280
12 66 39 53 4 12 0 0.00 M M 11.0 21 290 M M 2 31 290
13 69 45 57 8 8 0 0.00 M M 9.4 16 260 M M 1 23 270
14 60 44 52 4 13 0 T M M 16.6 25 270 M M 3 36 270
15 55 39 47 -1 18 0 0.00 M M 12.0 18 270 M M 0 27 270
16 68 34 51 3 14 0 0.00 M M 9.5 20 260 M M 0 26 260
17 66 47 57 10 8 0 0.00 M M 15.1 26 270 M M 2 40 270
18 68 47 58 11 7 0 0.00 M M 13.1 24 260 M M 2 32 270
19 64 45 55 8 10 0 0.00 M M 13.9 25 260 M M 0 34 250
20 63 45 54 8 11 0 0.00 M M 13.7 28 250 M M 2 33 260
21 61 44 53 7 12 0 0.00 M M 12.0 24 260 M M 5 32 260
22 46 28 37 -9 28 0 0.00 M M 7.3 26 250 M M 2 34 250
23 53 26 40 -5 25 0 0.00 M M 5.7 17 210 M M 0 23 220
24 56 31 44 -1 21 0 T M M 15.0 30 260 M M 10 40 250
25 36 15 26 -19 39 0 T M M 10.3 24 50 M M 6 32 50
26 41 10 26 -18 39 0 0.00 M M 6.6 20 260 M M 1 24 270
27 51 21 36 -8 29 0 0.00 M M 5.9 16 260 M M 0 23 270
28 59 21 40 -3 25 0 0.00 M M 4.3 17 270 M M 0 22 280
29 69 26 48 5 17 0 0.00 M M 2.1 10 280 M M 0 14 280
30 75 25 50 7 15 0 0.00 M M 7.4 20 260 M M 0 24 200
31 57 31 44 2 21 0 0.00 M M 7.3 23 240 M M 0 30 230
================================================================================
SM 2027 1096 447 0 0.34 M 247.2 M 41
================================================================================
AV 65.4 35.4 8.0 FASTST M M 1 MAX(MPH)
MISC ----> # 30 260 # 40 270
================================================================================
NOTES:
# LAST OF SEVERAL OCCURRENCES
PRECIPITATION SUSPECT DURING FREEZING/FROZEN EVENTS
COLUMN 17 PEAK WIND IN M.P.H.
PRELIMINARY LOCAL CLIMATOLOGICAL DATA (WS FORM: F-6) , PAGE 2
STATION: BURLEY ID
MONTH: OCTOBER
YEAR: 2020
LATITUDE: 42 32 N
LONGITUDE: 113 46 W
[TEMPERATURE DATA] [PRECIPITATION DATA] SYMBOLS USED IN COLUMN 16
AVERAGE MONTHLY: 50.4 TOTAL FOR MONTH: 0.34 1 = FOG OR MIST
DPTR FM NORMAL: 2.7 DPTR FM NORMAL: -0.42 2 = FOG REDUCING VISIBILITY
HIGHEST: 84 ON 4 GRTST 24HR 0.31 ON 10-10 TO 1/4 MILE OR LESS
LOWEST: 10 ON 26 3 = THUNDER
SNOW, ICE PELLETS, HAIL 4 = ICE PELLETS
TOTAL MONTH: M 5 = HAIL
GRTST 24HR M ON M 6 = FREEZING RAIN OR DRIZZLE
GRTST DEPTH: M ON M 7 = DUSTSTORM OR SANDSTORM:
VSBY 1/2 MILE OR LESS
8 = SMOKE OR HAZE
[NO. OF DAYS WITH] [WEATHER - DAYS WITH] 9 = BLOWING SNOW
X = TORNADO
MAX 32 OR BELOW: 0 0.01 INCH OR MORE: 2
MAX 90 OR ABOVE: 0 0.10 INCH OR MORE: 1
MIN 32 OR BELOW: 10 0.50 INCH OR MORE: 0
MIN 0 OR BELOW: 0 1.00 INCH OR MORE: 0
[HDD (BASE 65) ]
TOTAL THIS MO. 447 CLEAR (SCALE 0-3) 28
DPTR FM NORMAL -91 PTCLDY (SCALE 4-7) 2
TOTAL FM JUL 1 568 CLOUDY (SCALE 8-10) 1
DPTR FM NORMAL -240
[CDD (BASE 65) ]
TOTAL THIS MO. 0
DPTR FM NORMAL 0 [PRESSURE DATA]
TOTAL FM JAN 1 579 HIGHEST SLP 30.46 ON 26
DPTR FM NORMAL 214 LOWEST SLP 29.69 ON 10
[REMARKS]
25TH: LOW OF 15 DEGREES BREAKS OLD RECORD OF 18 SET IN 1929.
26TH: LOW OF 10 DEGREES BREAKS OLD RECORD OF 16 SET IN 1929.
30TH: HIGH OF 75 DEGREES TIES THE OLD RECORD SET IN 1937.
#FINAL-10-20#