000
CXUS55 KGJT 011010
CF6CAG
PRELIMINARY LOCAL CLIMATOLOGICAL DATA (WS FORM: F-6)
STATION: CRAIG CO
MONTH: NOVEMBER
YEAR: 2023
LATITUDE: 40 30 N
LONGITUDE: 107 32 W
TEMPERATURE IN F: :PCPN: SNOW: WIND :SUNSHINE: SKY :PK WND
================================================================================
1 2 3 4 5 6A 6B 7 8 9 10 11 12 13 14 15 16 17 18
12Z AVG MX 2MIN
DY MAX MIN AVG DEP HDD CDD WTR SNW DPTH SPD SPD DIR MIN PSBL S-S WX SPD DR
================================================================================
1 55 18 37 -1 28 0 0.00 M M 2.2 10 70 M M 1 14 80
2 62 20 41 3 24 0 0.00 M M 3.1 15 260 M M 6 20 270
3 62 26 44 7 21 0 0.00 M M 3.3 17 290 M M 4 24 290
4 64 22 43 6 22 0 0.00 M M 3.0 15 250 M M 2 20 270
5 69 26 48 11 17 0 0.00 M M 7.8 28 270 M M 2 39 260
6 63 34 49 13 16 0 0.00 M M 6.1 21 220 M M 0 31 230
7 53 35 44 8 21 0 T M M 5.6 17 320 M M 6 26 320
8 44 23 34 -1 31 0 0.03 M M 5.5 14 270 M M 7 1 17 270
9 43 14 29 -6 36 0 0.00 M M 1.1 8 190 M M 0 10 200
10 50 7 29 -5 36 0 0.00 M M 2.6 13 280 M M 0 16 280
11 53 10 32 -2 33 0 0.00 M M 2.8 21 280 M M 0 41 250
12 59 13 36 2 29 0 0.00 M M 2.2 10 50 M M 0 15 80
13 64 13 39 6 26 0 0.00 M M 3.6 23 220 M M 0 31 220
14 63 18 41 8 24 0 0.00 M M 5.6 25 240 M M 0 34 250
15 62 18 40 8 25 0 0.00 M M 4.2 14 220 M M 0 19 220
16 48 30 39 7 26 0 0.20 M M 4.6 13 60 M M 9 1 16 50
17 57 25 41 10 24 0 0.00 M M 1.8 10 280 M M 4 12 14 260
18 53 20 37 6 28 0 0.21 M M 3.5 18 250 M M 5 13 24 250
19 49 30 40 10 25 0 T M M 2.7 14 10 M M 9 12 21 360
20 45 33 39 9 26 0 0.00 M M 6.1 17 330 M M 9 24 350
21 46 20 33 4 32 0 0.00 M M 2.0 7 220 M M 3 9 60
22 53 17 35 6 30 0 0.00 M M 1.2 8 70 M M 0 11 80
23 44 19 32 4 33 0 0.00 M M 2.2 12 270 M M 1 14 270
24 34 17 26 -2 39 0 0.22 M M 6.9 15 230 M M 10 128 18 230
25 20 -1 10 -17 55 0 0.05 M M 6.8 17 240 M M 8 8 23 250
26 22 -7 8 -19 57 0 0.00 M M 1.9 7 220 M M 4 128 9 230
27 22 -1 11 -15 54 0 T M M 1.4 8 220 M M 5 128 10 240
28 27 0 14 -12 51 0 T M M 1.3 6 270 M M 5 128 8 290
29 28 4 16 -9 49 0 T M M 1.2 6 270 M M 5 18 9 280
30 29 2 16 -9 49 0 0.02 M M 2.1 8 280 M M 8 12 11 280
================================================================================
SM 1443 505 967 0 0.73 M 104.4 M 113
================================================================================
AV 48.1 16.8 3.5 FASTST M M 4 MAX(MPH)
MISC ----> 28 270 41 250
================================================================================
NOTES:
# LAST OF SEVERAL OCCURRENCES
COLUMN 17 PEAK WIND IN M.P.H.
PRELIMINARY LOCAL CLIMATOLOGICAL DATA (WS FORM: F-6) , PAGE 2
STATION: CRAIG CO
MONTH: NOVEMBER
YEAR: 2023
LATITUDE: 40 30 N
LONGITUDE: 107 32 W
[TEMPERATURE DATA] [PRECIPITATION DATA] SYMBOLS USED IN COLUMN 16
AVERAGE MONTHLY: 32.5 TOTAL FOR MONTH: 0.73 1 = FOG OR MIST
DPTR FM NORMAL: 0.7 DPTR FM NORMAL: -0.26 2 = FOG REDUCING VISIBILITY
HIGHEST: 69 ON 5 GRTST 24HR 0.27 ON 24-25 TO 1/4 MILE OR LESS
LOWEST: -7 ON 26 3 = THUNDER
SNOW, ICE PELLETS, HAIL 4 = ICE PELLETS
TOTAL MONTH: M 5 = HAIL
GRTST 24HR M ON M 6 = FREEZING RAIN OR DRIZZLE
GRTST DEPTH: M ON M 7 = DUSTSTORM OR SANDSTORM:
VSBY 1/2 MILE OR LESS
8 = SMOKE OR HAZE
[NO. OF DAYS WITH] [WEATHER - DAYS WITH] 9 = BLOWING SNOW
X = TORNADO
MAX 32 OR BELOW: 6 0.01 INCH OR MORE: 6
MAX 90 OR ABOVE: 0 0.10 INCH OR MORE: 3
MIN 32 OR BELOW: 27 0.50 INCH OR MORE: 0
MIN 0 OR BELOW: 4 1.00 INCH OR MORE: 0
[HDD (BASE 65) ]
TOTAL THIS MO. 967 CLEAR (SCALE 0-3) 14
DPTR FM NORMAL -28 PTCLDY (SCALE 4-7) 11
TOTAL FM JUL 1 1793 CLOUDY (SCALE 8-10) 5
DPTR FM NORMAL -138
[CDD (BASE 65) ]
TOTAL THIS MO. 0
DPTR FM NORMAL 0 [PRESSURE DATA]
TOTAL FM JAN 1 292 HIGHEST SLP 30.79 ON 28
DPTR FM NORMAL 75 LOWEST SLP 29.72 ON 7
[REMARKS]
#FINAL-11-23#