000
CXUS56 KMTR 010841
CLMCCR
CLIMATE REPORT
NATIONAL WEATHER SERVICE SAN FRANCISCO BAY AREA
141 AM PDT SAT APR 01 2023
...................................
...THE CONCORD AIRPORT CLIMATE SUMMARY FOR THE MONTH OF MARCH 2023...
CLIMATE NORMAL PERIOD: 1991 TO 2020
CLIMATE RECORD PERIOD: 1999 TO 2023
WEATHER OBSERVED NORMAL DEPART LAST YEAR`S
VALUE DATE(S) VALUE FROM VALUE DATE(S)
NORMAL
................................................................
TEMPERATURE (F)
RECORD
HIGH 86 MM
LOW 33 03/02/2023
HIGHEST 70 03/13 85 03/22
LOWEST 33R 03/02 35 03/07
AVG. MAXIMUM 59.1 70.1
AVG. MINIMUM 42.2 44.6
MEAN 50.6 57.4
DAYS MAX >= 90 0 0
DAYS MAX <= 32 0 0
DAYS MIN <= 32 0 0
DAYS MIN <= 0 0 0
PRECIPITATION (INCHES)
TOTALS 5.41 2.26 3.15 0.55
DAILY AVG. 0.19 0.02
DAYS >= .01 12 6
DAYS >= .10 11 1
DAYS >= .50 5 0
DAYS >= 1.00 1 0
GREATEST
24 HR. TOTAL 1.53 03/09 TO 03/10 0.46 03/27 TO 03/28
DEGREE DAYS
HEATING TOTAL 425 231
SINCE 7/1 2332 MM
COOLING TOTAL 0 3
SINCE 1/1 0 MM
................................................................
WIND (MPH)
AVERAGE WIND SPEED 7.7
RESULTANT WIND SPEED/DIRECTION 4/220
HIGHEST WIND SPEED/DIRECTION 46/200 DATE 03/14
HIGHEST GUST SPEED/DIRECTION 56/210 DATE 03/14
SKY COVER
POSSIBLE SUNSHINE (PERCENT) MM
AVERAGE SKY COVER 0.45
NUMBER OF DAYS FAIR 13
NUMBER OF DAYS PC 10
NUMBER OF DAYS CLOUDY 8
AVERAGE RH (PERCENT) 70
WEATHER CONDITIONS. NUMBER OF DAYS WITH
THUNDERSTORM 1 MIXED PRECIP 0
HEAVY RAIN 4 RAIN 10
LIGHT RAIN 17 FREEZING RAIN 0
LT FREEZING RAIN 0 HAIL 0
HEAVY SNOW 0 SNOW 0
LIGHT SNOW 0 SLEET 0
FOG 14 FOG W/VIS <= 1/4 MILE 0
HAZE 3
- INDICATES NEGATIVE NUMBERS.
R INDICATES RECORD WAS SET OR TIED.
MM INDICATES DATA IS MISSING.
T INDICATES TRACE AMOUNT.
$$