000
CXUS53 KARX 012111
CF6CCY
PRELIMINARY LOCAL CLIMATOLOGICAL DATA (WS FORM: F-6)
STATION: CHARLES_CITY IA
MONTH: AUGUST
YEAR: 2022
LATITUDE: 43 4 N
LONGITUDE: 92 37 W
TEMPERATURE IN F: :PCPN: SNOW: WIND :SUNSHINE: SKY :PK WND
================================================================================
1 2 3 4 5 6A 6B 7 8 9 10 11 12 13 14 15 16 17 18
12Z AVG MX 2MIN
DY MAX MIN AVG DEP HDD CDD WTR SNW DPTH SPD SPD DIR MIN PSBL S-S WX SPD DR
================================================================================
1 81 64 73 1 0 8 0.00 0.0 0 7.0 13 300 M M 1 18 300
2 90 63 77 6 0 12 0.00 0.0 0 12.5 20 170 M M 0 29 170
3 88 64 76 5 0 11 0.00 0.0 0 8.2 16 330 M M 1 24 330
4 81 59 70 -1 0 5 0.00 0.0 0 5.3 9 20 M M 0 M M
5 84 63 74 3 0 9 0.00 0.0 0 9.4 14 170 M M 0 22 150
6 88 72 80 9 0 15 0.94 0.0 0 8.0 17 260 M M 4 1 27 260
7 81 70 76 5 0 11 1.99 0.0 0 6.2 12 140 M M 8 1 28 240
8 75 61 68 -3 0 3 0.04 0.0 0 10.1 20 320 M M 5 28 320
9 77 55 66 -5 0 1 0.00 0.0 0 1.7 7 210 M M 0 12 0
10 82 59 71 0 0 6 0.00 0.0 0 2.0 6 220 M M 0 M M
11 73 64 69 -2 0 4 0.16 0.0 0 5.5 12 120 M M 6 16 120
12 72 61 67 -4 0 2 0.00 0.0 0 12.4 20 150 M M 5 27 130
13 75 63 69 -2 0 4 0.00 0.0 0 11.6 16 180 M M 9 23 180
14 70 61 66 -5 0 1 0.00 0.0 0 7.3 12 30 M M 9 15 350
15 73 57 65 -5 0 0 0.00 0.0 0 4.6 10 90 M M 5 12 M M
16 77 59 68 -2 0 3 0.00 0.0 0 6.1 9 70 M M 1 1 15 80
17 79 57 68 -2 0 3 0.00 0.0 0 2.4 6 160 M M 1 M M
18 79 59 69 -1 0 4 0.44 0.0 0 7.8 25 300 M M 5 36 300
19 77 61 69 -1 0 4 0.49 0.0 0 5.3 13 170 M M 7 1 18 260
20 73 61 67 -3 0 2 0.17 0.0 0 7.2 10 360 M M 6 1 16 10
21 75 61 68 -2 0 3 0.00 0.0 0 5.2 9 20 M M 7 1 12 30
22 79 57 68 -2 0 3 0.00 0.0 0 1.2 6 310 M M 4 12 M M
23 79 57 68 -1 0 3 0.00 0.0 0 2.7 8 210 M M 3 1 15 210
24 81 64 73 4 0 8 0.00 0.0 0 8.1 14 240 M M 5 18 160
25 75 61 68 -1 0 3 0.00 0.0 0 8.3 15 330 M M 7 12 18 320
26 77 55 66 -3 0 1 0.00 0.0 0 4.1 9 140 M M 1 12 12 99
27 81 64 73 4 0 8 0.20 0.0 0 12.1 16 180 M M 3 1 31 140
28 81 66 74 6 0 9 1.54 0.0 0 11.0 20 150 M M 8 27 150
29 77 61 69 1 0 4 0.00 0.0 0 9.4 18 280 M M 1 1 27 300
30 75 54 65 -3 0 0 0.00 0.0 0 8.3 17 330 M M 0 25 320
31 84 57 71 3 0 6 0.00 0.0 0 7.0 12 240 M M 0 15 250
================================================================================
SM 2439 1890 0 156 5.97 0.0 218.0 M 112
================================================================================
AV 78.7 61.0 7.0 FASTST M M 4 MAX(MPH)
MISC ----> 25 300 36 300
================================================================================
NOTES:
# LAST OF SEVERAL OCCURRENCES
COLUMN 17 PEAK WIND IN M.P.H.
PRELIMINARY LOCAL CLIMATOLOGICAL DATA (WS FORM: F-6) , PAGE 2
STATION: CHARLES_CITY IA
MONTH: AUGUST
YEAR: 2022
LATITUDE: 43 4 N
LONGITUDE: 92 37 W
[TEMPERATURE DATA] [PRECIPITATION DATA] SYMBOLS USED IN COLUMN 16
AVERAGE MONTHLY: 69.8 TOTAL FOR MONTH: 5.97 1 = FOG OR MIST
DPTR FM NORMAL: -0.3 DPTR FM NORMAL: 1.82 2 = FOG REDUCING VISIBILITY
HIGHEST: 90 ON 2 GRTST 24HR 1.99 ON 7- 7 TO 1/4 MILE OR LESS
LOWEST: 54 ON 30 3 = THUNDER
SNOW, ICE PELLETS, HAIL 4 = ICE PELLETS
TOTAL MONTH: 0.0 INCH 5 = HAIL
GRTST 24HR 0.0 6 = FREEZING RAIN OR DRIZZLE
GRTST DEPTH: 0 7 = DUSTSTORM OR SANDSTORM:
VSBY 1/2 MILE OR LESS
8 = SMOKE OR HAZE
[NO. OF DAYS WITH] [WEATHER - DAYS WITH] 9 = BLOWING SNOW
X = TORNADO
MAX 32 OR BELOW: 0 0.01 INCH OR MORE: 9
MAX 90 OR ABOVE: 1 0.10 INCH OR MORE: 8
MIN 32 OR BELOW: 0 0.50 INCH OR MORE: 3
MIN 0 OR BELOW: 0 1.00 INCH OR MORE: 2
[HDD (BASE 65) ]
TOTAL THIS MO. 0 CLEAR (SCALE 0-3) 14
DPTR FM NORMAL -20 PTCLDY (SCALE 4-7) 15
TOTAL FM JUL 1 0 CLOUDY (SCALE 8-10) 2
DPTR FM NORMAL -29
[CDD (BASE 65) ]
TOTAL THIS MO. 156
DPTR FM NORMAL -22 [PRESSURE DATA]
TOTAL FM JAN 1 650 HIGHEST SLP M ON M
DPTR FM NORMAL 52 LOWEST SLP M ON M
[REMARKS]
#FINAL-08-22#