363
CXUS55 KEAX 010736
CF6CDJ
PRELIMINARY LOCAL CLIMATOLOGICAL DATA (WS FORM: F-6)
STATION: CHILLICOTHE
MONTH: JUNE
YEAR: 2020
LATITUDE: 39 49 N
LONGITUDE: 93 35 W
TEMPERATURE IN F: :PCPN: SNOW: WIND :SUNSHINE: SKY :PK WND
================================================================================
1 2 3 4 5 6A 6B 7 8 9 10 11 12 13 14 15 16 17 18
12Z AVG MX 2MIN
DY MAX MIN AVG DEP HDD CDD WTR SNW DPTH SPD SPD DIR MIN PSBL S-S WX SPD DR
================================================================================
1 85 66 76 8 0 11 0.00 M M 9.5 20 200 M M 0 30 180
2 88 63 76 7 0 11 0.00 M M 7.2 16 200 M M 0 24 220
3 91 70 81 12 0 16 0.00 M M 3.8 13 130 M M 0 22 100
4 85 67 76 7 0 11 0.71 M M 5.5 21 190 M M 0 33 190
5 89 67 78 8 0 13 0.04 M M 2.8 16 190 M M 0 28 280
6 90 68 79 9 0 14 0.00 M M 3.6 10 110 M M 0 17 190
7 91 71 81 11 0 16 0.00 M M 5.4 13 190 M M 0 20 140
8 90 73 82 12 0 17 0.00 M M 5.8 15 130 M M 0 23 160
9 86 71 79 8 0 14 0.32 M M 4.3 15 200 M M 0 26 190
10 76 59 68 -3 0 3 0.14 M M 8.1 22 310 M M 0 35 330
11 87 53 70 -1 0 5 0.00 M M 3.0 12 300 M M 0 20 300
12 91 62 77 5 0 12 0.00 M M 1.9 8 60 M M 0 11 240
13 88 62 75 3 0 10 0.00 M M 4.0 12 120 M M 0 20 110
14 85 66 76 4 0 11 0.00 M M 6.8 13 110 M M 0 21 120
15 88 68 78 6 0 13 0.00 M M 6.3 13 120 M M 0 21 130
16 85 67 76 3 0 11 0.00 M M 6.2 12 120 M M 0 20 100
17 86 64 75 2 0 10 0.00 M M 6.4 13 150 M M 0 23 160
18 89 69 79 6 0 14 0.00 M M 6.0 14 140 M M 0 22 170
19 80 70 75 1 0 10 0.04 M M 2.0 9 230 M M 0 17 220
20 87 67 77 3 0 12 0.00 M M 2.2 12 300 M M 0 19 310
21 88 68 78 4 0 13 0.00 M M 4.6 13 190 M M 0 20 170
22 84 66 75 1 0 10 0.00 M M 3.5 12 300 M M 0 18 300
23 81 57 69 -5 0 4 0.00 M M 3.3 14 310 M M 0 25 310
24 85 56 71 -4 0 6 0.00 M M 2.1 10 300 M M 0 16 300
25 90 57 74 -1 0 9 0.00 M M 3.9 14 180 M M 0 24 190
26 92 73 83 8 0 18 0.00 M M 7.0 16 190 M M 0 25 200
27 85 70 78 3 0 13 0.11 M M 4.4 13 200 M M 0 23 110
28 89 68 79 4 0 14 0.56 M M 5.7 15 190 M M 0 25 170
29 87 77 82 7 0 17 0.00 M M 8.1 17 180 M M 0 26 180
30 85 75 80 4 0 15 0.01 M M 6.3 14 120 M M 0 23 140
================================================================================
SM 2603 1990 0 353 1.93 M 149.7 M 0
================================================================================
AV 86.8 66.3 5.0 FASTST M M 0 MAX(MPH)
MISC ----> 22 310 35 330
================================================================================
NOTES:
# LAST OF SEVERAL OCCURRENCES
COLUMN 17 PEAK WIND IN M.P.H.
PRELIMINARY LOCAL CLIMATOLOGICAL DATA (WS FORM: F-6) , PAGE 2
STATION: CHILLICOTHE
MONTH: JUNE
YEAR: 2020
LATITUDE: 39 49 N
LONGITUDE: 93 35 W
[TEMPERATURE DATA] [PRECIPITATION DATA] SYMBOLS USED IN COLUMN 16
AVERAGE MONTHLY: 76.6 TOTAL FOR MONTH: 1.93 1 = FOG OR MIST
DPTR FM NORMAL: 4.2 DPTR FM NORMAL: -3.17 2 = FOG REDUCING VISIBILITY
HIGHEST: 92 ON 26 GRTST 24HR 0.71 ON 4- 4 TO 1/4 MILE OR LESS
LOWEST: 53 ON 11 3 = THUNDER
SNOW, ICE PELLETS, HAIL 4 = ICE PELLETS
TOTAL MONTH: M 5 = HAIL
GRTST 24HR M ON M 6 = FREEZING RAIN OR DRIZZLE
GRTST DEPTH: M ON M 7 = DUSTSTORM OR SANDSTORM:
VSBY 1/2 MILE OR LESS
8 = SMOKE OR HAZE
[NO. OF DAYS WITH] [WEATHER - DAYS WITH] 9 = BLOWING SNOW
X = TORNADO
MAX 32 OR BELOW: 0 0.01 INCH OR MORE: 8
MAX 90 OR ABOVE: 7 0.10 INCH OR MORE: 5
MIN 32 OR BELOW: 0 0.50 INCH OR MORE: 2
MIN 0 OR BELOW: 0 1.00 INCH OR MORE: 0
[HDD (BASE 65) ]
TOTAL THIS MO. 0 CLEAR (SCALE 0-3) 30
DPTR FM NORMAL -13 PTCLDY (SCALE 4-7) 0
TOTAL FM JUL 1 5158 CLOUDY (SCALE 8-10) 0
DPTR FM NORMAL -349
[CDD (BASE 65) ]
TOTAL THIS MO. 353
DPTR FM NORMAL 120 [PRESSURE DATA]
TOTAL FM JAN 1 420 HIGHEST SLP M ON M
DPTR FM NORMAL 108 LOWEST SLP 29.38 ON 9
[REMARKS]
#FINAL-06-20#