000
CXUS54 KLUB 011312
CF6CDS
PRELIMINARY LOCAL CLIMATOLOGICAL DATA (WS FORM: F-6)
STATION: CHILDRESS
MONTH: AUGUST
YEAR: 2020
LATITUDE: 34 25 N
LONGITUDE: 100 17 W
TEMPERATURE IN F: :PCPN: SNOW: WIND :SUNSHINE: SKY :PK WND
================================================================================
1 2 3 4 5 6A 6B 7 8 9 10 11 12 13 14 15 16 17 18
12Z AVG MX 2MIN
DY MAX MIN AVG DEP HDD CDD WTR SNW DPTH SPD SPD DIR MIN PSBL S-S WX SPD DR
================================================================================
1 96 67 82 -2 0 17 0.00 0.0 0 3.9 10 60 M M 1 14 50
2 98 67 83 0 0 18 T 0.0 0 5.5 17 190 M M 1 24 110
3 92 69 81 -2 0 16 0.19 0.0 0 6.8 14 130 M M 2 3 20 130
4 95 69 82 -1 0 17 0.00 0.0 0 12.4 20 130 M M 0 29 120
5 90 65 78 -5 0 13 0.08 0.0 0 11.1 21 20 M M 1 3 29 130
6 98 71 85 2 0 20 T 0.0 0 11.8 23 160 M M 1 1 30 160
7 101 76 89 6 0 24 0.00 0.0 0 13.8 23 200 M M 0 33 160
8 102 77 90 7 0 25 0.00 0.0 0 14.7 24 210 M M 0 33 180
9 101 75 88 5 0 23 0.00 0.0 0 13.0 24 220 M M 0 32 210
10 101 77 89 6 0 24 0.00 0.0 0 12.1 24 30 M M 0 30 30
11 99 72 86 3 0 21 0.22 0.0 0 7.1 29 190 M M 1 3 33 190
12 104 72 88 5 0 23 0.00 0.0 0 10.1 22 190 M M 0 28 190
13 109 77 93 10 0 28 0.00 0.0 0 9.2 22 220 M M 0 31 200
14 105 73 89 6 0 24 0.00 0.0 0 6.5 22 230 M M 0 28 230
15 102 76 89 7 0 24 0.00 0.0 0 8.0 15 130 M M 0 20 130
16 99 65 82 0 0 17 2.38 0.0 0 10.0 41 320 M M 2 123 49 320
17 94 68 81 -1 0 16 0.01 0.0 0 5.2 17 30 M M 1 3 25 20
18 95 71 83 1 0 18 0.00 0.0 0 4.5 10 130 M M 1 14 130
19 88 67 78 -4 0 13 T 0.0 0 7.2 16 140 M M 1 19 130
20 89 69 79 -3 0 14 T 0.0 0 7.1 15 130 M M 2 20 170
21 92 66 79 -3 0 14 0.00 0.0 0 8.2 17 140 M M 1 22 140
22 94 68 81 -1 0 16 T 0.0 0 8.0 15 140 M M 2 3 19 130
23 94 68 81 0 0 16 0.00 0.0 0 8.2 14 150 M M 0 18 110
24 94 66 80 -1 0 15 0.00 0.0 0 7.2 15 130 M M 0 20 150
25 94 69 82 1 0 17 0.00 0.0 0 6.7 15 130 M M 0 20 160
26 95 68 82 1 0 17 0.00 0.0 0 8.0 18 130 M M 0 24 130
27 97 69 83 3 0 18 0.00 0.0 0 8.1 16 140 M M 0 23 140
28 107 69 88 8 0 23 0.00 0.0 0 7.9 14 210 M M 0 18 200
29 97 70 84 4 0 19 0.82 0.0 0 10.9 33 350 M M 0 13 43 360
30 94 70 82 2 0 17 0.14 0.0 0 8.2 23 30 M M 2 13 31 40
31 90 72 81 1 0 16 T 0.0 0 6.3 17 360 M M 1 20 160
================================================================================
SM 3006 2178 0 583 3.84 0.0 267.7 M 20
================================================================================
AV 97.0 70.3 8.6 FASTST M M 1 MAX(MPH)
MISC ----> 41 320 49 320
================================================================================
NOTES:
# LAST OF SEVERAL OCCURRENCES
COLUMN 17 PEAK WIND IN M.P.H.
PRELIMINARY LOCAL CLIMATOLOGICAL DATA (WS FORM: F-6) , PAGE 2
STATION: CHILDRESS
MONTH: AUGUST
YEAR: 2020
LATITUDE: 34 25 N
LONGITUDE: 100 17 W
[TEMPERATURE DATA] [PRECIPITATION DATA] SYMBOLS USED IN COLUMN 16
AVERAGE MONTHLY: 83.6 TOTAL FOR MONTH: 3.84 1 = FOG OR MIST
DPTR FM NORMAL: 1.5 DPTR FM NORMAL: 1.22 2 = FOG REDUCING VISIBILITY
HIGHEST: 109 ON 13 GRTST 24HR 2.39 ON 16-17 TO 1/4 MILE OR LESS
LOWEST: 65 ON 16, 5 3 = THUNDER
SNOW, ICE PELLETS, HAIL 4 = ICE PELLETS
TOTAL MONTH: 0.0 INCH 5 = HAIL
GRTST 24HR 0.0 6 = FREEZING RAIN OR DRIZZLE
GRTST DEPTH: 0 7 = DUSTSTORM OR SANDSTORM:
VSBY 1/2 MILE OR LESS
8 = SMOKE OR HAZE
[NO. OF DAYS WITH] [WEATHER - DAYS WITH] 9 = BLOWING SNOW
X = TORNADO
MAX 32 OR BELOW: 0 0.01 INCH OR MORE: 7
MAX 90 OR ABOVE: 29 0.10 INCH OR MORE: 5
MIN 32 OR BELOW: 0 0.50 INCH OR MORE: 2
MIN 0 OR BELOW: 0 1.00 INCH OR MORE: 1
[HDD (BASE 65) ]
TOTAL THIS MO. 0 CLEAR (SCALE 0-3) 31
DPTR FM NORMAL 0 PTCLDY (SCALE 4-7) 0
TOTAL FM JUL 1 0 CLOUDY (SCALE 8-10) 0
DPTR FM NORMAL 0
[CDD (BASE 65) ]
TOTAL THIS MO. 583
DPTR FM NORMAL 54 [PRESSURE DATA]
TOTAL FM JAN 1 2083 HIGHEST SLP 30.33 ON 16
DPTR FM NORMAL 252 LOWEST SLP 29.59 ON 30
[REMARKS]
#FINAL-08-20#