000
CXUS55 KGJT 010910
CF6CEZ
PRELIMINARY LOCAL CLIMATOLOGICAL DATA (WS FORM: F-6)
STATION: CORTEZ CO
MONTH: JULY
YEAR: 2022
LATITUDE: 37 17 N
LONGITUDE: 108 38 W
TEMPERATURE IN F: :PCPN: SNOW: WIND :SUNSHINE: SKY :PK WND
================================================================================
1 2 3 4 5 6A 6B 7 8 9 10 11 12 13 14 15 16 17 18
12Z AVG MX 2MIN
DY MAX MIN AVG DEP HDD CDD WTR SNW DPTH SPD SPD DIR MIN PSBL S-S WX SPD DR
================================================================================
1 86 57 72 2 0 7 0.00 M M 6.6 22 300 M M 2 28 20
2 90 54 72 2 0 7 0.00 M M 7.4 32 140 M M 1 3 47 140
3 85 64 75 4 0 10 0.01 M M 10.9 31 140 M M 6 3 45 140
4 88 55 72 1 0 7 0.00 M M 5.0 18 200 M M 2 3 23 190
5 80 57 69 -2 0 4 0.07 M M 5.5 22 80 M M 4 3 29 70
6 85 51 68 -3 0 3 0.00 M M 5.2 23 200 M M 0 3 30 200
7 91 53 72 0 0 7 0.04 M M 5.8 16 280 M M 2 1 25 310
8 94 45 70 -2 0 5 0.00 M M 5.5 16 220 M M 0 23 190
9 98 48 73 1 0 8 0.00 M M 5.7 16 210 M M 0 23 210
10 96 58 77 5 0 12 0.00 M M 6.3 25 20 M M 0 37 10
11 97 56 77 5 0 12 T M M 6.6 22 80 M M 0 30 80
12 95 56 76 4 0 11 T M M 4.9 25 150 M M 1 3 39 40
13 94 55 75 3 0 10 0.00 M M 3.7 15 230 M M 0 3 20 230
14 96 59 78 6 0 13 T M M 6.7 17 210 M M 1 3 27 60
15 95 61 78 5 0 13 0.00 M M 8.1 23 190 M M 1 28 200
16 96 61 79 6 0 14 0.00 M M 6.4 22 360 M M 0 32 10
17 99 57 78 5 0 13 0.00 M M 5.9 24 120 M M 1 3 32 120
18 97 62 80 7 0 15 0.00 M M 6.2 20 290 M M 1 28 290
19 98 59 79 6 0 14 0.00 M M 7.7 21 300 M M 0 31 260
20 98 59 79 6 0 14 T M M 7.3 32 300 M M 0 8 44 320
21 100 56 78 5 0 13 0.00 M M 5.1 20 290 M M 1 28 270
22 101 54 78 5 0 13 0.00 M M 5.7 17 220 M M 0 3 26 140
23 98 63 81 8 0 16 0.02 M M 7.4 25 160 M M 1 3 35 200
24 89 64 77 4 0 12 0.06 M M 6.0 20 10 M M 5 3 28 330
25 87 62 75 2 0 10 0.00 M M 5.6 25 50 M M 4 34 30
26 83 59 71 -2 0 6 0.01 M M 5.3 18 220 M M 5 3 28 220
27 87 60 74 1 0 9 T M M 3.4 20 40 M M 5 3 27 50
28 86 58 72 -1 0 7 0.14 M M 4.5 24 150 M M 5 13 33 140
29 79 62 71 -2 0 6 T M M 3.5 18 80 M M 8 3 23 80
30 82 60 71 -2 0 6 0.11 M M 2.8 15 330 M M 8 13 20 320
31 83 60 72 0 0 7 0.00 M M 4.6 23 60 M M 5 13 30 50
================================================================================
SM 2833 1785 0 304 0.46 M 181.3 M 69
================================================================================
AV 91.4 57.6 5.8 FASTST M M 2 MAX(MPH)
MISC ----> # 32 140 47 140
================================================================================
NOTES:
# LAST OF SEVERAL OCCURRENCES
COLUMN 17 PEAK WIND IN M.P.H.
PRELIMINARY LOCAL CLIMATOLOGICAL DATA (WS FORM: F-6) , PAGE 2
STATION: CORTEZ CO
MONTH: JULY
YEAR: 2022
LATITUDE: 37 17 N
LONGITUDE: 108 38 W
[TEMPERATURE DATA] [PRECIPITATION DATA] SYMBOLS USED IN COLUMN 16
AVERAGE MONTHLY: 74.5 TOTAL FOR MONTH: 0.46 1 = FOG OR MIST
DPTR FM NORMAL: 2.3 DPTR FM NORMAL: -0.68 2 = FOG REDUCING VISIBILITY
HIGHEST: 101 ON 22 GRTST 24HR 0.14 ON 28-28 TO 1/4 MILE OR LESS
LOWEST: 45 ON 8 3 = THUNDER
SNOW, ICE PELLETS, HAIL 4 = ICE PELLETS
TOTAL MONTH: M 5 = HAIL
GRTST 24HR M ON M 6 = FREEZING RAIN OR DRIZZLE
GRTST DEPTH: M ON M 7 = DUSTSTORM OR SANDSTORM:
VSBY 1/2 MILE OR LESS
8 = SMOKE OR HAZE
[NO. OF DAYS WITH] [WEATHER - DAYS WITH] 9 = BLOWING SNOW
X = TORNADO
MAX 32 OR BELOW: 0 0.01 INCH OR MORE: 8
MAX 90 OR ABOVE: 18 0.10 INCH OR MORE: 2
MIN 32 OR BELOW: 0 0.50 INCH OR MORE: 0
MIN 0 OR BELOW: 0 1.00 INCH OR MORE: 0
[HDD (BASE 65) ]
TOTAL THIS MO. 0 CLEAR (SCALE 0-3) 21
DPTR FM NORMAL -2 PTCLDY (SCALE 4-7) 9
TOTAL FM JUL 1 0 CLOUDY (SCALE 8-10) 1
DPTR FM NORMAL 0
[CDD (BASE 65) ]
TOTAL THIS MO. 304
DPTR FM NORMAL 79 [PRESSURE DATA]
TOTAL FM JAN 1 445 HIGHEST SLP M ON M
DPTR FM NORMAL 139 LOWEST SLP 29.75 ON 22
[REMARKS]
#FINAL-07-22#