000
CXUS55 KGJT 011151
CLMCEZ
CLIMATE REPORT
NATIONAL WEATHER SERVICE GRAND JUNCTION CO
551 AM MDT SAT APR 01 2023
...................................
...THE CORTEZ CO CLIMATE SUMMARY FOR THE MONTH OF MARCH 2023...
CLIMATE NORMAL PERIOD 1991 TO 2020
CLIMATE RECORD PERIOD 9999 TO 9999
WEATHER OBSERVED NORMAL DEPART LAST YEAR`S
VALUE DATE(S) VALUE FROM VALUE DATE(S)
NORMAL
................................................................
TEMPERATURE (F)
HIGHEST 64 03/29 MM MM 77 03/26
LOWEST 12 03/25 MM MM 16 03/11
03/19
03/23
AVG. MAXIMUM 47.4 56.7 -9.3 56.0
AVG. MINIMUM 25.3 24.1 1.2 23.5
MEAN 36.3 40.4 -4.1 39.7
DAYS MAX >= 90 0 0.0 0.0 0
DAYS MAX <= 32 0 0.1 -0.1 0
DAYS MIN <= 32 28 28.0 0.0 29
DAYS MIN <= 0 0 0.1 -0.1 0
PRECIPITATION (INCHES)
TOTALS 3.44 0.84 2.60 0.92
DAILY AVG. 0.11 0.03 0.08 0.03
DAYS >= .01 15 5.9 9.1 7
DAYS >= .10 9 2.5 6.5 3
DAYS >= .50 2 0.1 1.9 0
DAYS >= 1.00 0 0.0 0.0 0
GREATEST
24 HR. TOTAL 0.79 03/15 TO 03/15 0.55
SNOWFALL (INCHES)
TOTALS MM MM MM MM
SINCE 7/1 MM MM MM MM
SNOWDEPTH AVG. MM MM
DAYS >= 1.0 MM MM MM MM
GREATEST
SNOW DEPTH MM MM MM
24 HR TOTAL MM MM
DEGREE DAYS
HEATING TOTAL 881 763 118 776
SINCE 7/1 5622 5414 208 MM
COOLING TOTAL 0 0 0 0
SINCE 1/1 0 0 0 MM
................................................................
WIND (MPH)
AVERAGE WIND SPEED 6.5
HIGHEST WIND SPEED/DIRECTION 43/200 DATE 03/30
HIGHEST GUST SPEED/DIRECTION 54/210 DATE 03/30
SKY COVER
POSSIBLE SUNSHINE (PERCENT) MM
AVERAGE SKY COVER 0.44
NUMBER OF DAYS FAIR 15
NUMBER OF DAYS PC 7
NUMBER OF DAYS CLOUDY 9
AVERAGE RH (PERCENT) 64
WEATHER CONDITIONS. NUMBER OF DAYS WITH
THUNDERSTORM 2 MIXED PRECIP 0
HEAVY RAIN 4 RAIN 4
LIGHT RAIN 11 FREEZING RAIN 0
LT FREEZING RAIN 0 HAIL 0
HEAVY SNOW 3 SNOW 5
LIGHT SNOW 12 SLEET 0
FOG 16 FOG W/VIS <= 1/4 MILE 5
HAZE 2
- INDICATES NEGATIVE NUMBERS.
R INDICATES RECORD WAS SET OR TIED.
MM INDICATES DATA IS MISSING.
T INDICATES TRACE AMOUNT.
$$