000
CXUS53 KPAH 011322
CF6CGI
PRELIMINARY LOCAL CLIMATOLOGICAL DATA (WS FORM: F-6)
STATION: CAPE GIRARDEAU MO
MONTH: SEPTEMBER
YEAR: 2022
LATITUDE: 37 13 N
LONGITUDE: 89 35 W
TEMPERATURE IN F: :PCPN: SNOW: WIND :SUNSHINE: SKY :PK WND
================================================================================
1 2 3 4 5 6A 6B 7 8 9 10 11 12 13 14 15 16 17 18
12Z AVG MX 2MIN
DY MAX MIN AVG DEP HDD CDD WTR SNW DPTH SPD SPD DIR MIN PSBL S-S WX SPD DR
================================================================================
1 86 56 71 -3 0 6 0.00 M M 2.0 9 120 M M 2 12 12 120
2 82 60 71 -3 0 6 0.00 M M 2.1 8 320 M M 1 12 10 290
3 80 70 75 1 0 10 0.58 M M 5.5 13 50 M M 9 13 17 50
4 84 67 76 2 0 11 0.00 M M 4.5 10 350 M M 7 1 13 40
5 87 68 78 5 0 13 0.00 M M 2.3 12 320 M M 8 13 14 330
6 86 67 77 4 0 12 0.00 M M 5.0 14 20 M M 6 1 17 20
7 86 63 75 2 0 10 0.00 M M 6.0 17 60 M M 2 1 22 70
8 85 58 72 0 0 7 0.00 M M 4.1 13 60 M M 1 12 20 60
9 86 53 70 -2 0 5 0.00 M M 2.3 10 50 M M 2 12 16 150
10 86 66 76 4 0 11 0.00 M M 3.6 13 130 M M 3 1 17 120
11 80 52 66 -5 0 1 0.00 M M 6.2 18 320 M M 7 1 26 320
12 83 46 65 -6 0 0 0.00 M M 5.3 18 280 M M 2 12 27 270
13 86 49 68 -3 0 3 0.00 M M 2.3 13 360 M M 0 17 320
14 86 48 67 -3 0 2 0.00 M M 2.2 9 110 M M 0 128 13 140
15 87 52 70 0 0 5 0.00 M M 3.2 12 120 M M 1 12 16 100
16 88 55 72 2 0 7 0.00 M M 3.8 13 170 M M 1 12 16 180
17 87 59 73 4 0 8 0.00 M M 6.2 15 180 M M 2 31 220
18 91 62 77 8 0 12 0.00 M M 6.0 15 190 M M 1 23 200
19 96 66 81 12 0 16 0.00 M M 3.7 12 200 M M 0 15 180
20 100 65 83 15 0 18 0.00 M M 2.4 10 220 M M 0 18 14 210
21 100 63 82 14 0 17 0.05 M M 4.9 18 350 M M 3 18 27 350
22 75 53 64 -4 1 0 T M M 10.9 21 10 M M 4 28 10
23 77 52 65 -2 0 0 0.00 M M 6.7 13 100 M M 2 19 130
24 91 59 75 8 0 10 T M M 4.3 13 250 M M 2 18 250
25 84 51 68 2 0 3 0.00 M M 8.3 22 330 M M 1 1 31 270
26 77 42 60 -6 5 0 0.00 M M 7.6 21 330 M M 0 32 300
27 79 38 59 -7 6 0 0.00 M M 5.1 18 360 M M 0 8 25 340
28 71 39 55 -10 10 0 0.00 M M 6.7 18 70 M M 0 26 50
29 73 38 56 -9 9 0 0.00 M M 6.0 16 20 M M 0 25 360
30 76 36 56 -9 9 0 0.00 M M 5.6 17 40 M M 0 1 23 40
================================================================================
SM 2535 1653 40 193 0.63 M 144.8 M 67
================================================================================
AV 84.5 55.1 4.8 FASTST M M 2 MAX(MPH)
MISC ----> 22 330 32 300
================================================================================
NOTES:
# LAST OF SEVERAL OCCURRENCES
COLUMN 17 PEAK WIND IN M.P.H.
PRELIMINARY LOCAL CLIMATOLOGICAL DATA (WS FORM: F-6) , PAGE 2
STATION: CAPE GIRARDEAU MO
MONTH: SEPTEMBER
YEAR: 2022
LATITUDE: 37 13 N
LONGITUDE: 89 35 W
[TEMPERATURE DATA] [PRECIPITATION DATA] SYMBOLS USED IN COLUMN 16
AVERAGE MONTHLY: 69.8 TOTAL FOR MONTH: 0.63 1 = FOG OR MIST
DPTR FM NORMAL: 0.1 DPTR FM NORMAL: -2.98 2 = FOG REDUCING VISIBILITY
HIGHEST: 100 ON 21,20 GRTST 24HR 0.58 ON 3- 3 TO 1/4 MILE OR LESS
LOWEST: 36 ON 30 3 = THUNDER
SNOW, ICE PELLETS, HAIL 4 = ICE PELLETS
TOTAL MONTH: M 5 = HAIL
GRTST 24HR M ON M 6 = FREEZING RAIN OR DRIZZLE
GRTST DEPTH: M ON M 7 = DUSTSTORM OR SANDSTORM:
VSBY 1/2 MILE OR LESS
8 = SMOKE OR HAZE
[NO. OF DAYS WITH] [WEATHER - DAYS WITH] 9 = BLOWING SNOW
X = TORNADO
MAX 32 OR BELOW: 0 0.01 INCH OR MORE: 2
MAX 90 OR ABOVE: 5 0.10 INCH OR MORE: 1
MIN 32 OR BELOW: 0 0.50 INCH OR MORE: 1
MIN 0 OR BELOW: 0 1.00 INCH OR MORE: 0
[HDD (BASE 65) ]
TOTAL THIS MO. 40 CLEAR (SCALE 0-3) 23
DPTR FM NORMAL 3 PTCLDY (SCALE 4-7) 6
TOTAL FM JUL 1 40 CLOUDY (SCALE 8-10) 1
DPTR FM NORMAL 3
[CDD (BASE 65) ]
TOTAL THIS MO. 193
DPTR FM NORMAL 14 [PRESSURE DATA]
TOTAL FM JAN 1 1672 HIGHEST SLP 30.44 ON 29
DPTR FM NORMAL 148 LOWEST SLP 29.83 ON 25
[REMARKS]
#FINAL-09-22#