000
CXUS52 KCHS 010815
CF6CHS
PRELIMINARY LOCAL CLIMATOLOGICAL DATA (WS FORM: F-6)
STATION: NORTH CHARLESTON SC
MONTH: SEPTEMBER
YEAR: 2020
LATITUDE: 32 54 N
LONGITUDE: 80 2 W
TEMPERATURE IN F: :PCPN: SNOW: WIND :SUNSHINE: SKY :PK WND
================================================================================
1 2 3 4 5 6A 6B 7 8 9 10 11 12 13 14 15 16 17 18
12Z AVG MX 2MIN
DY MAX MIN AVG DEP HDD CDD WTR SNW DPTH SPD SPD DIR MIN PSBL S-S WX SPD DR
================================================================================
1 94 77 86 7 0 21 0.00 0.0 0 3.3 13 170 M M 4 15 190
2 95 79 87 8 0 22 0.00 0.0 0 6.1 15 210 M M 2 17 210
3 94 81 88 9 0 23 0.00 0.0 0 8.1 14 250 M M 3 18 270
4 96 77 87 8 0 22 0.00 0.0 0 6.6 13 280 M M 2 16 270
5 93 74 84 6 0 19 T 0.0 0 7.8 15 40 M M 5 19 30
6 87 72 80 2 0 15 0.00 0.0 0 9.3 14 60 M M 7 19 70
7 85 70 78 0 0 13 0.00 0.0 0 7.5 16 40 M M 7 19 30
8 84 69 77 -1 0 12 T 0.0 0 7.8 14 40 M M 7 23 30
9 87 73 80 2 0 15 0.06 0.0 0 8.7 16 60 M M 8 20 40
10 91 76 84 6 0 19 0.13 0.0 0 4.7 15 110 M M 8 1238 19 100
11 90 76 83 6 0 18 T 0.0 0 6.2 14 130 M M 6 123 18 150
12 88 76 82 5 0 17 0.13 0.0 0 8.7 20 60 M M 6 13 23 60
13 89 73 81 4 0 16 0.00 0.0 0 6.0 12 50 M M 5 15 50
14 90 73 82 5 0 17 0.00 0.0 0 6.4 14 20 M M 4 1 17 20
15 82 72 77 1 0 12 0.00 0.0 0 11.4 18 40 M M 7 8 23 40
16 77 68 73 -3 0 8 3.01 0.0 0 9.2 17 50 M M 10 138 22 30
17 87 75 81 5 0 16 1.62 0.0 0 13.1 30 180 M M 8 138 38 170
18 80 72 76 0 0 11 0.01 0.0 0 9.3 17 20 M M 9 1 23 50
19 76 61 69 -6 0 4 0.00 0.0 0 14.2 23 30 M M 8 29 30
20 76 58 67 -8 0 2 T 0.0 0 13.7 21 30 M M 6 25 30
21 76 56 66 -9 0 1 0.00 0.0 0 13.5 21 40 M M 4 25 40
22 75 53 64 -10 1 0 0.00 0.0 0 6.0 15 30 M M 2 20 40
23 78 52 65 -9 0 0 0.00 0.0 0 2.1 8 150 M M 5 1 11 240
24 82 59 71 -3 0 6 0.00 0.0 0 4.9 15 140 M M 7 22 80
25 83 72 78 4 0 13 0.57 0.0 0 6.6 16 180 M M 8 13 21 180
26 84 69 77 4 0 12 T 0.0 0 4.4 12 330 M M 5 1 14 290
27 82 66 74 1 0 9 0.03 0.0 0 3.3 9 130 M M 8 1 11 270
28 77 70 74 1 0 9 1.17 0.0 0 6.5 21 180 M M 9 1 26 180
29 86 62 74 2 0 9 0.41 0.0 0 8.1 32 300 M M 7 1 38 300
30 77 57 67 -5 0 2 T 0.0 0 5.7 13 290 M M 3 18 250
================================================================================
SM 2541 2068 1 363 7.14 0.0 229.2 M 180
================================================================================
AV 84.7 68.9 7.6 FASTST M M 6 MAX(MPH)
MISC ----> 32 300 # 38 170
================================================================================
NOTES:
# LAST OF SEVERAL OCCURRENCES
COLUMN 17 PEAK WIND IN M.P.H.
PRELIMINARY LOCAL CLIMATOLOGICAL DATA (WS FORM: F-6) , PAGE 2
STATION: NORTH CHARLESTON SC
MONTH: SEPTEMBER
YEAR: 2020
LATITUDE: 32 54 N
LONGITUDE: 80 2 W
[TEMPERATURE DATA] [PRECIPITATION DATA] SYMBOLS USED IN COLUMN 16
AVERAGE MONTHLY: 76.8 TOTAL FOR MONTH: 7.14 1 = FOG OR MIST
DPTR FM NORMAL: 0.8 DPTR FM NORMAL: 1.04 2 = FOG REDUCING VISIBILITY
HIGHEST: 96 ON 4 GRTST 24HR 3.26 ON 16-17 TO 1/4 MILE OR LESS
LOWEST: 52 ON 23 3 = THUNDER
SNOW, ICE PELLETS, HAIL 4 = ICE PELLETS
TOTAL MONTH: 0.0 INCH 5 = HAIL
GRTST 24HR 0.0 6 = FREEZING RAIN OR DRIZZLE
GRTST DEPTH: 0 7 = DUSTSTORM OR SANDSTORM:
VSBY 1/2 MILE OR LESS
8 = SMOKE OR HAZE
[NO. OF DAYS WITH] [WEATHER - DAYS WITH] 9 = BLOWING SNOW
X = TORNADO
MAX 32 OR BELOW: 0 0.01 INCH OR MORE: 10
MAX 90 OR ABOVE: 8 0.10 INCH OR MORE: 7
MIN 32 OR BELOW: 0 0.50 INCH OR MORE: 4
MIN 0 OR BELOW: 0 1.00 INCH OR MORE: 3
[HDD (BASE 65) ]
TOTAL THIS MO. 1 CLEAR (SCALE 0-3) 5
DPTR FM NORMAL -2 PTCLDY (SCALE 4-7) 20
TOTAL FM JUL 1 1 CLOUDY (SCALE 8-10) 5
DPTR FM NORMAL 1
[CDD (BASE 65) ]
TOTAL THIS MO. 363
DPTR FM NORMAL 30 [PRESSURE DATA]
TOTAL FM JAN 1 2353 HIGHEST SLP 30.33 ON 21
DPTR FM NORMAL 215 LOWEST SLP 29.69 ON 29
[REMARKS]
#FINAL-09-20#